000
CXUS54 KFWD 010730
CF6TKI
PRELIMINARY LOCAL CLIMATOLOGICAL DATA (WS FORM: F-6)
STATION: MCKINNEY
MONTH: OCTOBER
YEAR: 2022
LATITUDE: 33 10 N
LONGITUDE: 96 35 W
TEMPERATURE IN F: :PCPN: SNOW: WIND :SUNSHINE: SKY :PK WND
================================================================================
1 2 3 4 5 6A 6B 7 8 9 10 11 12 13 14 15 16 17 18
12Z AVG MX 2MIN
DY MAX MIN AVG DEP HDD CDD WTR SNW DPTH SPD SPD DIR MIN PSBL S-S WX SPD DR
================================================================================
1 84 45 65 -7 0 0 0.00 M M 3.0 13 110 M M 0 18 120
2 85 47 66 -5 0 1 0.00 M M 2.9 13 70 M M 0 17 40
3 86 48 67 -4 0 2 0.00 M M 2.8 13 160 M M 0 17 120
4 86 50 68 -3 0 3 0.00 M M 3.2 12 170 M M 0 17 160
5 87 50 69 -1 0 4 0.00 M M 3.3 10 140 M M 0 15 160
6 91 54 73 3 0 8 0.00 M M 1.9 12 360 M M 0 15 280
7 89 56 73 3 0 8 0.00 M M 6.2 18 340 M M 3 26 340
8 77 57 67 -2 0 2 T M M 7.4 14 30 M M 6 19 340
9 81 54 68 -1 0 3 0.00 M M 1.6 8 150 M M 2 12 130
10 86 57 72 4 0 7 0.00 M M 6.7 17 160 M M 0 26 140
11 83 61 72 4 0 7 T M M 11.1 24 190 M M 4 30 170
12 93 65 79 11 0 14 0.00 M M 10.3 18 20 M M 1 30 290
13 82 50 66 -1 0 1 0.00 M M 6.3 16 340 M M 0 21 330
14 86 45 66 -1 0 1 0.00 M M 5.4 18 230 M M 0 8 25 200
15 91 64 78 12 0 13 0.00 M M 9.9 17 180 M M 0 25 200
16 79 63 71 5 0 6 0.46 M M 9.7 31 360 M M 7 13 39 360
17 69 46 58 -8 7 0 0.00 M M 9.9 21 360 M M 2 28 360
18 63 40 52 -13 13 0 0.00 M M 8.4 22 360 M M 0 27 10
19 65 32 49 -16 16 0 0.00 M M 3.5 12 150 M M 0 15 160
20 81 44 63 -1 2 0 0.00 M M 6.1 15 280 M M 0 20 250
21 89 44 67 3 0 2 0.00 M M 8.6 22 170 M M 0 28 200
22 85 63 74 10 0 9 0.00 M M 20.5 35 190 M M 0 43 190
23 85 69 77 14 0 12 0.00 M M 21.8 35 170 M M 4 46 170
24 76 61 69 6 0 4 2.68 M M 11.1 25 280 M M 9 123 38 210
25 68 46 57 -6 8 0 T M M 13.3 33 270 M M 3 48 270
26 72 41 57 -5 8 0 0.00 M M 4.1 12 110 M M 0 20 110
27 73 43 58 -4 7 0 0.00 M M 7.1 17 150 M M 0 23 150
28 61 51 56 -6 9 0 2.06 M M 10.2 30 30 M M 10 13 41 10
29 64 54 59 -2 6 0 0.15 M M 10.5 20 330 M M 10 1 27 350
30 73 51 62 1 3 0 0.00 M M 5.5 16 310 M M 1 1 21 310
31 77 46 62 2 3 0 0.00 M M 1.7 7 270 M M 0 1 10 270
================================================================================
SM 2467 1597 82 107 5.35 M 234.0 M 62
================================================================================
AV 79.6 51.5 7.5 FASTST M M 2 MAX(MPH)
MISC ----> # 35 190 48 270
================================================================================
NOTES:
# LAST OF SEVERAL OCCURRENCES
COLUMN 17 PEAK WIND IN M.P.H.
PRELIMINARY LOCAL CLIMATOLOGICAL DATA (WS FORM: F-6) , PAGE 2
STATION: MCKINNEY
MONTH: OCTOBER
YEAR: 2022
LATITUDE: 33 10 N
LONGITUDE: 96 35 W
[TEMPERATURE DATA] [PRECIPITATION DATA] SYMBOLS USED IN COLUMN 16
AVERAGE MONTHLY: 65.5 TOTAL FOR MONTH: 5.35 1 = FOG OR MIST
DPTR FM NORMAL: -0.5 DPTR FM NORMAL: 0.94 2 = FOG REDUCING VISIBILITY
HIGHEST: 93 ON 12 GRTST 24HR 2.68 ON 24-24 TO 1/4 MILE OR LESS
LOWEST: 32 ON 19 3 = THUNDER
SNOW, ICE PELLETS, HAIL 4 = ICE PELLETS
TOTAL MONTH: M 5 = HAIL
GRTST 24HR M ON M 6 = FREEZING RAIN OR DRIZZLE
GRTST DEPTH: M ON M 7 = DUSTSTORM OR SANDSTORM:
VSBY 1/2 MILE OR LESS
8 = SMOKE OR HAZE
[NO. OF DAYS WITH] [WEATHER - DAYS WITH] 9 = BLOWING SNOW
X = TORNADO
MAX 32 OR BELOW: 0 0.01 INCH OR MORE: 4
MAX 90 OR ABOVE: 3 0.10 INCH OR MORE: 4
MIN 32 OR BELOW: 1 0.50 INCH OR MORE: 2
MIN 0 OR BELOW: 0 1.00 INCH OR MORE: 2
[HDD (BASE 65) ]
TOTAL THIS MO. 82 CLEAR (SCALE 0-3) 22
DPTR FM NORMAL -8 PTCLDY (SCALE 4-7) 6
TOTAL FM JUL 1 82 CLOUDY (SCALE 8-10) 3
DPTR FM NORMAL -13
[CDD (BASE 65) ]
TOTAL THIS MO. 107
DPTR FM NORMAL -16 [PRESSURE DATA]
TOTAL FM JAN 1 2886 HIGHEST SLP M ON M
DPTR FM NORMAL 378 LOWEST SLP 29.62 ON 24
[REMARKS]
#FINAL-10-22#