000
CXUS54 KFWD 010831
CF6TKI
PRELIMINARY LOCAL CLIMATOLOGICAL DATA (WS FORM: F-6)
STATION: MCKINNEY
MONTH: JANUARY
YEAR: 2021
LATITUDE: 33 10 N
LONGITUDE: 96 35 W
TEMPERATURE IN F: :PCPN: SNOW: WIND :SUNSHINE: SKY :PK WND
================================================================================
1 2 3 4 5 6A 6B 7 8 9 10 11 12 13 14 15 16 17 18
12Z AVG MX 2MIN
DY MAX MIN AVG DEP HDD CDD WTR SNW DPTH SPD SPD DIR MIN PSBL S-S WX SPD DR
================================================================================
1 40 36 38 -5 27 0 T M M 11.1 18 310 M M 10 1 26 290
2 53 35 44 1 21 0 0.00 M M 6.6 15 350 M M 5 21 350
3 63 33 48 5 17 0 0.00 M M 6.7 16 230 M M 0 22 230
4 66 32 49 6 16 0 0.00 M M 3.2 13 330 M M 0 16 10
5 65 31 48 5 17 0 0.00 M M 6.3 16 160 M M 1 21 150
6 56 44 50 7 15 0 0.04 M M 10.6 18 320 M M 10 1 25 340
7 51 40 46 3 19 0 T M M 13.4 24 330 M M 10 33 330
8 49 32 41 -2 24 0 0.00 M M 8.1 14 360 M M 6 21 350
9 48 25 37 -6 28 0 0.00 M M 4.0 12 30 M M 0 1 15 30
10 36 32 34 -9 31 0 0.04 M M 5.7 14 350 M M 9 18 18 360
11 49 29 39 -4 26 0 0.00 M M 4.2 13 340 M M 4 8 20 20
12 52 24 38 -5 27 0 0.00 M M 4.1 15 240 M M 0 18 250
13 62 27 45 2 20 0 0.00 M M 8.2 17 190 M M 0 1 23 190
14 64 32 48 5 17 0 0.00 M M 12.3 32 360 M M 0 52 20
15 51 39 45 2 20 0 0.00 M M 17.9 36 320 M M 0 50 310
16 55 32 44 1 21 0 0.00 M M 6.0 14 270 M M 0 19 250
17 59 29 44 1 21 0 0.00 M M 6.2 21 300 M M 4 28 290
18 68 30 49 6 16 0 T M M 7.9 24 190 M M 3 32 170
19 56 48 52 8 13 0 0.30 M M 10.6 18 30 M M 10 1 26 10
20 48 44 46 2 19 0 0.27 M M 4.6 15 180 M M 10 1 20 20
21 53 44 49 5 16 0 T M M 4.5 13 170 M M 5 12 17 170
22 52 47 50 6 15 0 0.00 M M 6.2 14 50 M M 10 12 21 40
23 54 45 50 6 15 0 0.03 M M 6.7 13 140 M M 10 1 18 140
24 60 49 55 11 10 0 0.16 M M 5.8 13 150 M M 10 123 19 110
25 67 43 55 11 10 0 0.18 M M 10.9 26 310 M M 3 13 35 300
26 57 34 46 2 19 0 T M M 9.0 20 350 M M 1 26 360
27 48 31 40 -4 25 0 T M M 10.9 22 340 M M 2 8 29 320
28 48 25 37 -8 28 0 0.00 M M 3.7 10 160 M M 0 14 100
29 59 32 46 1 19 0 0.00 M M 7.5 20 170 M M 0 24 180
30 75 49 62 17 3 0 0.05 M M 18.6 35 250 M M 5 138 52 160
31 56 39 48 3 17 0 0.00 M M 14.3 30 330 M M 1 40 340
================================================================================
SM 1720 1112 592 0 1.07 M 255.8 M 129
================================================================================
AV 55.5 35.9 8.3 FASTST M M 4 MAX(MPH)
MISC ----> 36 320 # 52 20
================================================================================
NOTES:
# LAST OF SEVERAL OCCURRENCES
COLUMN 17 PEAK WIND IN M.P.H.
PRELIMINARY LOCAL CLIMATOLOGICAL DATA (WS FORM: F-6) , PAGE 2
STATION: MCKINNEY
MONTH: JANUARY
YEAR: 2021
LATITUDE: 33 10 N
LONGITUDE: 96 35 W
[TEMPERATURE DATA] [PRECIPITATION DATA] SYMBOLS USED IN COLUMN 16
AVERAGE MONTHLY: 45.7 TOTAL FOR MONTH: 1.07 1 = FOG OR MIST
DPTR FM NORMAL: 2.1 DPTR FM NORMAL: -1.47 2 = FOG REDUCING VISIBILITY
HIGHEST: 75 ON 30 GRTST 24HR 2.37 ON 31- 1 TO 1/4 MILE OR LESS
LOWEST: 24 ON 12 3 = THUNDER
SNOW, ICE PELLETS, HAIL 4 = ICE PELLETS
TOTAL MONTH: M 5 = HAIL
GRTST 24HR M ON M 6 = FREEZING RAIN OR DRIZZLE
GRTST DEPTH: M ON M 7 = DUSTSTORM OR SANDSTORM:
VSBY 1/2 MILE OR LESS
8 = SMOKE OR HAZE
[NO. OF DAYS WITH] [WEATHER - DAYS WITH] 9 = BLOWING SNOW
X = TORNADO
MAX 32 OR BELOW: 0 0.01 INCH OR MORE: 8
MAX 90 OR ABOVE: 0 0.10 INCH OR MORE: 4
MIN 32 OR BELOW: 15 0.50 INCH OR MORE: 0
MIN 0 OR BELOW: 0 1.00 INCH OR MORE: 0
[HDD (BASE 65) ]
TOTAL THIS MO. 592 CLEAR (SCALE 0-3) 15
DPTR FM NORMAL -72 PTCLDY (SCALE 4-7) 7
TOTAL FM JUL 1 1514 CLOUDY (SCALE 8-10) 9
DPTR FM NORMAL -190
[CDD (BASE 65) ]
TOTAL THIS MO. 0
DPTR FM NORMAL -1 [PRESSURE DATA]
TOTAL FM JAN 1 0 HIGHEST SLP 30.68 ON 28
DPTR FM NORMAL -1 LOWEST SLP 29.56 ON 25
[REMARKS]
#FINAL-01-21#