000
CXUS54 KFWD 010832
CF6TKI
PRELIMINARY LOCAL CLIMATOLOGICAL DATA (WS FORM: F-6)
STATION: MCKINNEY
MONTH: DECEMBER
YEAR: 2023
LATITUDE: 33 10 N
LONGITUDE: 96 35 W
TEMPERATURE IN F: :PCPN: SNOW: WIND :SUNSHINE: SKY :PK WND
================================================================================
1 2 3 4 5 6A 6B 7 8 9 10 11 12 13 14 15 16 17 18
12Z AVG MX 2MIN
DY MAX MIN AVG DEP HDD CDD WTR SNW DPTH SPD SPD DIR MIN PSBL S-S WX SPD DR
================================================================================
1 60 40 50 0 15 0 0.00 M M 7.6 17 290 M M 0 24 300
2 63 37 50 0 15 0 0.00 M M 4.1 12 140 M M 2 1 16 280
3 71 36 54 5 11 0 0.00 M M 8.0 20 330 M M 0 31 340
4 63 37 50 1 15 0 0.00 M M 4.0 12 350 M M 0 15 340
5 69 32 51 2 14 0 0.00 M M 3.7 13 350 M M 0 8 16 310
6 61 35 48 0 17 0 0.00 M M 5.5 13 150 M M 0 8 16 140
7 69 41 55 7 10 0 0.00 M M 13.8 28 190 M M 1 37 180
8 78 59 69 21 0 4 0.00 M M 15.1 25 180 M M 5 34 210
9 66 44 55 7 10 0 0.00 M M 13.4 23 350 M M 2 32 360
10 52 32 42 -6 23 0 0.00 M M 8.1 16 330 M M 0 23 330
11 62 30 46 -1 19 0 0.00 M M 5.2 13 140 M M 0 15 140
12 63 33 48 1 17 0 0.00 M M 4.0 13 170 M M 0 18 130
13 61 40 51 4 14 0 0.00 M M 6.4 17 120 M M 4 24 130
14 63 40 52 6 13 0 0.00 M M 7.7 16 130 M M 4 24 140
15 57 45 51 5 14 0 0.64 M M 7.6 20 140 M M 8 13 29 130
16 58 36 47 1 18 0 0.00 M M 8.1 20 300 M M 0 25 300
17 68 31 50 4 15 0 0.00 M M 3.1 13 170 M M 0 16 200
18 62 35 49 3 16 0 0.00 M M 9.0 21 20 M M 0 26 20
19 57 30 44 -2 21 0 0.00 M M 7.1 16 160 M M 0 22 150
20 65 44 55 10 10 0 0.00 M M 8.6 20 180 M M 4 24 180
21 60 55 58 13 7 0 0.51 M M 6.4 14 150 M M 10 1 17 140
22 65 54 60 15 5 0 0.20 M M 5.3 15 170 M M 8 1 19 180
23 63 59 61 16 4 0 0.32 M M 8.2 16 130 M M 10 123 24 140
24 64 47 56 11 9 0 1.60 M M 12.4 31 310 M M 8 1 43 300
25 50 33 42 -3 23 0 0.00 M M 12.7 26 330 M M 3 37 310
26 55 27 41 -4 24 0 0.00 M M 7.1 23 180 M M 0 31 210
27 50 35 43 -1 22 0 0.00 M M 10.8 21 320 M M 0 29 320
28 47 33 40 -4 25 0 0.00 M M 9.2 17 330 M M 5 23 300
29 54 32 43 -1 22 0 0.00 M M 10.5 20 300 M M 0 27 280
30 62 28 45 1 20 0 0.00 M M 4.0 13 250 M M 0 18 240
31 63 34 49 5 16 0 0.00 M M 6.4 20 10 M M 0 25 20
================================================================================
SM 1901 1194 464 4 3.27 M 243.1 M 74
================================================================================
AV 61.3 38.5 7.8 FASTST M M 2 MAX(MPH)
MISC ----> 31 310 43 300
================================================================================
NOTES:
# LAST OF SEVERAL OCCURRENCES
COLUMN 17 PEAK WIND IN M.P.H.
PRELIMINARY LOCAL CLIMATOLOGICAL DATA (WS FORM: F-6) , PAGE 2
STATION: MCKINNEY
MONTH: DECEMBER
YEAR: 2023
LATITUDE: 33 10 N
LONGITUDE: 96 35 W
[TEMPERATURE DATA] [PRECIPITATION DATA] SYMBOLS USED IN COLUMN 16
AVERAGE MONTHLY: 49.9 TOTAL FOR MONTH: 3.27 1 = FOG OR MIST
DPTR FM NORMAL: 3.4 DPTR FM NORMAL: -0.22 2 = FOG REDUCING VISIBILITY
HIGHEST: 78 ON 8 GRTST 24HR 1.92 ON 23-24 TO 1/4 MILE OR LESS
LOWEST: 27 ON 26 3 = THUNDER
SNOW, ICE PELLETS, HAIL 4 = ICE PELLETS
TOTAL MONTH: M 5 = HAIL
GRTST 24HR M ON M 6 = FREEZING RAIN OR DRIZZLE
GRTST DEPTH: M ON M 7 = DUSTSTORM OR SANDSTORM:
VSBY 1/2 MILE OR LESS
8 = SMOKE OR HAZE
[NO. OF DAYS WITH] [WEATHER - DAYS WITH] 9 = BLOWING SNOW
X = TORNADO
MAX 32 OR BELOW: 0 0.01 INCH OR MORE: 5
MAX 90 OR ABOVE: 0 0.10 INCH OR MORE: 5
MIN 32 OR BELOW: 8 0.50 INCH OR MORE: 3
MIN 0 OR BELOW: 0 1.00 INCH OR MORE: 1
[HDD (BASE 65) ]
TOTAL THIS MO. 464 CLEAR (SCALE 0-3) 20
DPTR FM NORMAL -115 PTCLDY (SCALE 4-7) 6
TOTAL FM JUL 1 863 CLOUDY (SCALE 8-10) 5
DPTR FM NORMAL -131
[CDD (BASE 65) ]
TOTAL THIS MO. 4
DPTR FM NORMAL 0 [PRESSURE DATA]
TOTAL FM JAN 1 2913 HIGHEST SLP 30.56 ON 13
DPTR FM NORMAL 381 LOWEST SLP 29.66 ON 8
[REMARKS]
#FINAL-12-23#