000
CXUS54 KFWD 010832
CF6TKI
PRELIMINARY LOCAL CLIMATOLOGICAL DATA (WS FORM: F-6)
STATION: MCKINNEY
MONTH: NOVEMBER
YEAR: 2023
LATITUDE: 33 10 N
LONGITUDE: 96 35 W
TEMPERATURE IN F: :PCPN: SNOW: WIND :SUNSHINE: SKY :PK WND
================================================================================
1 2 3 4 5 6A 6B 7 8 9 10 11 12 13 14 15 16 17 18
12Z AVG MX 2MIN
DY MAX MIN AVG DEP HDD CDD WTR SNW DPTH SPD SPD DIR MIN PSBL S-S WX SPD DR
================================================================================
1 55 30 43 -17 22 0 0.00 M M 4.1 13 140 M M 0 17 140
2 62 32 47 -13 18 0 0.00 M M 6.3 17 180 M M 0 23 190
3 72 40 56 -3 9 0 0.00 M M 8.5 22 180 M M 0 29 180
4 74 47 61 2 4 0 0.00 M M 6.2 21 180 M M 1 26 180
5 80 54 67 9 0 2 0.00 M M 8.9 20 180 M M 3 1 26 180
6 82 62 72 14 0 7 0.00 M M 13.6 23 190 M M 0 30 160
7 84 61 73 15 0 8 0.00 M M 12.7 24 180 M M 0 31 170
8 85 68 77 19 0 12 0.00 M M 13.2 22 180 M M 1 28 190
9 71 51 61 4 4 0 0.25 M M 11.6 22 360 M M 9 1 28 350
10 63 51 57 0 8 0 0.00 M M 8.2 15 30 M M 7 22 20
11 65 50 58 2 7 0 0.00 M M 4.6 12 70 M M 9 17 110
12 66 48 57 1 8 0 0.00 M M 3.0 8 30 M M 2 10 30
13 67 45 56 0 9 0 0.00 M M 4.1 12 60 M M 0 8 16 60
14 70 44 57 2 8 0 0.00 M M 2.0 7 350 M M 2 9 60
15 73 42 58 3 7 0 0.00 M M 2.2 10 50 M M 0 14 100
16 62 47 55 0 10 0 0.00 M M 7.9 16 180 M M 9 12 21 170
17 62 58 60 6 5 0 0.00 M M 7.5 16 170 M M 10 20 160
18 72 50 61 7 4 0 0.00 M M 3.4 14 350 M M 2 17 360
19 66 48 57 3 8 0 0.15 M M 9.2 24 170 M M 7 13 30 160
20 75 54 65 12 0 0 T M M 14.2 25 340 M M 5 32 340
21 59 42 51 -2 14 0 T M M 16.1 30 340 M M 7 40 320
22 61 36 49 -4 16 0 0.00 M M 6.6 16 340 M M 0 23 320
23 61 35 48 -4 17 0 0.00 M M 5.2 13 140 M M 0 8 16 160
24 64 36 50 -2 15 0 0.00 M M 1.4 8 360 M M 1 1 10 100
25 60 39 50 -2 15 0 0.13 M M 6.4 16 150 M M 4 1 21 150
26 51 32 42 -9 23 0 T M M 12.8 25 330 M M 3 1 34 320
27 54 27 41 -10 24 0 0.00 M M 2.8 13 350 M M 0 16 340
28 61 32 47 -4 18 0 0.00 M M 4.1 13 180 M M 0 20 190
29 64 32 48 -2 17 0 0.00 M M 7.5 16 170 M M 3 23 180
30 62 53 58 8 7 0 0.30 M M 7.1 16 160 M M 10 123 22 170
================================================================================
SM 2003 1346 297 29 0.83 M 221.4 M 95
================================================================================
AV 66.8 44.9 7.4 FASTST M M 3 MAX(MPH)
MISC ----> 30 340 40 320
================================================================================
NOTES:
# LAST OF SEVERAL OCCURRENCES
COLUMN 17 PEAK WIND IN M.P.H.
PRELIMINARY LOCAL CLIMATOLOGICAL DATA (WS FORM: F-6) , PAGE 2
STATION: MCKINNEY
MONTH: NOVEMBER
YEAR: 2023
LATITUDE: 33 10 N
LONGITUDE: 96 35 W
[TEMPERATURE DATA] [PRECIPITATION DATA] SYMBOLS USED IN COLUMN 16
AVERAGE MONTHLY: 55.8 TOTAL FOR MONTH: 0.83 1 = FOG OR MIST
DPTR FM NORMAL: 0.9 DPTR FM NORMAL: -2.36 2 = FOG REDUCING VISIBILITY
HIGHEST: 85 ON 8 GRTST 24HR 0.30 ON 30-30 TO 1/4 MILE OR LESS
LOWEST: 27 ON 27 3 = THUNDER
SNOW, ICE PELLETS, HAIL 4 = ICE PELLETS
TOTAL MONTH: M 5 = HAIL
GRTST 24HR M ON M 6 = FREEZING RAIN OR DRIZZLE
GRTST DEPTH: M ON M 7 = DUSTSTORM OR SANDSTORM:
VSBY 1/2 MILE OR LESS
8 = SMOKE OR HAZE
[NO. OF DAYS WITH] [WEATHER - DAYS WITH] 9 = BLOWING SNOW
X = TORNADO
MAX 32 OR BELOW: 0 0.01 INCH OR MORE: 4
MAX 90 OR ABOVE: 0 0.10 INCH OR MORE: 4
MIN 32 OR BELOW: 6 0.50 INCH OR MORE: 0
MIN 0 OR BELOW: 0 1.00 INCH OR MORE: 0
[HDD (BASE 65) ]
TOTAL THIS MO. 297 CLEAR (SCALE 0-3) 19
DPTR FM NORMAL -24 PTCLDY (SCALE 4-7) 6
TOTAL FM JUL 1 399 CLOUDY (SCALE 8-10) 5
DPTR FM NORMAL -16
[CDD (BASE 65) ]
TOTAL THIS MO. 29
DPTR FM NORMAL 9 [PRESSURE DATA]
TOTAL FM JAN 1 2909 HIGHEST SLP 30.57 ON 1
DPTR FM NORMAL 381 LOWEST SLP 29.62 ON 20
[REMARKS]
#FINAL-11-23#