000
CXUS52 KTAE 011350
CLMTLH
CLIMATE REPORT
NATIONAL WEATHER SERVICE TALLAHASSEE FL
950 AM EDT MON MAY 01 2023
...................................
...THE TALLAHASSEE CLIMATE SUMMARY FOR THE MONTH OF APRIL 2023...
CLIMATE NORMAL PERIOD 1991 TO 2020
CLIMATE RECORD PERIOD 1896 TO 2023
WEATHER OBSERVED NORMAL DEPART LAST YEAR`S
VALUE DATE(S) VALUE FROM VALUE DATE(S)
NORMAL
................................................................
TEMPERATURE (F)
RECORD
HIGH 95 04/30/2012
04/24/1999
04/22/1968
LOW 29 04/01/1987
04/08/1971
HIGHEST 88 04/15 MM MM 87 04/26
04/20
04/28
LOWEST 42 04/18 MM MM 38 04/10
AVG. MAXIMUM 82.1 80.2 1.9 80.3
AVG. MINIMUM 58.2 54.4 3.8 55.7
MEAN 70.2 67.3 2.9 68.0
DAYS MAX >= 90 0 1.4 -1.4 0
DAYS MAX <= 32 0 0.0 0.0 0
DAYS MIN <= 32 0 0.2 -0.2 0
DAYS MIN <= 0 0 0.0 0.0 0
PRECIPITATION (INCHES)
RECORD
MAXIMUM 13.13 1973
MINIMUM 0.11 1903
TOTALS 3.36 3.53 -0.17 2.43
SNOWFALL (INCHES)
RECORDS
TOTAL MM MM
TOTALS MM MM MM 0.0
SINCE 7/1 MM MM MM MM
DEGREE DAYS
HEATING TOTAL 13 52 -39 48
SINCE 7/1 951 1469 -518 MM
COOLING TOTAL 174 121 53 146
SINCE 1/1 441 194 247 MM
................................................................
WIND (MPH)
AVERAGE WIND SPEED 6.9
RESULTANT WIND SPEED/DIRECTION 2/100
HIGHEST WIND SPEED/DIRECTION 32/260 DATE 04/15
HIGHEST GUST SPEED/DIRECTION 41/260 DATE 04/15
SKY COVER
POSSIBLE SUNSHINE (PERCENT) MM
AVERAGE SKY COVER 0.50
NUMBER OF DAYS FAIR 8
NUMBER OF DAYS PC 18
NUMBER OF DAYS CLOUDY 4
AVERAGE RH (PERCENT) 68
WEATHER CONDITIONS. NUMBER OF DAYS WITH
THUNDERSTORM 8 MIXED PRECIP 0
HEAVY RAIN 2 RAIN 5
LIGHT RAIN 13 FREEZING RAIN 0
LT FREEZING RAIN 0 HAIL 0
HEAVY SNOW 0 SNOW 0
LIGHT SNOW 0 SLEET 0
FOG 16 FOG W/VIS <= 1/4 MILE 5
HAZE 2
- INDICATES NEGATIVE NUMBERS.
R INDICATES RECORD WAS SET OR TIED.
MM INDICATES DATA IS MISSING.
T INDICATES TRACE AMOUNT.
$$