626
CXUS51 KCLE 010800
CF6TOL
PRELIMINARY LOCAL CLIMATOLOGICAL DATA (WS FORM: F-6)
STATION: TOLEDO OH
MONTH: MARCH
YEAR: 2021
LATITUDE: 41 35 N
LONGITUDE: 83 48 W
TEMPERATURE IN F: :PCPN: SNOW: WIND :SUNSHINE: SKY :PK WND
================================================================================
1 2 3 4 5 6A 6B 7 8 9 10 11 12 13 14 15 16 17 18
12Z AVG MX 2MIN
DY MAX MIN AVG DEP HDD CDD WTR SNW DPTH SPD SPD DIR MIN PSBL S-S WX SPD DR
================================================================================
1 42 24 33 1 32 0 0.00 0.0 0 14.5 26 300 M M 5 33 300
2 40 15 28 -4 37 0 0.00 0.0 0 6.3 21 240 M M 0 26 240
3 59 33 46 13 19 0 0.00 0.0 0 11.8 20 260 M M 0 25 280
4 38 23 31 -2 34 0 0.00 0.0 0 9.0 20 10 M M 4 27 350
5 45 21 33 -1 32 0 0.00 0.0 0 8.7 20 330 M M 0 25 320
6 44 25 35 1 30 0 0.00 0.0 0 8.5 18 290 M M 1 25 320
7 43 22 33 -1 32 0 0.00 0.0 0 4.6 12 290 M M 0 15 310
8 68 23 46 12 19 0 0.00 0.0 0 10.8 25 230 M M 4 35 240
9 68 36 52 17 13 0 0.00 0.0 0 3.8 13 200 M M 0 18 200
10 72 45 59 24 6 0 0.00 0.0 0 12.4 28 210 M M 6 43 230
11 69 46 58 22 7 0 T 0.0 0 17.2 36 230 M M 5 46 240
12 61 32 47 11 18 0 0.00 0.0 0 10.0 25 290 M M 0 33 290
13 54 24 39 3 26 0 0.00 0.0 0 5.3 13 240 M M 0 17 250
14 55 31 43 6 22 0 0.00 0.0 0 12.7 22 20 M M 0 31 10
15 38 28 33 -4 32 0 0.03 0.0 0 15.9 28 90 M M 3 35 80
16 55 35 45 7 20 0 0.00 0.0 0 6.0 12 330 M M 6 16 320
17 65 30 48 10 17 0 T 0.0 0 6.7 25 70 M M 1 18 30 70
18 43 34 39 1 26 0 0.15 0.0 0 18.6 29 30 M M 8 1 36 30
19 46 28 37 -2 28 0 0.00 0.0 0 11.8 25 60 M M 0 32 30
20 59 22 41 2 24 0 0.00 0.0 0 3.0 12 70 M M 0 15 120
21 67 27 47 8 18 0 0.00 0.0 0 3.5 14 170 M M 0 20 160
22 72 33 53 13 12 0 0.00 0.0 0 4.8 17 200 M M 2 24 210
23 73 41 57 17 8 0 T 0.0 0 5.2 14 190 M M 4 21 130
24 73 55 64 23 1 0 T 0.0 0 12.6 28 200 M M 5 39 200
25 69 46 58 17 7 0 0.75 0.0 0 8.1 26 70 M M 3 13 32 70
26 56 42 49 8 16 0 1.08 0.0 0 12.4 22 290 M M 10 1 38 300
27 67 43 55 13 10 0 0.08 0.0 0 6.9 18 330 M M 7 1 23 330
28 51 35 43 1 22 0 0.46 0.0 0 14.8 33 270 M M 9 1 42 280
29 54 30 42 -1 23 0 0.00 0.0 0 8.8 14 170 M M 1 22 170
30 74 42 58 15 7 0 0.01 0.0 0 14.3 30 210 M M 2 40 190
31 58 34 46 3 19 0 T 0.0 0 14.4 24 280 M M 5 32 330
================================================================================
SM 1778 1005 617 0 2.56 0.0 303.4 M 91
================================================================================
AV 57.4 32.4 9.8 FASTST M M 3 MAX(MPH)
MISC ----> 36 230 46 240
================================================================================
NOTES:
# LAST OF SEVERAL OCCURRENCES
COLUMN 17 PEAK WIND IN M.P.H.
PRELIMINARY LOCAL CLIMATOLOGICAL DATA (WS FORM: F-6) , PAGE 2
STATION: TOLEDO OH
MONTH: MARCH
YEAR: 2021
LATITUDE: 41 35 N
LONGITUDE: 83 48 W
[TEMPERATURE DATA] [PRECIPITATION DATA] SYMBOLS USED IN COLUMN 16
AVERAGE MONTHLY: 44.9 TOTAL FOR MONTH: 2.56 1 = FOG OR MIST
DPTR FM NORMAL: 7.3 DPTR FM NORMAL: 0.08 2 = FOG REDUCING VISIBILITY
HIGHEST: 74 ON 30 GRTST 24HR 1.83 ON 25-26 TO 1/4 MILE OR LESS
LOWEST: 15 ON 2 3 = THUNDER
SNOW, ICE PELLETS, HAIL 4 = ICE PELLETS
TOTAL MONTH: 0.0 INCH 5 = HAIL
GRTST 24HR 0.0 6 = FREEZING RAIN OR DRIZZLE
GRTST DEPTH: 0 7 = DUSTSTORM OR SANDSTORM:
VSBY 1/2 MILE OR LESS
8 = SMOKE OR HAZE
[NO. OF DAYS WITH] [WEATHER - DAYS WITH] 9 = BLOWING SNOW
X = TORNADO
MAX 32 OR BELOW: 0 0.01 INCH OR MORE: 7
MAX 90 OR ABOVE: 0 0.10 INCH OR MORE: 4
MIN 32 OR BELOW: 16 0.50 INCH OR MORE: 2
MIN 0 OR BELOW: 0 1.00 INCH OR MORE: 1
[HDD (BASE 65) ]
TOTAL THIS MO. 617 CLEAR (SCALE 0-3) 17
DPTR FM NORMAL -233 PTCLDY (SCALE 4-7) 12
TOTAL FM JUL 1 4761 CLOUDY (SCALE 8-10) 2
DPTR FM NORMAL -665
[CDD (BASE 65) ]
TOTAL THIS MO. 0
DPTR FM NORMAL 0 [PRESSURE DATA]
TOTAL FM JAN 1 0 HIGHEST SLP 30.63 ON 20
DPTR FM NORMAL 0 LOWEST SLP 29.36 ON 26
[REMARKS]
#FINAL-03-21#