000
CXUS53 KOAX 011030
CF6TQE
PRELIMINARY LOCAL CLIMATOLOGICAL DATA (WS FORM: F-6)
STATION: TEKAMAH NE
MONTH: DECEMBER
YEAR: 2020
LATITUDE: 41 46 N
LONGITUDE: 96 11 W
TEMPERATURE IN F: :PCPN: SNOW: WIND :SUNSHINE: SKY :PK WND
================================================================================
1 2 3 4 5 6A 6B 7 8 9 10 11 12 13 14 15 16 17 18
12Z AVG MX 2MIN
DY MAX MIN AVG DEP HDD CDD WTR SNW DPTH SPD SPD DIR MIN PSBL S-S WX SPD DR
================================================================================
1 48 14 31 2 34 0 0.00 M M 7.8 21 150 M M 0 25 140
2 45 18 32 3 33 0 0.00 M M 10.0 16 320 M M 1 21 320
3 47 17 32 4 33 0 0.00 M M 5.3 14 260 M M 0 1 19 270
4 54 21 38 10 27 0 0.00 M M 4.8 14 330 M M 0 17 320
5 50 22 36 9 29 0 0.00 M M 8.8 17 330 M M 0 22 340
6 38 21 30 3 35 0 0.00 M M 8.0 16 360 M M 4 18 20 20
7 54 19 37 11 28 0 0.00 M M 6.2 17 320 M M 0 21 320
8 61 19 40 14 25 0 0.00 M M 5.4 14 280 M M 0 17 280
9 62 27 45 19 20 0 0.00 M M 5.7 15 350 M M 0 20 340
10 51 22 37 12 28 0 0.00 M M 11.0 22 350 M M 0 27 360
11 38 33 36 11 29 0 0.20 M M 16.8 24 20 M M 8 1 30 30
12 33 20 27 2 38 0 M M M 16.3 26 360 M M 6 1 32 360
13 29 17 23 -1 42 0 0.00 M M 8.3 16 300 M M 8 20 310
14 20 8 14 -10 51 0 0.00 M M 5.8 13 320 M M 0 16 320
15 25 12 19 -5 46 0 0.00 M M 2.1 9 130 M M 3 11 130
16 27 17 22 -1 43 0 0.00 M M 6.6 12 170 M M 8 18 13 150
17 32 12 22 -1 43 0 0.00 M M 5.0 10 140 M M 3 12 13 140
18 45 23 34 11 31 0 0.00 M M 12.3 24 330 M M 0 1 30 320
19 32 15 24 1 41 0 0.00 M M 8.5 23 330 M M 0 28 330
20 46 20 33 11 32 0 0.00 M M 9.3 22 260 M M 1 29 270
21 53 27 40 18 25 0 0.00 M M 14.7 28 300 M M 1 38 310
22 56 25 41 19 24 0 0.00 M M 14.7 31 180 M M 0 42 180
23 48 13 31 9 34 0 0.08 M M 27.1 48 300 M M 7 19 69 300
24 15 3 9 -13 56 0 0.00 M M 13.5 28 330 M M 0 40 330
25 35 3 19 -3 46 0 0.00 M M 7.9 17 200 M M 0 21 200
26 39 12 26 4 39 0 0.00 M M 4.8 12 160 M M 1 18 15 150
27 36 25 31 9 34 0 T M M 14.4 26 310 M M 7 18 36 320
28 32 16 24 3 41 0 0.00 M M 7.3 20 310 M M 6 26 300
29 28 21 25 4 40 0 0.15 M M 9.8 20 130 M M 9 128 25 140
30 33 4 19 -2 46 0 0.00 M M 9.9 31 310 M M 5 38 310
31 28 -1 14 -7 51 0 0.00 M M 8.1 16 170 M M 1 128 19 180
================================================================================
SM 1240 525 1124 0 0.43 M 296.2 M 79
================================================================================
AV 40.0 16.9 9.6 FASTST M M 3 MAX(MPH)
MISC ----> 48 300 69 300
================================================================================
NOTES:
# LAST OF SEVERAL OCCURRENCES
COLUMN 17 PEAK WIND IN M.P.H.
PRELIMINARY LOCAL CLIMATOLOGICAL DATA (WS FORM: F-6) , PAGE 2
STATION: TEKAMAH NE
MONTH: DECEMBER
YEAR: 2020
LATITUDE: 41 46 N
LONGITUDE: 96 11 W
[TEMPERATURE DATA] [PRECIPITATION DATA] SYMBOLS USED IN COLUMN 16
AVERAGE MONTHLY: 28.5 TOTAL FOR MONTH: 0.43 1 = FOG OR MIST
DPTR FM NORMAL: 4.4 DPTR FM NORMAL: -0.46 2 = FOG REDUCING VISIBILITY
HIGHEST: 62 ON 9 GRTST 24HR 0.22 ON 11-12 TO 1/4 MILE OR LESS
LOWEST: -1 ON 31 3 = THUNDER
SNOW, ICE PELLETS, HAIL 4 = ICE PELLETS
TOTAL MONTH: M 5 = HAIL
GRTST 24HR M ON M 6 = FREEZING RAIN OR DRIZZLE
GRTST DEPTH: M ON M 7 = DUSTSTORM OR SANDSTORM:
VSBY 1/2 MILE OR LESS
8 = SMOKE OR HAZE
[NO. OF DAYS WITH] [WEATHER - DAYS WITH] 9 = BLOWING SNOW
X = TORNADO
MAX 32 OR BELOW: 10 0.01 INCH OR MORE: 3
MAX 90 OR ABOVE: 0 0.10 INCH OR MORE: 2
MIN 32 OR BELOW: 30 0.50 INCH OR MORE: 0
MIN 0 OR BELOW: 1 1.00 INCH OR MORE: 0
[HDD (BASE 65) ]
TOTAL THIS MO. 1124 CLEAR (SCALE 0-3) 21
DPTR FM NORMAL -143 PTCLDY (SCALE 4-7) 8
TOTAL FM JUL 1 2473 CLOUDY (SCALE 8-10) 2
DPTR FM NORMAL -180
[CDD (BASE 65) ]
TOTAL THIS MO. 0
DPTR FM NORMAL 0 [PRESSURE DATA]
TOTAL FM JAN 1 1096 HIGHEST SLP 30.50 ON 28
DPTR FM NORMAL 110 LOWEST SLP 29.27 ON 23
[REMARKS]
#FINAL-12-20#