000
CXUS56 KSGX 011245
CF6TRM
PRELIMINARY LOCAL CLIMATOLOGICAL DATA (WS FORM: F-6)
STATION: THERMAL AIRPORT CA
MONTH: JUNE
YEAR: 2020
LATITUDE: 33 37 N
LONGITUDE: 116 10 W
TEMPERATURE IN F: :PCPN: SNOW: WIND :SUNSHINE: SKY :PK WND
================================================================================
1 2 3 4 5 6A 6B 7 8 9 10 11 12 13 14 15 16 17 18
12Z AVG MX 2MIN
DY MAX MIN AVG DEP HDD CDD WTR SNW DPTH SPD SPD DIR MIN PSBL S-S WX SPD DR
================================================================================
1 104 68 86 4 0 21 0.00 0.0 0 6.4 18 330 M M 0 8 25 320
2 106 73 90 8 0 25 0.00 0.0 0 6.0 20 330 M M 0 27 330
3 115 73 94 12 0 29 0.00 0.0 0 6.9 21 310 M M 0 28 310
4 111 74 93 10 0 28 0.00 0.0 M 7.7 18 320 M M 0 25 320
5 96 73 85 2 0 20 0.00 0.0 0 18.1 33 340 M M 0 8 42 340
6 91 71 81 -2 0 16 0.00 0.0 0 16.9 31 340 M M 0 39 330
7 95 68 82 -1 0 17 0.00 0.0 0 15.9 30 330 M M 0 38 320
8 92 63 78 -6 0 13 0.00 0.0 0 10.6 23 300 M M 0 30 350
9 99 54 77 -7 0 12 0.00 0.0 0 4.6 14 120 M M 0 19 120
10 107 63 85 1 0 20 0.00 0.0 M 6.4 14 140 M M 0 19 160
11 108 66 87 3 0 22 0.00 0.0 0 7.7 16 340 M M 0 21 340
12 106 65 86 2 0 21 0.00 0.0 0 8.9 26 340 M M 0 33 330
13 101 76 89 4 0 24 0.00 0.0 0 12.2 26 340 M M 0 34 340
14 99 69 84 -1 0 19 0.00 0.0 0 8.8 17 330 M M 0 22 330
15 102 66 84 -1 0 19 0.00 0.0 0 8.0 16 150 M M 0 21 150
16 102 71 87 2 0 22 0.00 0.0 0 9.8 23 340 M M 0 31 340
17 101 74 88 2 0 23 0.00 0.0 0 9.8 22 330 M M 0 28 330
18 103 76 90 4 0 25 0.00 0.0 0 9.3 20 330 M M 0 27 330
19 104 74 89 3 0 24 0.00 0.0 0 8.6 18 320 M M 0 23 320
20 106 75 91 5 0 26 0.00 0.0 0 8.5 15 320 M M 0 23 310
21 106 74 90 3 0 25 0.00 0.0 0 8.1 16 330 M M 0 22 330
22 107 70 89 2 0 24 0.00 0.0 0 5.7 13 140 M M 0 8 17 150
23 108 70 89 2 0 24 0.00 0.0 0 5.1 14 140 M M 0 17 150
24 109 70 90 3 0 25 0.00 0.0 0 6.7 18 320 M M 0 26 300
25 106 73 90 2 0 25 0.00 0.0 0 5.7 18 330 M M 0 8 24 340
26 111 83 97 9 0 32 0.00 0.0 0 9.4 23 330 M M 0 31 310
27 107 84 96 8 0 31 0.00 0.0 0 9.2 20 340 M M 0 25 340
28 103 72 88 0 0 23 0.00 0.0 0 8.2 23 330 M M 0 32 330
29 97 70 84 -4 0 19 0.00 0.0 0 13.0 28 340 M M 0 35 320
30 104 71 88 -1 0 23 0.00 0.0 0 9.4 18 330 M M 0 25 330
================================================================================
SM 3106 2129 0 677 0.00 0.0 271.6 M 0
================================================================================
AV103.5 71.0 9.1 FASTST M M 0 MAX(MPH)
MISC ----> # 33 340 # 42 340
================================================================================
NOTES:
# LAST OF SEVERAL OCCURRENCES
COLUMN 17 PEAK WIND IN M.P.H.
PRELIMINARY LOCAL CLIMATOLOGICAL DATA (WS FORM: F-6) , PAGE 2
STATION: THERMAL AIRPORT CA
MONTH: JUNE
YEAR: 2020
LATITUDE: 33 37 N
LONGITUDE: 116 10 W
[TEMPERATURE DATA] [PRECIPITATION DATA] SYMBOLS USED IN COLUMN 16
AVERAGE MONTHLY: 87.3 TOTAL FOR MONTH: 0.00 1 = FOG OR MIST
DPTR FM NORMAL: 2.1 DPTR FM NORMAL: -0.02 2 = FOG REDUCING VISIBILITY
HIGHEST: 115 ON 3 GRTST 24HR 0.00 ON 30-30 TO 1/4 MILE OR LESS
LOWEST: 54 ON 9 3 = THUNDER
SNOW, ICE PELLETS, HAIL 4 = ICE PELLETS
TOTAL MONTH: 0.0 INCH 5 = HAIL
GRTST 24HR 0.0 6 = FREEZING RAIN OR DRIZZLE
GRTST DEPTH: 0 7 = DUSTSTORM OR SANDSTORM:
VSBY 1/2 MILE OR LESS
8 = SMOKE OR HAZE
[NO. OF DAYS WITH] [WEATHER - DAYS WITH] 9 = BLOWING SNOW
X = TORNADO
MAX 32 OR BELOW: 0 0.01 INCH OR MORE: 0
MAX 90 OR ABOVE: 30 0.10 INCH OR MORE: 0
MIN 32 OR BELOW: 0 0.50 INCH OR MORE: 0
MIN 0 OR BELOW: 0 1.00 INCH OR MORE: 0
[HDD (BASE 65) ]
TOTAL THIS MO. 0 CLEAR (SCALE 0-3) 30
DPTR FM NORMAL 0 PTCLDY (SCALE 4-7) 0
TOTAL FM JUL 1 1074 CLOUDY (SCALE 8-10) 0
DPTR FM NORMAL -107
[CDD (BASE 65) ]
TOTAL THIS MO. 677
DPTR FM NORMAL 69 [PRESSURE DATA]
TOTAL FM JAN 1 1565 HIGHEST SLP 30.06 ON 12
DPTR FM NORMAL 284 LOWEST SLP 29.77 ON 28
[REMARKS]
#FINAL-06-20#