000
CXUS54 KMEG 010900
CF6TUP
PRELIMINARY LOCAL CLIMATOLOGICAL DATA (WS FORM: F-6)
STATION: TUPELO
MONTH: APRIL
YEAR: 2021
LATITUDE: 34 16 N
LONGITUDE: 88 46 W
TEMPERATURE IN F: :PCPN: SNOW: WIND :SUNSHINE: SKY :PK WND
================================================================================
1 2 3 4 5 6A 6B 7 8 9 10 11 12 13 14 15 16 17 18
12Z AVG MX 2MIN
DY MAX MIN AVG DEP HDD CDD WTR SNW DPTH SPD SPD DIR MIN PSBL S-S WX SPD DR
================================================================================
1 56 36 46 -12 19 0 0.00 0.0 0 12.2 23 350 M M 0 30 350
2 59 30 45 -13 20 0 0.00 0.0 0 4.5 14 40 M M 0 18 40
3 68 33 51 -8 14 0 0.00 0.0 0 2.3 12 190 M M 0 14 180
4 76 40 58 -1 7 0 0.00 0.0 0 2.4 12 170 M M 0 16 180
5 80 45 63 4 2 0 0.00 0.0 0 2.1 15 240 M M 1 21 240
6 82 52 67 7 0 2 0.00 0.0 0 5.5 17 180 M M 0 22 150
7 80 60 70 10 0 5 0.89 0.0 0 10.0 24 250 M M 5 13 33 250
8 79 56 68 8 0 3 0.84 0.0 0 7.8 24 220 M M 3 13 32 220
9 84 52 68 8 0 3 2.93 0.0 0 8.0 26 130 M M 3 13 34 130
10 75 57 66 5 0 1 0.22 0.0 0 8.6 23 130 M M 6 13 30 130
11 76 47 62 1 3 0 0.00 0.0 0 4.8 17 260 M M 0 24 250
12 86 50 68 7 0 3 0.00 0.0 0 2.1 12 280 M M 0 16 280
13 84 54 69 8 0 4 0.00 0.0 0 3.8 15 190 M M 0 19 170
14 65 52 59 -3 6 0 0.04 0.0 0 4.1 20 20 M M 5 18 24 20
15 71 52 62 0 3 0 T 0.0 0 8.1 16 360 M M 2 26 340
16 64 49 57 -5 8 0 0.00 0.0 0 5.2 10 20 M M 4 13 30
17 68 51 60 -2 5 0 0.00 0.0 0 6.1 16 10 M M 7 23 350
18 67 45 56 -7 9 0 0.00 0.0 0 3.5 10 270 M M 3 15 310
19 72 45 59 -4 6 0 0.00 0.0 0 3.1 10 30 M M 0 15 20
20 77 45 61 -2 4 0 0.00 0.0 0 6.2 23 360 M M 1 31 360
21 60 40 50 -14 15 0 T 0.0 0 10.0 23 10 M M 4 27 340
22 68 38 53 -11 12 0 0.00 0.0 0 2.1 10 180 M M 1 15 240
23 75 53 64 0 1 0 0.13 0.0 0 6.7 17 130 M M 8 23 150
24 78 56 67 3 0 2 0.69 0.0 0 10.5 24 120 M M 10 18 32 120
25 75 53 64 -1 1 0 0.00 0.0 0 5.8 14 30 M M 2 18 18 20
26 80 49 65 0 0 0 0.00 0.0 0 4.1 13 110 M M 0 19 130
27 83 57 70 5 0 5 0.00 0.0 0 7.8 18 170 M M 1 22 170
28 85 71 78 12 0 13 0.03 0.0 0 8.2 14 200 M M 4 18 190
29 81 67 74 8 0 9 0.06 0.0 0 6.3 17 170 M M 5 13 22 170
30 79 57 68 2 0 3 0.00 0.0 0 5.3 14 10 M M 0 18 350
================================================================================
SM 2233 1492 135 53 5.83 0.0 177.2 M 75
================================================================================
AV 74.4 49.7 5.9 FASTST M M 3 MAX(MPH)
MISC ----> 26 130 34 130
================================================================================
NOTES:
# LAST OF SEVERAL OCCURRENCES
COLUMN 17 PEAK WIND IN M.P.H.
PRELIMINARY LOCAL CLIMATOLOGICAL DATA (WS FORM: F-6) , PAGE 2
STATION: TUPELO
MONTH: APRIL
YEAR: 2021
LATITUDE: 34 16 N
LONGITUDE: 88 46 W
[TEMPERATURE DATA] [PRECIPITATION DATA] SYMBOLS USED IN COLUMN 16
AVERAGE MONTHLY: 62.1 TOTAL FOR MONTH: 5.83 1 = FOG OR MIST
DPTR FM NORMAL: 0.0 DPTR FM NORMAL: 1.05 2 = FOG REDUCING VISIBILITY
HIGHEST: 86 ON 12 GRTST 24HR 3.15 ON 9-10 TO 1/4 MILE OR LESS
LOWEST: 30 ON 2 3 = THUNDER
SNOW, ICE PELLETS, HAIL 4 = ICE PELLETS
TOTAL MONTH: 0.0 INCH 5 = HAIL
GRTST 24HR 0.0 6 = FREEZING RAIN OR DRIZZLE
GRTST DEPTH: 0 7 = DUSTSTORM OR SANDSTORM:
VSBY 1/2 MILE OR LESS
8 = SMOKE OR HAZE
[NO. OF DAYS WITH] [WEATHER - DAYS WITH] 9 = BLOWING SNOW
X = TORNADO
MAX 32 OR BELOW: 0 0.01 INCH OR MORE: 9
MAX 90 OR ABOVE: 0 0.10 INCH OR MORE: 6
MIN 32 OR BELOW: 1 0.50 INCH OR MORE: 4
MIN 0 OR BELOW: 0 1.00 INCH OR MORE: 1
[HDD (BASE 65) ]
TOTAL THIS MO. 135 CLEAR (SCALE 0-3) 19
DPTR FM NORMAL -11 PTCLDY (SCALE 4-7) 10
TOTAL FM JUL 1 2541 CLOUDY (SCALE 8-10) 1
DPTR FM NORMAL -391
[CDD (BASE 65) ]
TOTAL THIS MO. 53
DPTR FM NORMAL -7 [PRESSURE DATA]
TOTAL FM JAN 1 115 HIGHEST SLP 30.55 ON 2
DPTR FM NORMAL 39 LOWEST SLP 29.55 ON 10
[REMARKS]
#FINAL-04-21#