000
CXUS54 KJAN 020036
CF6TVR
PRELIMINARY LOCAL CLIMATOLOGICAL DATA (WS FORM: F-6)
STATION: VICKSBURG
MONTH: JANUARY
YEAR: 2021
LATITUDE: 32 20 N
LONGITUDE: 91 2 W
TEMPERATURE IN F: :PCPN: SNOW: WIND :SUNSHINE: SKY :PK WND
================================================================================
1 2 3 4 5 6A 6B 7 8 9 10 11 12 13 14 15 16 17 18
12Z AVG MX 2MIN
DY MAX MIN AVG DEP HDD CDD WTR SNW DPTH SPD SPD DIR MIN PSBL S-S WX SPD DR
================================================================================
1 67 37 52 6 13 0 0.05 0.0 0 6.0 21 170 M M 4 33 180
2 47 35 41 -5 24 0 0.00 0.0 0 2.1 9 280 M M 7 1 19 300
3 58 29 44 -1 21 0 0.00 0.0 0 3.4 9 170 M M 0 1 14 180
4 67 37 52 7 13 0 0.00 0.0 0 2.1 10 280 M M 1 18 18 260
5 63 35 49 4 16 0 0.00 0.0 0 4.5 14 20 M M 0 1 17 10
6 62 37 50 5 15 0 T 0.0 0 9.1 16 110 M M 2 21 110
7 53 41 47 2 18 0 0.30 0.0 0 8.1 20 110 M M 10 1 28 110
8 45 40 43 -2 22 0 T 0.0 0 7.5 13 340 M M 10 23 330
9 48 30 39 -6 26 0 0.00 0.0 0 7.7 15 20 M M 4 21 30
10 42 30 36 -9 29 0 0.10 M M 6.9 16 10 M M 9 1 20 30
11 37 33 35 -10 30 0 0.46 M M 7.7 16 10 M M 10 1 21 20
12 48 24 36 -9 29 0 0.00 0.0 0 2.3 8 360 M M 0 18 12 10
13 57 33 45 0 20 0 0.00 0.0 0 2.5 9 180 M M 3 18 17 200
14 66 35 51 6 14 0 0.00 0.0 0 5.6 14 290 M M 0 27 230
15 57 34 46 1 19 0 0.00 0.0 0 6.9 16 270 M M 0 30 280
16 54 31 43 -2 22 0 0.00 0.0 0 3.7 12 300 M M 0 19 270
17 63 31 47 2 18 0 0.00 0.0 0 3.6 14 300 M M 1 23 300
18 64 28 46 1 19 0 0.00 0.0 0 3.0 10 170 M M 1 17 180
19 62 43 53 8 12 0 T 0.0 0 5.6 12 360 M M 6 1 16 150
20 57 50 54 9 11 0 0.02 0.0 0 2.7 9 30 M M 9 1 11 20
21 63 54 59 14 6 0 0.46 0.0 0 3.6 15 360 M M 10 1 20 360
22 56 52 54 8 11 0 0.14 0.0 0 5.9 13 20 M M 10 1 16 30
23 58 48 53 7 12 0 0.02 0.0 0 6.4 12 30 M M 10 16 30
24 70 52 61 15 4 0 0.25 0.0 0 6.6 13 160 M M 8 1 17 170
25 75 61 68 22 0 3 0.10 0.0 0 8.3 31 170 M M 6 13 46 170
26 73 50 62 16 3 0 0.00 0.0 0 3.5 9 50 M M 5 1 13 360
27 62 44 53 7 12 0 T 0.0 0 9.3 24 20 M M 7 32 10
28 51 36 44 -2 21 0 0.00 0.0 0 10.2 21 20 M M 4 29 10
29 61 29 45 -1 20 0 0.00 0.0 0 3.3 10 110 M M 0 18 14 130
30 68 43 56 9 9 0 0.15 0.0 0 10.6 23 170 M M 8 1 31 160
31 65 47 56 9 9 0 0.00 0.0 0 7.8 18 310 M M 7 1 30 340
================================================================================
SM 1819 1209 498 3 2.05 0.0 176.5 M 152
================================================================================
AV 58.7 39.0 5.7 FASTST M M 5 MAX(MPH)
MISC ----> 31 170 46 170
================================================================================
NOTES:
# LAST OF SEVERAL OCCURRENCES
COLUMN 17 PEAK WIND IN M.P.H.
PRELIMINARY LOCAL CLIMATOLOGICAL DATA (WS FORM: F-6) , PAGE 2
STATION: VICKSBURG
MONTH: JANUARY
YEAR: 2021
LATITUDE: 32 20 N
LONGITUDE: 91 2 W
[TEMPERATURE DATA] [PRECIPITATION DATA] SYMBOLS USED IN COLUMN 16
AVERAGE MONTHLY: 48.8 TOTAL FOR MONTH: 2.05 1 = FOG OR MIST
DPTR FM NORMAL: 3.3 DPTR FM NORMAL: -3.02 2 = FOG REDUCING VISIBILITY
HIGHEST: 75 ON 25 GRTST 24HR 1.19 ON 31- 1 TO 1/4 MILE OR LESS
LOWEST: 24 ON 12 3 = THUNDER
SNOW, ICE PELLETS, HAIL 4 = ICE PELLETS
TOTAL MONTH: 0.0 INCH 5 = HAIL
GRTST 24HR 0.0 6 = FREEZING RAIN OR DRIZZLE
GRTST DEPTH: 0 7 = DUSTSTORM OR SANDSTORM:
VSBY 1/2 MILE OR LESS
8 = SMOKE OR HAZE
[NO. OF DAYS WITH] [WEATHER - DAYS WITH] 9 = BLOWING SNOW
X = TORNADO
MAX 32 OR BELOW: 0 0.01 INCH OR MORE: 11
MAX 90 OR ABOVE: 0 0.10 INCH OR MORE: 8
MIN 32 OR BELOW: 8 0.50 INCH OR MORE: 0
MIN 0 OR BELOW: 0 1.00 INCH OR MORE: 0
[HDD (BASE 65) ]
TOTAL THIS MO. 498 CLEAR (SCALE 0-3) 12
DPTR FM NORMAL -109 PTCLDY (SCALE 4-7) 10
TOTAL FM JUL 1 1192 CLOUDY (SCALE 8-10) 9
DPTR FM NORMAL -355
[CDD (BASE 65) ]
TOTAL THIS MO. 3
DPTR FM NORMAL 0 [PRESSURE DATA]
TOTAL FM JAN 1 3 HIGHEST SLP 30.65 ON 28
DPTR FM NORMAL 0 LOWEST SLP 29.68 ON 25
[REMARKS]
#FINAL-01-21#