161
CXUS54 KSHV 011400
CF6TXK
PRELIMINARY LOCAL CLIMATOLOGICAL DATA (WS FORM: F-6)
STATION: TEXARKANA
MONTH: NOVEMBER
YEAR: 2020
LATITUDE: 33 27 N
LONGITUDE: 94 0 W
TEMPERATURE IN F: :PCPN: SNOW: WIND :SUNSHINE: SKY :PK WND
================================================================================
1 2 3 4 5 6A 6B 7 8 9 10 11 12 13 14 15 16 17 18
12Z AVG MX 2MIN
DY MAX MIN AVG DEP HDD CDD WTR SNW DPTH SPD SPD DIR MIN PSBL S-S WX SPD DR
================================================================================
1 74 45 60 0 5 0 0.00 0.0 0 5.3 14 340 M M 0 18 23 330
2 65 38 52 -7 13 0 0.00 0.0 0 2.0 8 140 M M 0 12 120
3 75 40 58 -1 7 0 0.00 0.0 0 5.7 13 180 M M 0 18 220
4 75 47 61 3 4 0 0.00 0.0 0 6.2 13 220 M M 0 16 160
5 76 50 63 5 2 0 0.00 0.0 0 4.7 10 210 M M 1 14 170
6 76 49 63 5 2 0 0.00 0.0 0 2.7 9 120 M M 1 1 12 100
7 79 50 65 8 0 0 0.00 0.0 0 3.3 9 90 M M 2 1 12 80
8 72 58 65 8 0 0 0.08 0.0 0 2.4 8 160 M M 9 12 12 140
9 79 68 74 17 0 9 0.01 0.0 0 6.8 14 160 M M 8 1 18 150
10 81 60 71 15 0 6 0.04 0.0 0 7.0 14 220 M M 8 1 19 170
11 72 46 59 3 6 0 0.00 0.0 0 4.3 12 50 M M 1 16 50
12 74 41 58 2 7 0 0.00 0.0 0 3.3 8 60 M M 0 12 140
13 72 54 63 8 2 0 0.00 0.0 0 5.8 15 350 M M 4 23 60
14 80 55 68 13 0 3 0.00 0.0 0 11.1 21 190 M M 7 29 190
15 75 42 59 5 6 0 T 0.0 0 8.1 26 330 M M 1 38 320
16 70 36 53 -1 12 0 0.00 0.0 0 0.8 9 270 M M 0 12 270
17 71 41 56 2 9 0 0.00 0.0 0 2.4 12 60 M M 0 17 90
18 72 39 56 3 9 0 0.00 0.0 0 6.7 15 150 M M 0 19 140
19 75 48 62 9 3 0 0.00 0.0 0 9.8 16 180 M M 0 21 190
20 67 56 62 10 3 0 0.00 0.0 0 5.9 12 180 M M 6 12 16 190
21 78 54 66 14 0 1 0.00 0.0 0 4.6 12 230 M M 4 12 16 230
22 67 52 60 8 5 0 0.03 0.0 0 7.5 15 340 M M 9 1 18 330
23 61 39 50 -1 15 0 0.00 0.0 0 4.6 12 120 M M 1 18 80
24 71 44 58 7 7 0 0.02 0.0 0 9.4 22 190 M M 9 30 160
25 71 43 57 6 8 0 0.41 0.0 0 8.7 26 290 M M 1 13 37 250
26 69 36 53 3 12 0 0.00 0.0 0 3.5 10 150 M M 1 1 14 150
27 62 55 59 9 6 0 0.00 0.0 0 4.4 12 10 M M 10 18 15 20
28 58 46 52 2 13 0 0.00 0.0 0 6.6 15 50 M M 1 23 50
29 49 43 46 -3 19 0 0.18 0.0 0 8.3 18 320 M M 8 1 23 320
30 51 30 41 -8 24 0 0.00 0.0 0 10.2 21 310 M M 0 27 310
================================================================================
SM 2117 1405 199 19 0.77 0.0 172.1 M 92
================================================================================
AV 70.6 46.8 5.7 FASTST M M 3 MAX(MPH)
MISC ----> # 26 330 38 320
================================================================================
NOTES:
# LAST OF SEVERAL OCCURRENCES
COLUMN 17 PEAK WIND IN M.P.H.
PRELIMINARY LOCAL CLIMATOLOGICAL DATA (WS FORM: F-6) , PAGE 2
STATION: TEXARKANA
MONTH: NOVEMBER
YEAR: 2020
LATITUDE: 33 27 N
LONGITUDE: 94 0 W
[TEMPERATURE DATA] [PRECIPITATION DATA] SYMBOLS USED IN COLUMN 16
AVERAGE MONTHLY: 58.7 TOTAL FOR MONTH: 0.77 1 = FOG OR MIST
DPTR FM NORMAL: 4.5 DPTR FM NORMAL: -4.05 2 = FOG REDUCING VISIBILITY
HIGHEST: 81 ON 10 GRTST 24HR 0.43 ON 24-25 TO 1/4 MILE OR LESS
LOWEST: 30 ON 30 3 = THUNDER
SNOW, ICE PELLETS, HAIL 4 = ICE PELLETS
TOTAL MONTH: 0.0 INCH 5 = HAIL
GRTST 24HR 0.0 6 = FREEZING RAIN OR DRIZZLE
GRTST DEPTH: 0 7 = DUSTSTORM OR SANDSTORM:
VSBY 1/2 MILE OR LESS
8 = SMOKE OR HAZE
[NO. OF DAYS WITH] [WEATHER - DAYS WITH] 9 = BLOWING SNOW
X = TORNADO
MAX 32 OR BELOW: 0 0.01 INCH OR MORE: 7
MAX 90 OR ABOVE: 0 0.10 INCH OR MORE: 2
MIN 32 OR BELOW: 1 0.50 INCH OR MORE: 0
MIN 0 OR BELOW: 0 1.00 INCH OR MORE: 0
[HDD (BASE 65) ]
TOTAL THIS MO. 199 CLEAR (SCALE 0-3) 19
DPTR FM NORMAL -141 PTCLDY (SCALE 4-7) 6
TOTAL FM JUL 1 339 CLOUDY (SCALE 8-10) 5
DPTR FM NORMAL -117
[CDD (BASE 65) ]
TOTAL THIS MO. 19
DPTR FM NORMAL 3 [PRESSURE DATA]
TOTAL FM JAN 1 2138 HIGHEST SLP 30.57 ON 2
DPTR FM NORMAL -66 LOWEST SLP 29.73 ON 14
[REMARKS]
#FINAL-11-20#