000
CXUS55 KSEW 010930
CF6UIL
PRELIMINARY LOCAL CLIMATOLOGICAL DATA (WS FORM: F-6)
STATION: QUILLAYUTE WA AIRPORT
MONTH: APRIL
YEAR: 2021
LATITUDE: 47 57 N
LONGITUDE: 124 33 W
TEMPERATURE IN F: :PCPN: SNOW: WIND :SUNSHINE: SKY :PK WND
================================================================================
1 2 3 4 5 6A 6B 7 8 9 10 11 12 13 14 15 16 17 18
12Z AVG MX 2MIN
DY MAX MIN AVG DEP HDD CDD WTR SNW DPTH SPD SPD DIR MIN PSBL S-S WX SPD DR
================================================================================
1 51 34 43 -2 22 0 0.01 M M 3.3 13 250 M M 8 1 18 240
2 52 37 45 0 20 0 0.00 M M 3.7 16 190 M M 10 1 23 220
3 53 39 46 0 19 0 0.15 M M 4.7 13 200 M M 9 1 20 200
4 50 33 42 -4 23 0 T M M 5.2 17 290 M M 4 25 270
5 53 31 42 -4 23 0 T M M 5.3 15 250 M M 6 20 230
6 52 28 40 -6 25 0 0.00 M M 4.1 15 270 M M 5 20 250
7 47 40 44 -2 21 0 0.58 M M 4.2 15 230 M M 9 1 22 230
8 50 33 42 -4 23 0 T M M 6.6 16 270 M M 5 18 21 270
9 44 33 39 -7 26 0 0.44 M M 7.5 23 230 M M 10 1 30 210
10 47 32 40 -6 25 0 0.03 M M 5.8 21 260 M M 5 1 28 260
11 53 31 42 -4 23 0 0.00 M M 6.9 16 260 M M 2 21 260
12 59 28 44 -2 21 0 0.00 M M 9.7 28 50 M M 0 40 70
13 63 37 50 4 15 0 0.00 M M 11.5 25 40 M M 0 37 50
14 72 31 52 6 13 0 0.00 M M 8.5 23 50 M M 0 30 50
15 70 34 52 6 13 0 0.00 M M 2.9 12 250 M M 0 14 270
16 80 37 59 12 6 0 0.00 M M 5.3 15 320 M M 0 22 290
17 79 41 60 13 5 0 0.00 M M 5.6 14 250 M M 0 17 270
18 72 41 57 10 8 0 0.00 M M 3.9 15 260 M M 0 17 260
19 63 37 50 3 15 0 0.00 M M 4.2 14 240 M M 2 1 19 250
20 58 44 51 4 14 0 0.00 M M 4.3 12 240 M M 6 12 16 230
21 59 41 50 3 15 0 0.00 M M 4.1 16 250 M M 8 12 20 250
22 61 38 50 3 15 0 0.00 M M 5.1 13 230 M M 5 1 18 230
23 52 44 48 0 17 0 0.08 M M 4.3 13 180 M M 9 1 18 180
24 50 44 47 -1 18 0 0.49 M M 2.1 9 190 M M 10 1 15 180
25 54 43 49 1 16 0 0.05 M M 3.5 13 230 M M 8 1 17 200
26 59 38 49 1 16 0 0.04 M M 4.9 14 250 M M 6 1 20 220
27 56 36 46 -2 19 0 T M M 4.2 14 220 M M 8 1 19 190
28 59 43 51 3 14 0 0.00 M M 2.5 9 260 M M 6 13 230
29 61 44 53 5 12 0 0.05 M M 5.3 14 250 M M 4 1 20 210
30 57 48 53 4 12 0 0.51 M M 5.6 13 290 M M 8 1 17 200
================================================================================
SM 1736 1120 514 0 2.43 M 154.8 M 153
================================================================================
AV 57.9 37.3 5.2 FASTST M M 5 MAX(MPH)
MISC ----> 28 50 40 70
================================================================================
NOTES:
# LAST OF SEVERAL OCCURRENCES
COLUMN 17 PEAK WIND IN M.P.H.
PRELIMINARY LOCAL CLIMATOLOGICAL DATA (WS FORM: F-6) , PAGE 2
STATION: QUILLAYUTE WA AIRPORT
MONTH: APRIL
YEAR: 2021
LATITUDE: 47 57 N
LONGITUDE: 124 33 W
[TEMPERATURE DATA] [PRECIPITATION DATA] SYMBOLS USED IN COLUMN 16
AVERAGE MONTHLY: 47.6 TOTAL FOR MONTH: 2.43 1 = FOG OR MIST
DPTR FM NORMAL: 0.9 DPTR FM NORMAL: -5.42 2 = FOG REDUCING VISIBILITY
HIGHEST: 80 ON 16 GRTST 24HR 0.58 ON 7- 7 TO 1/4 MILE OR LESS
LOWEST: 28 ON 12, 6 3 = THUNDER
SNOW, ICE PELLETS, HAIL 4 = ICE PELLETS
TOTAL MONTH: M 5 = HAIL
GRTST 24HR M ON M 6 = FREEZING RAIN OR DRIZZLE
GRTST DEPTH: M ON M 7 = DUSTSTORM OR SANDSTORM:
VSBY 1/2 MILE OR LESS
8 = SMOKE OR HAZE
[NO. OF DAYS WITH] [WEATHER - DAYS WITH] 9 = BLOWING SNOW
X = TORNADO
MAX 32 OR BELOW: 0 0.01 INCH OR MORE: 11
MAX 90 OR ABOVE: 0 0.10 INCH OR MORE: 5
MIN 32 OR BELOW: 6 0.50 INCH OR MORE: 2
MIN 0 OR BELOW: 0 1.00 INCH OR MORE: 0
[HDD (BASE 65) ]
TOTAL THIS MO. 514 CLEAR (SCALE 0-3) 9
DPTR FM NORMAL -35 PTCLDY (SCALE 4-7) 13
TOTAL FM JUL 1 4740 CLOUDY (SCALE 8-10) 8
DPTR FM NORMAL -302
[CDD (BASE 65) ]
TOTAL THIS MO. 0
DPTR FM NORMAL 0 [PRESSURE DATA]
TOTAL FM JAN 1 0 HIGHEST SLP M ON M
DPTR FM NORMAL 0 LOWEST SLP 29.68 ON 25
[REMARKS]
#FINAL-04-21#