000
CXUS56 KSEW 011033
CLMUIL
CLIMATE REPORT
NATIONAL WEATHER SERVICE SEATTLE
333 AM PDT TUE AUG 01 2023
...................................
...THE QUILLAYUTE WA AIRPORT CLIMATE SUMMARY FOR THE MONTH OF JULY 2023...
CLIMATE NORMAL PERIOD 1991 TO 2020
CLIMATE RECORD PERIOD 1966 TO 2023
WEATHER OBSERVED NORMAL DEPART LAST YEAR`S
VALUE DATE(S) VALUE FROM VALUE DATE(S)
NORMAL
................................................................
TEMPERATURE (F)
RECORD
HIGH 97 07/19/1988
10/07/5881
10/07/5881
LOW 38 07/05/2002
07/14/2000
07/18/1977
HIGHEST 93 07/04 MM MM 85 07/26
LOWEST 45 07/03 MM MM 48 07/30
AVG. MAXIMUM 73.1 67.6 5.5 69.9
AVG. MINIMUM 53.0 51.0 2.0 53.1
MEAN 63.1 59.3 3.8 61.5
DAYS MAX >= 90 1 0.3 0.7 0
DAYS MAX <= 32 0 0.0 0.0 0
DAYS MIN <= 32 0 0.0 0.0 0
DAYS MIN <= 0 0 0.0 0.0 0
PRECIPITATION (INCHES)
RECORD
MAXIMUM 11.02 1983
MINIMUM 0.01 2013
TOTALS 1.34 1.58 -0.24 1.17
DAILY AVG. 0.04 0.05 -0.01 0.04
DAYS >= .01 5 9.0 -4.0 8
DAYS >= .10 2 3.4 -1.4 3
DAYS >= .50 1 0.8 0.2 1
DAYS >= 1.00 1 0.2 0.8 0
GREATEST
24 HR. TOTAL 1.04 07/24 TO 07/24
DEGREE DAYS
HEATING TOTAL 70 184 -114 116
SINCE 7/1 70 184 -114 MM
COOLING TOTAL 16 7 9 15
SINCE 1/1 34 11 23 MM
................................................................
WIND (MPH)
AVERAGE WIND SPEED 4.8
HIGHEST WIND SPEED/DIRECTION 18/320 DATE 07/18
HIGHEST GUST SPEED/DIRECTION 29/310 DATE 07/04
29/140 07/24
SKY COVER
POSSIBLE SUNSHINE (PERCENT) MM
AVERAGE SKY COVER 0.49
NUMBER OF DAYS FAIR 10
NUMBER OF DAYS PC 15
NUMBER OF DAYS CLOUDY 6
AVERAGE RH (PERCENT) 69
WEATHER CONDITIONS. NUMBER OF DAYS WITH
THUNDERSTORM 0 MIXED PRECIP 0
HEAVY RAIN 2 RAIN 1
LIGHT RAIN 8 FREEZING RAIN 0
LT FREEZING RAIN 0 HAIL 0
HEAVY SNOW 0 SNOW 0
LIGHT SNOW 0 SLEET 0
FOG 11 FOG W/VIS <= 1/4 MILE 3
HAZE 9
- INDICATES NEGATIVE NUMBERS.
R INDICATES RECORD WAS SET OR TIED.
MM INDICATES DATA IS MISSING.
T INDICATES TRACE AMOUNT.
$$