000
CXUS56 KSEW 011139
CLMUIL
CLIMATE REPORT
NATIONAL WEATHER SERVICE SEATTLE
339 AM PST FRI MAR 01 2024
...................................
...THE QUILLAYUTE WA AIRPORT CLIMATE SUMMARY FOR THE MONTH OF FEBRUARY 2024...
CLIMATE NORMAL PERIOD 1991 TO 2020
CLIMATE RECORD PERIOD 1966 TO 2024
WEATHER OBSERVED NORMAL DEPART LAST YEAR`S
VALUE DATE(S) VALUE FROM VALUE DATE(S)
NORMAL
................................................................
TEMPERATURE (F)
RECORD
HIGH 99 02/13/2023
LOW 11 02/02/1989
HIGHEST 59 02/01 MM MM 53 02/09
02/23
LOWEST 30 02/06 MM MM 22 02/25
AVG. MAXIMUM 52.2 49.1 3.1 45.9
AVG. MINIMUM 39.2 35.2 4.0 34.2
MEAN 45.7 42.1 3.6 40.1
DAYS MAX >= 90 0 0.0 0.0 0
DAYS MAX <= 32 0 0.1 -0.1 0
DAYS MIN <= 32 2 10.4 -8.4 10
DAYS MIN <= 0 0 0.0 0.0 0
PRECIPITATION (INCHES)
RECORD
MAXIMUM 26.20 1999
MINIMUM 0.87 1993
TOTALS 9.75 9.73 0.02 10.85
DAILY AVG. 0.34 NAN NAN 0.42
DAYS >= .01 21 18.9 2.1 21
DAYS >= .10 16 14.6 1.4 18
DAYS >= .50 8 6.8 1.2 9
DAYS >= 1.00 3 3.0 0.0 2
GREATEST
24 HR. TOTAL 1.88 02/28 TO 02/28
DEGREE DAYS
HEATING TOTAL 553 640 -87 616
SINCE 7/1 2764 3796 -1032 MM
COOLING TOTAL 0 0 0 0
SINCE 1/1 0 0 0 MM
................................................................
WIND (MPH)
AVERAGE WIND SPEED 5.4
HIGHEST WIND SPEED/DIRECTION 25/050 DATE 02/15
HIGHEST GUST SPEED/DIRECTION 47/180 DATE 02/28
SKY COVER
POSSIBLE SUNSHINE (PERCENT) MM
AVERAGE SKY COVER 0.71
NUMBER OF DAYS FAIR 4
NUMBER OF DAYS PC 9
NUMBER OF DAYS CLOUDY 16
AVERAGE RH (PERCENT) 75
WEATHER CONDITIONS. NUMBER OF DAYS WITH
THUNDERSTORM 0 MIXED PRECIP 0
HEAVY RAIN 3 RAIN 10
LIGHT RAIN 21 FREEZING RAIN 0
LT FREEZING RAIN 0 HAIL 0
HEAVY SNOW 0 SNOW 0
LIGHT SNOW 0 SLEET 0
FOG 20 FOG W/VIS <= 1/4 MILE 1
HAZE 6
- INDICATES NEGATIVE NUMBERS.
R INDICATES RECORD WAS SET OR TIED.
MM INDICATES DATA IS MISSING.
T INDICATES TRACE AMOUNT.
$$