000
CXUS53 KLSX 021450
CF6UIN
PRELIMINARY LOCAL CLIMATOLOGICAL DATA (WS FORM: F-6)
STATION: QUINCY IL
MONTH: DECEMBER
YEAR: 2020
LATITUDE: 39 57 N
LONGITUDE: 91 12 W
TEMPERATURE IN F: :PCPN: SNOW: WIND :SUNSHINE: SKY :PK WND
================================================================================
1 2 3 4 5 6A 6B 7 8 9 10 11 12 13 14 15 16 17 18
12Z AVG MX 2MIN
DY MAX MIN AVG DEP HDD CDD WTR SNW DPTH SPD SPD DIR MIN PSBL S-S WX SPD DR
================================================================================
1 38 15 27 -8 38 0 0.00 0.0 0 3.6 9 290 M M 0 12 290
2 47 20 34 0 31 0 0.00 0.0 0 4.0 8 80 M M 0 10 80
3 47 23 35 1 30 0 0.00 0.0 0 5.6 13 240 M M 4 17 250
4 51 28 40 7 25 0 0.00 0.0 0 7.8 16 280 M M 0 18 23 270
5 51 26 39 6 26 0 0.00 0.0 0 3.4 8 120 M M 0 10 120
6 43 27 35 2 30 0 0.00 0.0 0 4.9 12 350 M M 8 18 15 340
7 36 33 35 3 30 0 0.00 0.0 0 4.8 16 320 M M 10 18 21 300
8 44 32 38 6 27 0 0.00 0.0 0 6.2 15 210 M M 6 18 19 230
9 61 34 48 17 17 0 0.00 0.0 0 6.3 10 270 M M 0 17 310
10 63 32 48 17 17 0 0.00 0.0 0 6.4 10 210 M M 0 16 180
11 51 42 47 16 18 0 0.90 0.0 0 8.6 16 80 M M 6 1 21 90
12 42 32 37 7 28 0 T 0.0 0 10.2 15 320 M M 10 1 20 320
13 35 26 31 1 34 0 0.00 0.0 0 7.2 21 310 M M 9 1 25 330
14 32 20 26 -4 39 0 0.00 0.0 0 8.5 17 340 M M 3 26 310
15 30 19 25 -5 40 0 0.00 0.0 0 8.3 14 80 M M 2 18 70
16 30 18 24 -5 41 0 0.00 0.0 0 6.2 14 300 M M 6 1 18 300
17 32 17 25 -4 40 0 0.00 0.0 0 5.6 10 120 M M 5 18 13 120
18 45 22 34 5 31 0 0.00 0.0 0 11.6 20 150 M M 1 18 29 160
19 44 30 37 8 28 0 0.00 0.0 0 7.9 17 180 M M 8 18 25 180
20 44 24 34 6 31 0 0.00 0.0 0 7.6 16 210 M M 1 1 20 220
21 55 35 45 17 20 0 0.00 0.0 0 16.1 33 290 M M 2 46 280
22 52 25 39 11 26 0 0.00 0.0 0 11.5 21 170 M M 1 32 190
23 62 20 41 13 24 0 T M 0 20.8 36 200 M M 6 48 200
24 21 8 15 -13 50 0 T M 0 18.9 29 290 M M 4 39 280
25 25 5 15 -13 50 0 0.00 0.0 0 11.1 18 310 M M 1 25 320
26 44 18 31 4 34 0 0.00 0.0 0 5.9 15 120 M M 0 19 240
27 57 28 43 16 22 0 T 0.0 0 13.0 24 310 M M 2 35 290
28 31 18 25 -2 40 0 0.00 0.0 0 8.3 17 320 M M 7 23 310
29 34 19 27 0 38 0 0.17 M 0 11.4 24 140 M M 8 16 32 140
30 41 23 32 5 33 0 0.17 M M 11.2 21 290 M M 7 1 28 280
31 32 23 28 1 37 0 0.00 0.0 0 6.6 16 70 M M 5 22 60
================================================================================
SM 1320 742 975 0 1.24 0.0 269.5 M 122
================================================================================
AV 42.6 23.9 8.7 FASTST M M 4 MAX(MPH)
MISC ----> 36 200 48 200
================================================================================
NOTES:
# LAST OF SEVERAL OCCURRENCES
COLUMN 17 PEAK WIND IN M.P.H.
PRELIMINARY LOCAL CLIMATOLOGICAL DATA (WS FORM: F-6) , PAGE 2
STATION: QUINCY IL
MONTH: DECEMBER
YEAR: 2020
LATITUDE: 39 57 N
LONGITUDE: 91 12 W
[TEMPERATURE DATA] [PRECIPITATION DATA] SYMBOLS USED IN COLUMN 16
AVERAGE MONTHLY: 33.3 TOTAL FOR MONTH: 1.24 1 = FOG OR MIST
DPTR FM NORMAL: 3.5 DPTR FM NORMAL: -1.01 2 = FOG REDUCING VISIBILITY
HIGHEST: 63 ON 10 GRTST 24HR 0.90 ON 11 TO 1/4 MILE OR LESS
LOWEST: 5 ON 25 3 = THUNDER
SNOW, ICE PELLETS, HAIL 4 = ICE PELLETS
TOTAL MONTH: M INCH 5 = HAIL
GRTST 24HR: M 6 = FREEZING RAIN OR DRIZZLE
GRTST DEPTH: M 7 = DUSTSTORM OR SANDSTORM:
VSBY 1/2 MILE OR LESS
8 = SMOKE OR HAZE
[NO. OF DAYS WITH] [WEATHER - DAYS WITH] 9 = BLOWING SNOW
X = TORNADO
MAX 32 OR BELOW: 8 0.01 INCH OR MORE: 3
MAX 90 OR ABOVE: 0 0.10 INCH OR MORE: 3
MIN 32 OR BELOW: 27 0.50 INCH OR MORE: 1
MIN 0 OR BELOW: 0 1.00 INCH OR MORE: 0
[HDD (BASE 65) ]
TOTAL THIS MO. 975 CLEAR (SCALE 0-3) 15
DPTR FM NORMAL -116 PTCLDY (SCALE 4-7) 10
TOTAL FM JUL 1 1974 CLOUDY (SCALE 8-10) 6
DPTR FM NORMAL -217
[CDD (BASE 65) ]
TOTAL THIS MO. 0
DPTR FM NORMAL 0 [PRESSURE DATA]
TOTAL FM JAN 1 1172 HIGHEST SLP 30.55 ON 29
DPTR FM NORMAL 78 LOWEST SLP 29.47 ON 23
[REMARKS]
#FINAL-12-20#