000
CXUS53 KSGF 010810
CF6UNO
PRELIMINARY LOCAL CLIMATOLOGICAL DATA (WS FORM: F-6)
STATION: WEST PLAINS MO
MONTH: FEBRUARY
YEAR: 2022
LATITUDE: 36 52 N
LONGITUDE: 91 55 W
TEMPERATURE IN F: :PCPN: SNOW: WIND :SUNSHINE: SKY :PK WND
================================================================================
1 2 3 4 5 6A 6B 7 8 9 10 11 12 13 14 15 16 17 18
12Z AVG MX 2MIN
DY MAX MIN AVG DEP HDD CDD WTR SNW DPTH SPD SPD DIR MIN PSBL S-S WX SPD DR
================================================================================
1 60 42 51 15 14 0 0.07 M M 7.9 21 180 M M 9 1 31 170
2 53 20 37 1 28 0 0.80 M M 13.6 22 30 M M 10 168 33 10
3 20 16 18 -18 47 0 M M M 14.3 22 20 M M 10 18 31 10
4 33 16 25 -11 40 0 T M M 8.2 15 350 M M 4 18 22 340
5 38 9 24 -13 41 0 0.00 M M 5.1 10 160 M M 0 16 150
6 45 13 29 -8 36 0 0.00 M M 3.4 12 170 M M 0 14 160
7 49 24 37 0 28 0 0.00 M M 5.5 13 360 M M 1 22 340
8 61 32 47 10 18 0 0.00 M M 7.6 16 220 M M 0 8 28 220
9 61 34 48 10 17 0 0.00 M M 8.6 21 280 M M 0 32 310
10 57 28 43 5 22 0 0.00 M M 4.5 16 260 M M 0 22 270
11 62 37 50 12 15 0 0.00 M M 9.2 18 320 M M 4 27 330
12 39 20 30 -8 35 0 0.00 M M 9.3 18 350 M M 0 30 330
13 46 16 31 -7 34 0 0.00 M M 6.3 20 320 M M 1 27 320
14 58 21 40 1 25 0 0.00 M M 3.2 9 350 M M 0 15 110
15 66 27 47 8 18 0 0.00 M M 10.1 25 170 M M 0 35 200
16 64 50 57 18 8 0 0.18 M M 12.6 24 190 M M 8 13 42 200
17 61 19 40 1 25 0 1.79 M M 11.8 26 340 M M 9 138 37 320
18 44 14 29 -11 36 0 0.00 M M 5.5 13 250 M M 0 21 240
19 50 28 39 -1 26 0 0.00 M M 7.1 15 40 M M 0 21 10
20 62 30 46 6 19 0 0.00 M M 9.3 21 200 M M 0 34 200
21 68 40 54 14 11 0 0.00 M M 9.9 21 170 M M 3 12 29 170
22 64 24 44 3 21 0 1.41 M M 12.2 23 270 M M 9 123 36 280
23 25 19 22 -19 43 0 0.16 M M 10.5 17 20 M M 9 1 24 360
24 31 20 26 -15 39 0 0.01 M M 6.9 17 310 M M 10 1236 26 300
25 34 18 26 -16 39 0 T M M 7.8 20 320 M M 4 31 310
26 41 19 30 -12 35 0 0.00 M M 4.2 10 70 M M 3 1 14 90
27 53 21 37 -5 28 0 0.00 M M 3.7 13 350 M M 0 1 18 10
28 63 27 45 3 20 0 0.00 M M 6.0 13 250 M M 0 19 240
================================================================================
SM 1408 684 768 0 4.42 M 224.3 M 94
================================================================================
AV 50.3 24.4 8.0 FASTST M M 3 MAX(MPH)
MISC ----> 26 340 42 200
================================================================================
NOTES:
# LAST OF SEVERAL OCCURRENCES
COLUMN 17 PEAK WIND IN M.P.H.
PRELIMINARY LOCAL CLIMATOLOGICAL DATA (WS FORM: F-6) , PAGE 2
STATION: WEST PLAINS MO
MONTH: FEBRUARY
YEAR: 2022
LATITUDE: 36 52 N
LONGITUDE: 91 55 W
[TEMPERATURE DATA] [PRECIPITATION DATA] SYMBOLS USED IN COLUMN 16
AVERAGE MONTHLY: 37.4 TOTAL FOR MONTH: 4.42 1 = FOG OR MIST
DPTR FM NORMAL: -1.5 DPTR FM NORMAL: 1.31 2 = FOG REDUCING VISIBILITY
HIGHEST: 68 ON 21 GRTST 24HR 1.97 ON 16-17 TO 1/4 MILE OR LESS
LOWEST: 9 ON 5 3 = THUNDER
SNOW, ICE PELLETS, HAIL 4 = ICE PELLETS
TOTAL MONTH: M 5 = HAIL
GRTST 24HR M ON M 6 = FREEZING RAIN OR DRIZZLE
GRTST DEPTH: M ON M 7 = DUSTSTORM OR SANDSTORM:
VSBY 1/2 MILE OR LESS
8 = SMOKE OR HAZE
[NO. OF DAYS WITH] [WEATHER - DAYS WITH] 9 = BLOWING SNOW
X = TORNADO
MAX 32 OR BELOW: 3 0.01 INCH OR MORE: 7
MAX 90 OR ABOVE: 0 0.10 INCH OR MORE: 5
MIN 32 OR BELOW: 23 0.50 INCH OR MORE: 3
MIN 0 OR BELOW: 0 1.00 INCH OR MORE: 2
[HDD (BASE 65) ]
TOTAL THIS MO. 768 CLEAR (SCALE 0-3) 16
DPTR FM NORMAL 37 PTCLDY (SCALE 4-7) 5
TOTAL FM JUL 1 2872 CLOUDY (SCALE 8-10) 7
DPTR FM NORMAL -505
[CDD (BASE 65) ]
TOTAL THIS MO. 0
DPTR FM NORMAL 0 [PRESSURE DATA]
TOTAL FM JAN 1 0 HIGHEST SLP M ON M
DPTR FM NORMAL 0 LOWEST SLP 29.65 ON 17
[REMARKS]
#FINAL-02-22#