000
CXUS54 KHGX 011410
CF6UTS
PRELIMINARY LOCAL CLIMATOLOGICAL DATA (WS FORM: F-6)
STATION: HUNTSVILLE
MONTH: JULY
YEAR: 2023
LATITUDE: 30 45 N
LONGITUDE: 95 35 W
TEMPERATURE IN F: :PCPN: SNOW: WIND :SUNSHINE: SKY :PK WND
================================================================================
1 2 3 4 5 6A 6B 7 8 9 10 11 12 13 14 15 16 17 18
12Z AVG MX 2MIN
DY MAX MIN AVG DEP HDD CDD WTR SNW DPTH SPD SPD DIR MIN PSBL S-S WX SPD DR
================================================================================
1 100 79 90 7 0 25 0.00 0.0 0 5.1 13 240 M M 1 20 250
2 98 79 89 6 0 24 0.00 0.0 0 4.4 13 250 M M 1 20 230
3 98 77 88 4 0 23 0.00 0.0 0 4.6 12 190 M M 1 18 220
4 97 79 88 4 0 23 T 0.0 0 5.7 15 170 M M 2 3 26 170
5 96 75 86 2 0 21 0.20 0.0 0 4.5 30 200 M M 2 38 47 200
6 92 76 84 0 0 19 0.11 0.0 0 5.0 22 210 M M 2 13 35 200
7 93 75 84 0 0 19 0.00 0.0 0 5.9 24 190 M M 1 3 36 190
8 99 76 88 4 0 23 0.00 0.0 0 6.4 14 180 M M 2 21 210
9 100 80 90 6 0 25 0.00 0.0 0 8.2 18 190 M M 3 27 180
10 100 82 91 7 0 26 0.00 0.0 0 6.7 13 190 M M 3 20 200
11 100 83 92 8 0 27 0.00 0.0 0 7.9 21 190 M M 2 31 200
12 102 81 92 8 0 27 0.00 0.0 0 10.5 20 190 M M 1 8 32 180
13 103 84 94 10 0 29 0.00 0.0 0 10.2 18 190 M M 3 26 210
14 102 79 91 7 0 26 0.00 0.0 0 10.0 16 200 M M 2 26 190
15 102 81 92 8 0 27 0.00 0.0 0 8.4 15 200 M M 2 8 24 200
16 102 82 92 8 0 27 0.00 0.0 0 4.9 13 200 M M 0 20 200
17 103 79 91 7 0 26 0.00 0.0 0 5.9 13 190 M M 1 18 220
18 103 79 91 7 0 26 0.00 0.0 0 7.4 14 190 M M 1 8 21 230
19 103 80 92 7 0 27 0.00 0.0 0 7.2 16 200 M M 1 8 26 200
20 102 79 91 6 0 26 0.00 0.0 0 6.6 14 200 M M 2 20 210
21 102 80 91 6 0 26 0.00 0.0 0 5.9 12 200 M M 0 18 220
22 105 80 93 8 0 28 0.00 0.0 0 5.6 12 290 M M 1 18 250
23 100 78 89 4 0 24 0.00 0.0 0 1.9 8 20 M M 2 16 350
24 104 77 91 6 0 26 0.00 0.0 0 4.5 12 190 M M 1 17 180
25 102 81 92 7 0 27 0.00 0.0 0 6.2 14 190 M M 1 20 200
26 102 80 91 6 0 26 0.00 0.0 0 5.5 12 190 M M 1 20 180
27 102 78 90 5 0 25 0.00 0.0 0 4.6 13 170 M M 1 8 20 170
28 102 77 90 5 0 25 0.00 0.0 0 4.1 12 190 M M 1 21 150
29 100 79 90 5 0 25 0.00 0.0 0 4.6 10 180 M M 1 16 170
30 105 79 92 7 0 27 0.00 0.0 0 4.2 10 200 M M 0 16 200
31 107 77 92 7 0 27 0.00 0.0 0 4.7 12 200 M M 1 8 19 90
================================================================================
SM 3126 2451 0 782 0.31 0.0 187.3 M 43
================================================================================
AV100.8 79.1 6.0 FASTST M M 1 MAX(MPH)
MISC ----> 30 200 47 200
================================================================================
NOTES:
# LAST OF SEVERAL OCCURRENCES
COLUMN 17 PEAK WIND IN M.P.H.
PRELIMINARY LOCAL CLIMATOLOGICAL DATA (WS FORM: F-6) , PAGE 2
STATION: HUNTSVILLE
MONTH: JULY
YEAR: 2023
LATITUDE: 30 45 N
LONGITUDE: 95 35 W
[TEMPERATURE DATA] [PRECIPITATION DATA] SYMBOLS USED IN COLUMN 16
AVERAGE MONTHLY: 90.0 TOTAL FOR MONTH: 0.31 1 = FOG OR MIST
DPTR FM NORMAL: 5.6 DPTR FM NORMAL: -2.44 2 = FOG REDUCING VISIBILITY
HIGHEST: 107 ON 31 GRTST 24HR 0.31 ON 5- 6 TO 1/4 MILE OR LESS
LOWEST: 75 ON 7, 5 3 = THUNDER
SNOW, ICE PELLETS, HAIL 4 = ICE PELLETS
TOTAL MONTH: 0.0 INCH 5 = HAIL
GRTST 24HR 0.0 6 = FREEZING RAIN OR DRIZZLE
GRTST DEPTH: 0 7 = DUSTSTORM OR SANDSTORM:
VSBY 1/2 MILE OR LESS
8 = SMOKE OR HAZE
[NO. OF DAYS WITH] [WEATHER - DAYS WITH] 9 = BLOWING SNOW
X = TORNADO
MAX 32 OR BELOW: 0 0.01 INCH OR MORE: 2
MAX 90 OR ABOVE: 31 0.10 INCH OR MORE: 2
MIN 32 OR BELOW: 0 0.50 INCH OR MORE: 0
MIN 0 OR BELOW: 0 1.00 INCH OR MORE: 0
[HDD (BASE 65) ]
TOTAL THIS MO. 0 CLEAR (SCALE 0-3) 31
DPTR FM NORMAL 0 PTCLDY (SCALE 4-7) 0
TOTAL FM JUL 1 0 CLOUDY (SCALE 8-10) 0
DPTR FM NORMAL 0
[CDD (BASE 65) ]
TOTAL THIS MO. 782
DPTR FM NORMAL 181 [PRESSURE DATA]
TOTAL FM JAN 1 2187 HIGHEST SLP 30.15 ON 25
DPTR FM NORMAL 477 LOWEST SLP 29.79 ON 13
[REMARKS]
#FINAL-07-23#