000
CXUS54 KEWX 132133
CF6UVA
PRELIMINARY LOCAL CLIMATOLOGICAL DATA (WS FORM: F-6)
STATION: UVALDE
MONTH: DECEMBER
YEAR: 2020
LATITUDE: 29 12 N
LONGITUDE: 99 44 W
TEMPERATURE IN F: :PCPN: SNOW: WIND :SUNSHINE: SKY :PK WND
================================================================================
1 2 3 4 5 6A 6B 7 8 9 10 11 12 13 14 15 16 17 18
12Z AVG MX 2MIN
DY MAX MIN AVG DEP HDD CDD WTR SNW DPTH SPD SPD DIR MIN PSBL S-S WX SPD DR
================================================================================
1 62 27 45 M 20 0 0.00 M M 5.5 14 150 M M 0 21 150
2 65 43 54 M 11 0 0.00 M M 10.6 22 310 M M 0 27 310
3 56 34 45 M 20 0 0.00 M M 9.2 16 330 M M 0 23 330
4 59 32 46 M 19 0 0.00 M M 2.6 6 160 M M 0 M M
5 58 40 49 M 16 0 0.00 M M 3.6 12 300 M M 7 M M
6 68 36 52 M 13 0 0.00 M M 7.4 16 320 M M 0 21 320
7 74 32 53 M 12 0 0.00 M M 3.1 9 170 M M 0 M M
8 77 35 56 M 9 0 0.00 0.0 0 2.4 9 260 M M 0 M M
9 78 35 57 M 8 0 0.00 M M 2.4 10 180 M M 0 M M
10 78 40 59 M 6 0 0.00 M M 6.6 14 170 M M 0 18 140
11 76 47 62 M 3 0 0.00 M M 3.7 12 320 M M 4 1 17 330
12 71 41 56 M 9 0 0.00 M M 6.0 13 80 M M 1 16 80
13 72 43 58 M 7 0 0.00 M M 13.5 35 310 M M 5 1 45 310
14 58 31 45 M 20 0 0.00 M M 5.5 17 330 M M 0 20 330
15 68 33 51 M 14 0 0.00 M M 6.2 13 320 M M 2 1 21 0
16 62 33 48 M 17 0 0.00 M M 6.1 10 70 M M 0 16 360
17 63 30 47 M 18 0 0.00 M M 6.4 8 100 M M 0 M M
18 65 35 50 M 15 0 0.00 M M 6.8 10 140 M M 7 M M
19 74 42 58 M 7 0 0.00 M M 6.0 16 320 M M 5 1 21 310
20 73 33 53 M 12 0 0.00 M M 3.7 15 270 M M 0 23 290
21 73 36 55 M 10 0 0.00 M M 4.2 10 190 M M 0 M M
22 69 47 58 M 7 0 0.00 M M 7.0 13 170 M M 9 21 160
23 80 50 65 M 0 0 0.00 M M 6.8 22 20 M M 5 1 35 20
24 57 33 45 M 20 0 0.00 M M 8.8 22 360 M M 0 29 360
25 69 30 50 M 15 0 0.00 M M 2.9 8 190 M M 0 M M
26 69 35 52 M 13 0 0.00 M M 4.8 12 180 M M 0 18 200
27 75 40 58 M 7 0 0.00 M M 5.3 8 60 M M 0 M M
28 78 51 65 M 0 0 0.00 M M 10.3 17 120 M M 7 1 25 120
29 77 64 71 M 0 6 0.00 M M 13.7 23 170 M M 6 29 170
30 71 47 59 M 6 0 0.00 M M 10.5 22 30 M M 10 3 31 20
31 47 34 41 M 24 0 0.00 M M 13.5 18 280 M M 10 3 26 280
================================================================================
SM 2122 1189 358 6 0.00 0.0 205.2 M 78
================================================================================
AV 68.5 38.4 6.6 FASTST M M 3 MAX(MPH)
MISC ----> 35 310 45 310
================================================================================
NOTES:
# LAST OF SEVERAL OCCURRENCES
COLUMN 17 PEAK WIND IN M.P.H.
PRELIMINARY LOCAL CLIMATOLOGICAL DATA (WS FORM: F-6) , PAGE 2
STATION: UVALDE
MONTH: DECEMBER
YEAR: 2020
LATITUDE: 29 12 N
LONGITUDE: 99 44 W
[TEMPERATURE DATA] [PRECIPITATION DATA] SYMBOLS USED IN COLUMN 16
AVERAGE MONTHLY: 53.4 TOTAL FOR MONTH: 0.00 1 = FOG OR MIST
DPTR FM NORMAL: 0.0 DPTR FM NORMAL: M 2 = FOG REDUCING VISIBILITY
HIGHEST: 80 ON 23 GRTST 24HR 0.00 ON 1- 1 TO 1/4 MILE OR LESS
LOWEST: 27 ON 1 3 = THUNDER
SNOW, ICE PELLETS, HAIL 4 = ICE PELLETS
TOTAL MONTH: 0.0 INCH 5 = HAIL
GRTST 24HR 0.0 6 = FREEZING RAIN OR DRIZZLE
GRTST DEPTH: 0 7 = DUSTSTORM OR SANDSTORM:
VSBY 1/2 MILE OR LESS
8 = SMOKE OR HAZE
[NO. OF DAYS WITH] [WEATHER - DAYS WITH] 9 = BLOWING SNOW
X = TORNADO
MAX 32 OR BELOW: 0 0.01 INCH OR MORE: 0
MAX 90 OR ABOVE: 0 0.10 INCH OR MORE: 0
MIN 32 OR BELOW: 6 0.50 INCH OR MORE: 0
MIN 0 OR BELOW: 0 1.00 INCH OR MORE: 0
[HDD (BASE 65) ]
TOTAL THIS MO. 358 CLEAR (SCALE 0-3) 20
DPTR FM NORMAL M PTCLDY (SCALE 4-7) 8
TOTAL FM JUL 1 489 CLOUDY (SCALE 8-10) 3
DPTR FM NORMAL M
[CDD (BASE 65) ]
TOTAL THIS MO. 6
DPTR FM NORMAL M [PRESSURE DATA]
TOTAL FM JAN 1 3280 HIGHEST SLP M ON M
DPTR FM NORMAL M LOWEST SLP M ON M
[REMARKS]
#FINAL-12-20#