498
CXUS54 KEWX 011011
CF6UVA
PRELIMINARY LOCAL CLIMATOLOGICAL DATA (WS FORM: F-6)
STATION: UVALDE
MONTH: SEPTEMBER
YEAR: 2020
LATITUDE: 29 12 N
LONGITUDE: 99 44 W
TEMPERATURE IN F: :PCPN: SNOW: WIND :SUNSHINE: SKY :PK WND
================================================================================
1 2 3 4 5 6A 6B 7 8 9 10 11 12 13 14 15 16 17 18
12Z AVG MX 2MIN
DY MAX MIN AVG DEP HDD CDD WTR SNW DPTH SPD SPD DIR MIN PSBL S-S WX SPD DR
================================================================================
1 96 81 89 M 0 24 0.00 M M 7.5 12 140 M M 6 17 130
2 91 76 84 M 0 19 0.00 M M 6.7 14 220 M M 1 20 220
3 99 72 86 M 0 21 0.06 M M 7.7 21 30 M M 3 3 29 30
4 94 71 83 M 0 18 0.00 M M 6.3 15 100 M M 4 31 100
5 92 71 82 M 0 17 0.20 M M 8.2 12 60 M M 7 16 80
6 92 70 81 M 0 16 0.00 M M 3.5 18 210 M M 3 24 210
7 90 66 78 M 0 13 0.00 M M 5.5 14 160 M M 1 21 170
8 92 76 84 M 0 19 0.00 M M 12.9 18 140 M M 6 3 25 110
9 81 60 71 M 0 6 0.02 M M 12.8 16 140 M M 9 22 130
10 68 57 63 M 2 0 0.03 M M 8.0 12 340 M M 10 1 M M
11 82 60 71 M 0 6 0.00 M M 3.6 7 290 M M 8 1 M M
12 91 67 79 M 0 14 0.00 M M 2.4 7 220 M M 3 M M
13 90 73 82 M 0 17 0.00 M M 7.8 17 320 M M 7 22 320
14 94 72 83 M 0 18 0.00 M M 7.8 14 60 M M 3 21 20
15 92 69 81 M 0 16 0.00 M M 5.3 12 50 M M 4 M M
16 91 71 81 M 0 16 0.31 M M 5.6 10 20 M M 3 M M
17 85 69 77 M 0 12 0.30 M M 5.3 12 260 M M 3 3 M M
18 90 66 78 M 0 13 0.00 M M 6.7 13 20 M M 2 16 70
19 88 66 77 M 0 12 0.00 M M 6.8 10 70 M M 1 16 40
20 89 58 74 M 0 9 0.00 M M 5.8 12 40 M M 0 M M
21 83 68 76 M 0 11 0.00 M M 8.8 14 40 M M 9 21 350
22 89 69 79 M 0 14 0.00 M M 7.5 13 40 M M 5 16 10
23 91 64 78 M 0 13 0.00 M M 5.2 10 360 M M 1 M M
24 89 62 76 M 0 11 0.00 M M 2.7 7 80 M M 2 M M
25 90 67 79 M 0 14 0.00 M M 5.7 9 190 M M 4 1 M M
26 94 68 81 M 0 16 0.00 M M 8.4 14 180 M M 5 22 150
27 99 74 87 M 0 22 0.00 M M 7.4 13 160 M M 3 10 170
28 81 66 74 M 0 9 0.00 M M 11.7 20 30 M M 9 29 30
29 83 49 66 M 0 1 0.00 M M 4.2 10 280 M M 1 M M
30 88 44 66 M 0 1 0.00 M M 2.8 9 200 M M 0 M M
================================================================================
SM 2674 2002 2 398 0.92 M 200.6 M 123
================================================================================
AV 89.1 66.7 6.7 FASTST M M 4 MAX(MPH)
MISC ----> # 21 30 # 31 100
================================================================================
NOTES:
# LAST OF SEVERAL OCCURRENCES
COLUMN 17 PEAK WIND IN M.P.H.
PRELIMINARY LOCAL CLIMATOLOGICAL DATA (WS FORM: F-6) , PAGE 2
STATION: UVALDE
MONTH: SEPTEMBER
YEAR: 2020
LATITUDE: 29 12 N
LONGITUDE: 99 44 W
[TEMPERATURE DATA] [PRECIPITATION DATA] SYMBOLS USED IN COLUMN 16
AVERAGE MONTHLY: 77.9 TOTAL FOR MONTH: 0.92 1 = FOG OR MIST
DPTR FM NORMAL: M DPTR FM NORMAL: M 2 = FOG REDUCING VISIBILITY
HIGHEST: 99 ON 27, 3 GRTST 24HR 0.31 ON 16-16 TO 1/4 MILE OR LESS
LOWEST: 44 ON 30 3 = THUNDER
SNOW, ICE PELLETS, HAIL 4 = ICE PELLETS
TOTAL MONTH: M 5 = HAIL
GRTST 24HR M ON M 6 = FREEZING RAIN OR DRIZZLE
GRTST DEPTH: M ON M 7 = DUSTSTORM OR SANDSTORM:
VSBY 1/2 MILE OR LESS
8 = SMOKE OR HAZE
[NO. OF DAYS WITH] [WEATHER - DAYS WITH] 9 = BLOWING SNOW
X = TORNADO
MAX 32 OR BELOW: 0 0.01 INCH OR MORE: 6
MAX 90 OR ABOVE: 18 0.10 INCH OR MORE: 3
MIN 32 OR BELOW: 0 0.50 INCH OR MORE: 0
MIN 0 OR BELOW: 0 1.00 INCH OR MORE: 0
[HDD (BASE 65) ]
TOTAL THIS MO. 2 CLEAR (SCALE 0-3) 12
DPTR FM NORMAL M PTCLDY (SCALE 4-7) 13
TOTAL FM JUL 1 2 CLOUDY (SCALE 8-10) 5
DPTR FM NORMAL M
[CDD (BASE 65) ]
TOTAL THIS MO. 398
DPTR FM NORMAL M [PRESSURE DATA]
TOTAL FM JAN 1 2912 HIGHEST SLP M ON M
DPTR FM NORMAL M LOWEST SLP M ON M
[REMARKS]
#FINAL-09-20#