000
CXUS56 KSTO 180618
CF6VCB
PRELIMINARY LOCAL CLIMATOLOGICAL DATA (WS FORM: F-6)
STATION: VACAVILLE
MONTH: NOVEMBER
YEAR: 2021
LATITUDE: 38 22 N
LONGITUDE: 121-58 E
TEMPERATURE IN F: :PCPN: SNOW: WIND :SUNSHINE: SKY :PK WND
================================================================================
1 2 3 4 5 6A 6B 7 8 9 10 11 12 13 14 15 16 17 18
12Z AVG MX 2MIN
DY MAX MIN AVG DEP HDD CDD WTR SNW DPTH SPD SPD DIR MIN PSBL S-S WX SPD DR
================================================================================
1 61 53 57 -2 8 0 T M M 4.2 13 210 M M 7 18 18 220
2 69 51 60 2 5 0 0.00 M M 1.8 8 360 M M 5 10 350
3 72 47 60 2 5 0 0.00 0.0 M 2.7 15 210 M M 0 20 210
4 71 48 60 2 5 0 T 0.0 M 4.7 15 220 M M 3 1 21 220
5 68 43 56 -2 9 0 0.00 M M 2.2 9 350 M M 0 12 210
6 66 50 58 1 7 0 0.00 M M 2.5 14 300 M M 3 20 310
7 64 40 52 -5 13 0 0.00 M M 4.3 10 30 M M 0 14 20
8 62 37 50 -6 15 0 0.20 M M 2.5 10 250 M M 3 1 15 160
9 59 49 54 -2 11 0 0.07 M M 4.7 14 160 M M 9 12 23 160
10 67 46 57 1 8 0 0.00 M M 2.5 8 20 M M 3 12 11 350
11 73 46 60 5 5 0 0.00 0.0 M 1.7 9 130 M M 0 12 13 140
12 66 46 56 1 9 0 0.00 M M 2.1 6 20 M M 7 128 8 50
13 65 47 56 1 9 0 0.00 0.0 M 2.3 7 150 M M 7 12 10 150
14 59 51 55 1 10 0 0.00 M M 3.7 8 350 M M 10 12 12 40
15 56 51 54 0 11 0 0.00 M M 2.0 10 350 M M 10 12 12 350
16 70 43 57 3 8 0 0.00 M M 4.9 14 20 M M 5 1 19 20
17 64 40 52 -1 13 0 0.00 M M 4.4 13 30 M M 0 1 17 40
18 58 41 50 -3 15 0 0.00 M M 2.4 7 190 M M 2 18 10 210
19 60 50 55 2 10 0 0.00 M M 5.1 16 360 M M 9 128 22 340
20 70 42 56 4 9 0 0.00 M M 6.3 15 350 M M 1 21 10
21 68 40 54 2 11 0 0.00 M M 5.4 15 10 M M 0 20 360
22 66 35 51 -1 14 0 0.00 M M 2.8 9 20 M M 0 13 20
23 65 37 51 -1 14 0 0.00 M M 8.2 26 350 M M 3 128 36 350
24 68 38 53 2 12 0 0.00 M M 12.3 31 360 M M 0 41 350
25 63 34 49 -2 16 0 0.00 M M 2.9 8 330 M M 0 8 12 20
26 68 37 53 2 12 0 0.00 0.0 M 0.6 6 180 M M 0 8 7 20
27 66 39 53 3 12 0 0.00 0.0 M 1.5 6 180 M M 0 1 8 180
28 69 41 55 5 10 0 0.00 M M 2.6 9 350 M M 0 18 11 360
29 70 41 56 6 9 0 0.00 M M 3.0 9 30 M M 0 1 12 10
30 68 38 53 3 12 0 0.00 M M 2.4 13 30 M M 1 12 15 20
================================================================================
SM 1971 1301 307 0 0.27 0.0 108.7 M 88
================================================================================
AV 65.7 43.4 3.6 FASTST M M 3 MAX(MPH)
MISC ----> 31 360 41 350
================================================================================
NOTES:
# LAST OF SEVERAL OCCURRENCES
COLUMN 17 PEAK WIND IN M.P.H.
PRELIMINARY LOCAL CLIMATOLOGICAL DATA (WS FORM: F-6) , PAGE 2
STATION: VACAVILLE
MONTH: NOVEMBER
YEAR: 2021
LATITUDE: 38 22 N
LONGITUDE: 121-58 E
[TEMPERATURE DATA] [PRECIPITATION DATA] SYMBOLS USED IN COLUMN 16
AVERAGE MONTHLY: 54.5 TOTAL FOR MONTH: 0.27 1 = FOG OR MIST
DPTR FM NORMAL: 0.5 DPTR FM NORMAL: -2.04 2 = FOG REDUCING VISIBILITY
HIGHEST: 73 ON 11 GRTST 24HR 0.22 ON 8- 9 TO 1/4 MILE OR LESS
LOWEST: 34 ON 25 3 = THUNDER
SNOW, ICE PELLETS, HAIL 4 = ICE PELLETS
TOTAL MONTH: 0.0 INCH 5 = HAIL
GRTST 24HR 0.0 6 = FREEZING RAIN OR DRIZZLE
GRTST DEPTH: M ON M 7 = DUSTSTORM OR SANDSTORM:
VSBY 1/2 MILE OR LESS
8 = SMOKE OR HAZE
[NO. OF DAYS WITH] [WEATHER - DAYS WITH] 9 = BLOWING SNOW
X = TORNADO
MAX 32 OR BELOW: 0 0.01 INCH OR MORE: 2
MAX 90 OR ABOVE: 0 0.10 INCH OR MORE: 1
MIN 32 OR BELOW: 0 0.50 INCH OR MORE: 0
MIN 0 OR BELOW: 0 1.00 INCH OR MORE: 0
[HDD (BASE 65) ]
TOTAL THIS MO. 307 CLEAR (SCALE 0-3) 19
DPTR FM NORMAL -25 PTCLDY (SCALE 4-7) 7
TOTAL FM JUL 1 426 CLOUDY (SCALE 8-10) 4
DPTR FM NORMAL 5
[CDD (BASE 65) ]
TOTAL THIS MO. 0
DPTR FM NORMAL -2 [PRESSURE DATA]
TOTAL FM JAN 1 1672 HIGHEST SLP 30.43 ON 25
DPTR FM NORMAL 281 LOWEST SLP 29.97 ON 8
[REMARKS]
#FINAL-11-21#