000
CXUS56 KSTO 051715
CF6VCB
PRELIMINARY LOCAL CLIMATOLOGICAL DATA (WS FORM: F-6)
STATION: VACAVILLE
MONTH: JANUARY
YEAR: 2024
LATITUDE: 38 22 N
LONGITUDE: 121-58 E
TEMPERATURE IN F: :PCPN: SNOW: WIND :SUNSHINE: SKY :PK WND
================================================================================
1 2 3 4 5 6A 6B 7 8 9 10 11 12 13 14 15 16 17 18
12Z AVG MX 2MIN
DY MAX MIN AVG DEP HDD CDD WTR SNW DPTH SPD SPD DIR MIN PSBL S-S WX SPD DR
================================================================================
1 64 37 51 4 14 0 0.00 M M 1.8 7 350 M M 1 1 9 360
2 51 37 44 -3 21 0 0.33 M M 4.4 12 190 M M 9 12 16 210
3 57 37 47 0 18 0 0.11 M M 4.1 12 360 M M 6 1 13 360
4 63 35 49 2 16 0 0.00 M M 1.4 6 10 M M 0 8 330
5 64 37 51 4 14 0 T M M 6.4 21 360 M M 1 1 25 340
6 55 34 45 -2 20 0 0.20 M M 6.0 18 200 M M 3 1 26 210
7 56 28 42 -5 23 0 0.00 M M 4.7 12 340 M M 0 14 340
8 58 37 48 1 17 0 0.00 M M 4.0 12 350 M M 3 15 340
9 58 36 47 0 18 0 0.01 M M 5.0 12 250 M M 7 1 14 250
10 57 34 46 -1 19 0 0.04 0.0 M 10.0 22 300 M M 6 1 29 300
11 57 32 45 -2 20 0 0.00 0.0 M 9.1 16 300 M M 0 21 300
12 55 31 43 -4 22 0 0.00 M M M M M M M 4 M M
13 51 45 48 1 17 0 1.00 M M M M M M M 10 1 M M
14 50 44 47 0 18 0 0.03 M M M M M M M 9 12 M M
15 60 37 49 2 16 0 0.00 M M M M M M M 3 1 M M
16 51 35 43 -5 22 0 0.50 M M 0.0 5 340 M M 9 1 6 70
17 62 40 51 3 14 0 T M M 4.3 14 220 M M 4 1 17 220
18 58 39 49 1 16 0 0.00 M M 3.4 12 360 M M 0 15 50
19 55 49 52 4 13 0 0.11 M M 3.6 13 70 M M 8 1 16 10
20 60 50 55 7 10 0 0.39 M M 6.9 16 210 M M 9 1 25 200
21 59 52 56 8 9 0 0.76 M M 6.9 15 150 M M 10 1 23 160
22 64 49 57 9 8 0 0.42 M M 4.8 13 150 M M 9 1 20 140
23 63 42 53 5 12 0 0.06 M M 2.7 10 220 M M 5 12 15 200
24 56 52 54 6 11 0 0.43 M M 4.1 10 150 M M 10 1 14 140
25 61 41 51 3 14 0 0.00 0.0 M 3.4 13 220 M M 2 17 220
26 60 48 54 6 11 0 0.00 0.0 M 3.5 9 330 M M 6 12 340
27 64 45 55 6 10 0 0.00 0.0 M 4.4 9 340 M M 0 13 320
28 72 45 59 10 6 0 0.00 M M 3.9 10 360 M M 0 1 15 20
29 71 41 56 7 9 0 0.00 M M 1.6 7 60 M M 1 12 10 50
30 70 47 59 10 6 0 0.00 M M 3.5 12 200 M M 0 1 18 220
31 61 52 57 8 8 0 1.03 M M 7.7 18 210 M M 6 1 29 160
================================================================================
SM 1843 1268 452 0 5.42 0.0 121.6 M 141
================================================================================
AV 59.5 40.9 4.5 FASTST M M 5 MAX(MPH)
MISC ----> 22 300 # 29 300
================================================================================
NOTES:
# LAST OF SEVERAL OCCURRENCES
COLUMN 17 PEAK WIND IN M.P.H.
PRELIMINARY LOCAL CLIMATOLOGICAL DATA (WS FORM: F-6) , PAGE 2
STATION: VACAVILLE
MONTH: JANUARY
YEAR: 2024
LATITUDE: 38 22 N
LONGITUDE: 121-58 E
[TEMPERATURE DATA] [PRECIPITATION DATA] SYMBOLS USED IN COLUMN 16
AVERAGE MONTHLY: 50.2 TOTAL FOR MONTH: 5.42 1 = FOG OR MIST
DPTR FM NORMAL: 2.5 DPTR FM NORMAL: 0.16 2 = FOG REDUCING VISIBILITY
HIGHEST: 72 ON 28 GRTST 24HR 2.00 ON 21-22 TO 1/4 MILE OR LESS
LOWEST: 28 ON 7 3 = THUNDER
SNOW, ICE PELLETS, HAIL 4 = ICE PELLETS
TOTAL MONTH: 0.0 INCH 5 = HAIL
GRTST 24HR 0.0 6 = FREEZING RAIN OR DRIZZLE
GRTST DEPTH: M ON M 7 = DUSTSTORM OR SANDSTORM:
VSBY 1/2 MILE OR LESS
8 = SMOKE OR HAZE
[NO. OF DAYS WITH] [WEATHER - DAYS WITH] 9 = BLOWING SNOW
X = TORNADO
MAX 32 OR BELOW: 0 0.01 INCH OR MORE: 15
MAX 90 OR ABOVE: 0 0.10 INCH OR MORE: 11
MIN 32 OR BELOW: 3 0.50 INCH OR MORE: 4
MIN 0 OR BELOW: 0 1.00 INCH OR MORE: 2
[HDD (BASE 65) ]
TOTAL THIS MO. 452 CLEAR (SCALE 0-3) 13
DPTR FM NORMAL -86 PTCLDY (SCALE 4-7) 10
TOTAL FM JUL 1 1249 CLOUDY (SCALE 8-10) 8
DPTR FM NORMAL -253
[CDD (BASE 65) ]
TOTAL THIS MO. 0
DPTR FM NORMAL 0 [PRESSURE DATA]
TOTAL FM JAN 1 0 HIGHEST SLP 30.39 ON 9
DPTR FM NORMAL 0 LOWEST SLP 29.60 ON 31
[REMARKS]
#FINAL-01-24#