000
CXUS56 KSTO 092345
CF6VCB
PRELIMINARY LOCAL CLIMATOLOGICAL DATA (WS FORM: F-6)
STATION: VACAVILLE AIRPORT CA
MONTH: JULY
YEAR: 2020
LATITUDE: 38 22 N
LONGITUDE: 121 58 W
TEMPERATURE IN F: :PCPN: SNOW: WIND :SUNSHINE: SKY :PK WND
================================================================================
1 2 3 4 5 6A 6B 7 8 9 10 11 12 13 14 15 16 17 18
12Z AVG MX 2MIN
DY MAX MIN AVG DEP HDD CDD WTR SNW DPTH SPD SPD DIR MIN PSBL S-S WX SPD DR
================================================================================
1 94 59 77 2 0 12 0.00 0.0 0 6.8 16 220 M M 0 23 220
2 87 57 72 -4 0 7 0.00 0.0 0 9.6 17 210 M M 0 23 210
3 90 55 73 -3 0 8 0.00 0.0 0 6.2 14 220 M M 0 19 220
4 98 54 76 0 0 11 0.00 0.0 0 4.1 13 210 M M 0 19 210
5 100 57 79 3 0 14 0.00 0.0 0 5.3 15 220 M M 0 8 22 230
6 94 56 75 -1 0 10 0.00 0.0 0 8.2 24 220 M M 0 31 220
7 92 52 72 -4 0 7 0.00 0.0 0 4.8 15 220 M M 0 19 220
8 97 58 78 2 0 13 0.00 0.0 0 5.7 16 220 M M 0 22 210
9 100 57 79 3 0 14 0.00 0.0 0 5.2 16 240 M M 0 21 260
10 101 57 79 3 0 14 0.00 0.0 0 4.0 14 190 M M 0 17 220
11 105 56 81 5 0 16 0.00 0.0 0 4.0 15 240 M M 0 23 220
12 105 54 80 4 0 15 0.00 0.0 0 3.7 16 220 M M 0 21 220
13 91 62 77 1 0 12 0.00 0.0 0 8.9 16 220 M M 0 22 220
14 92 59 76 0 0 11 0.00 0.0 0 7.4 14 210 M M 0 19 210
15 95 59 77 1 0 12 0.00 0.0 0 7.0 15 220 M M 0 21 210
16 93 61 77 1 0 12 0.00 0.0 0 7.7 18 220 M M 0 26 210
17 91 59 75 -1 0 10 0.00 0.0 0 8.9 22 220 M M 0 28 220
18 100 58 79 3 0 14 0.00 0.0 0 5.5 13 210 M M 0 18 220
19 96 63 80 4 0 15 0.00 0.0 0 8.1 17 210 M M 0 25 210
20 94 60 77 1 0 12 0.00 0.0 0 8.1 16 220 M M 0 22 210
21 94 58 76 0 0 11 0.00 0.0 0 7.4 18 210 M M 0 28 210
22 87 57 72 -4 0 7 0.00 0.0 0 9.5 18 220 M M 0 27 210
23 94 56 75 -1 0 10 0.00 0.0 0 7.2 14 190 M M 0 20 190
24 93 59 76 0 0 11 0.00 0.0 0 7.3 16 220 M M 0 29 210
25 96 56 76 0 0 11 0.00 0.0 0 5.8 16 220 M M 0 24 220
26 102 60 81 5 0 16 0.00 0.0 0 6.9 15 220 M M 0 19 220
27 103 63 83 7 0 18 0.00 0.0 0 7.2 18 230 M M 0 22 210
28 104 60 82 6 0 17 0.00 0.0 0 6.4 15 220 M M 0 19 220
29 101 59 80 4 0 15 0.00 0.0 0 7.4 15 230 M M 0 19 220
30 99 59 79 3 0 14 0.00 0.0 0 7.0 13 170 M M 0 18 180
31 100 57 79 3 0 14 0.00 0.0 0 7.5 15 260 M M 0 22 250
================================================================================
SM 2988 1797 0 383 0.00 0.0 208.8 M 0
================================================================================
AV 96.4 58.0 6.7 FASTST M M 0 MAX(MPH)
MISC ----> # 24 220 # 31 220
================================================================================
NOTES:
# LAST OF SEVERAL OCCURRENCES
COLUMN 17 PEAK WIND IN M.P.H.
PRELIMINARY LOCAL CLIMATOLOGICAL DATA (WS FORM: F-6) , PAGE 2
STATION: VACAVILLE AIRPORT CA
MONTH: JULY
YEAR: 2020
LATITUDE: 38 22 N
LONGITUDE: 121 58 W
[TEMPERATURE DATA] [PRECIPITATION DATA] SYMBOLS USED IN COLUMN 16
AVERAGE MONTHLY: 77.2 TOTAL FOR MONTH: 0.00 1 = FOG OR MIST
DPTR FM NORMAL: 1.1 DPTR FM NORMAL: 0.00 2 = FOG REDUCING VISIBILITY
HIGHEST: 105 ON 12,11 GRTST 24HR 0.00 ON 31-31 TO 1/4 MILE OR LESS
LOWEST: 52 ON 7 3 = THUNDER
SNOW, ICE PELLETS, HAIL 4 = ICE PELLETS
TOTAL MONTH: 0.0 INCH 5 = HAIL
GRTST 24HR 0.0 6 = FREEZING RAIN OR DRIZZLE
GRTST DEPTH: 0 7 = DUSTSTORM OR SANDSTORM:
VSBY 1/2 MILE OR LESS
8 = SMOKE OR HAZE
[NO. OF DAYS WITH] [WEATHER - DAYS WITH] 9 = BLOWING SNOW
X = TORNADO
MAX 32 OR BELOW: 0 0.01 INCH OR MORE: 0
MAX 90 OR ABOVE: 29 0.10 INCH OR MORE: 0
MIN 32 OR BELOW: 0 0.50 INCH OR MORE: 0
MIN 0 OR BELOW: 0 1.00 INCH OR MORE: 0
[HDD (BASE 65) ]
TOTAL THIS MO. 0 CLEAR (SCALE 0-3) 31
DPTR FM NORMAL 0 PTCLDY (SCALE 4-7) 0
TOTAL FM JUL 1 0 CLOUDY (SCALE 8-10) 0
DPTR FM NORMAL 0
[CDD (BASE 65) ]
TOTAL THIS MO. 383
DPTR FM NORMAL 37 [PRESSURE DATA]
TOTAL FM JAN 1 852 HIGHEST SLP M ON M
DPTR FM NORMAL 154 LOWEST SLP 29.69 ON 1
[REMARKS]
#FINAL-07-20#