000
CXUS54 KCRP 022143
CLMVCT
SATCLMVCT 000
TTAA00 CRP 022138
CLIMATE REPORT
NATIONAL WEATHER SERVICE CORPUS CHRISTI TX
321 PM CST FRI FEB 02 2024
...................................
...THE VICTORIA CLIMATE SUMMARY FOR THE MONTH OF JANUARY 2024...
CLIMATE NORMAL PERIOD 1991 TO 2020
CLIMATE RECORD PERIOD 1893 TO 2024
WEATHER OBSERVED NORMAL DEPART LAST YEAR`S
VALUE DATE(S) VALUE FROM VALUE DATE(S)
NORMAL
................................................................
TEMPERATURE (F)
RECORD
HIGH 88 01/30/1971
LOW 9 01/18/1930
HIGHEST 78 01/08 64 14 84 01/11
LOWEST 21 01/16 44 -23 33 01/23
01/17
01/26
AVG. MAXIMUM 62.5 65.2 -2.7 71.0
AVG. MINIMUM 41.7 43.6 -1.9 47.5
MEAN 52.1 54.4 -2.3 59.3
DAYS MAX >= 90 0 0.0 0.0 0
DAYS MAX <= 32 1 0.0 1.0 0
DAYS MIN <= 32 5 3.4 1.6 0
DAYS MIN <= 0 0 0.0 0.0 0
PRECIPITATION (INCHES)
RECORD
MAXIMUM 11.87 1934
MINIMUM 0.00 1912
1911
1909
TOTALS 7.67 2.67 5.00 6.17
DAILY AVG. 0.25 0.09 0.16 0.20
DAYS >= .01 12 8.9 3.1 8
DAYS >= .10 6 4.7 1.3 4
DAYS >= .50 4 1.9 2.1 2
DAYS >= 1.00 2 0.7 1.3 2
GREATEST
24 HR. TOTAL 3.48 01/21 TO 01/22 3.46 01/08 TO 01/08
SNOWFALL (INCHES)
RECORDS
TOTAL 3.0 1940
24 HR TOTAL 3.0 01/22/1940 TO 01/22/1940
TOTALS T MM MM 0.0
SINCE 7/1 T MM MM MM
SNOWDEPTH AVG. 0 0
DAYS >= 1.0 0 MM MM 0
GREATEST
SNOW DEPTH 0 0
24 HR TOTAL T 01/15 TO 01/15 0.0
DEGREE DAYS
HEATING TOTAL 395 345 50 220
SINCE 7/1 778 816 -38 MM
COOLING TOTAL 2 17 -15 50
SINCE 1/1 2 17 -15 MM
................................................................
WIND (MPH)
AVERAGE WIND SPEED 9.9
HIGHEST WIND SPEED/DIRECTION 35/320 DATE 01/12
HIGHEST GUST SPEED/DIRECTION 50/330 DATE 01/12
SKY COVER
AVERAGE SKY COVER 0.51
AVERAGE RH (PERCENT) 72
WEATHER CONDITIONS. NUMBER OF DAYS WITH
THUNDERSTORM 5 MIXED PRECIP 0
HEAVY RAIN 6 RAIN 6
LIGHT RAIN 12 FREEZING RAIN 1
LT FREEZING RAIN 1 HAIL 0
HEAVY SNOW 0 SNOW 0
LIGHT SNOW 0 SLEET 1
FOG 19 FOG W/VIS <= 1/4 MILE 5
HAZE 7
- INDICATES NEGATIVE NUMBERS.
R INDICATES RECORD WAS SET OR TIED.
MM INDICATES DATA IS MISSING.
T INDICATES TRACE AMOUNT.
$$
EMF