000
CXUS55 KVEF 010910
CF6VGT
PRELIMINARY LOCAL CLIMATOLOGICAL DATA (WS FORM: F-6)
STATION: NORTH_LAS_VEGAS NV
MONTH: JANUARY
YEAR: 2022
LATITUDE: 36 12 N
LONGITUDE: 115 12 W
TEMPERATURE IN F: :PCPN: SNOW: WIND :SUNSHINE: SKY :PK WND
================================================================================
1 2 3 4 5 6A 6B 7 8 9 10 11 12 13 14 15 16 17 18
12Z AVG MX 2MIN
DY MAX MIN AVG DEP HDD CDD WTR SNW DPTH SPD SPD DIR MIN PSBL S-S WX SPD DR
================================================================================
1 49 33 41 -6 24 0 0.00 M M 12.4 29 310 M M 0 36 310
2 47 26 37 -10 28 0 0.00 M M 3.4 10 100 M M 0 11 100
3 50 28 39 -8 26 0 0.00 M M 4.3 9 150 M M 0 14 150
4 56 32 44 -3 21 0 0.00 M M 3.6 9 290 M M 0 11 320
5 59 36 48 1 17 0 0.00 M M 3.2 10 330 M M 0 12 330
6 63 38 51 3 14 0 0.00 M M 3.6 8 330 M M 0 10 330
7 64 38 51 3 14 0 0.00 M M 3.4 13 80 M M 0 15 80
8 65 47 56 8 9 0 0.00 M M 11.2 21 330 M M 0 25 310
9 63 42 53 5 12 0 0.00 M M 8.2 18 330 M M 0 23 330
10 62 38 50 2 15 0 0.00 M M 5.2 16 320 M M 0 20 320
11 62 41 52 4 13 0 0.00 M M 6.4 15 310 M M 0 20 320
12 67 42 55 7 10 0 0.00 M M 4.4 12 310 M M 0 14 320
13 64 43 54 6 11 0 0.00 M M 3.4 12 300 M M 0 13 300
14 68 47 58 10 7 0 0.00 M M 10.1 23 330 M M 0 30 330
15 60 42 51 2 14 0 0.00 M M 4.7 15 340 M M 0 21 340
16 64 37 51 2 14 0 0.00 M M 3.7 13 320 M M 0 16 310
17 62 40 51 2 14 0 T M M 3.3 8 90 M M 2 10 70
18 60 44 52 3 13 0 0.02 M M 2.7 8 170 M M 5 9 170
19 64 42 53 4 12 0 0.00 M M 5.8 12 360 M M 0 16 360
20 62 42 52 3 13 0 0.00 M M 5.9 20 340 M M 0 25 330
21 62 41 52 3 13 0 0.00 M M 9.6 23 320 M M 5 31 300
22 64 47 56 7 9 0 0.00 M M 15.0 28 330 M M 1 40 330
23 64 46 55 5 10 0 0.00 M M 9.2 22 340 M M 0 27 350
24 66 45 56 6 9 0 0.00 M M 6.1 18 320 M M 0 23 320
25 62 42 52 2 13 0 0.00 M M 11.6 37 310 M M 0 45 300
26 57 38 48 -2 17 0 0.00 M M 4.3 12 340 M M 0 15 330
27 64 40 52 2 13 0 0.00 M M 8.8 22 70 M M 0 27 70
28 62 36 49 -1 16 0 0.00 M M 5.3 18 90 M M 0 21 90
29 62 36 49 -1 16 0 0.00 M M 4.1 9 310 M M 0 14 310
30 65 41 53 3 12 0 0.00 M M 6.0 14 340 M M 0 16 340
31 57 38 48 -2 17 0 0.00 M M 2.8 10 340 M M 0 12 340
================================================================================
SM 1896 1228 446 0 0.02 M 191.7 M 13
================================================================================
AV 61.2 39.6 6.2 FASTST M M 0 MAX(MPH)
MISC ----> 37 310 45 300
================================================================================
NOTES:
# LAST OF SEVERAL OCCURRENCES
COLUMN 17 PEAK WIND IN M.P.H.
PRELIMINARY LOCAL CLIMATOLOGICAL DATA (WS FORM: F-6) , PAGE 2
STATION: NORTH_LAS_VEGAS NV
MONTH: JANUARY
YEAR: 2022
LATITUDE: 36 12 N
LONGITUDE: 115 12 W
[TEMPERATURE DATA] [PRECIPITATION DATA] SYMBOLS USED IN COLUMN 16
AVERAGE MONTHLY: 50.4 TOTAL FOR MONTH: 0.02 1 = FOG OR MIST
DPTR FM NORMAL: 1.7 DPTR FM NORMAL: -0.65 2 = FOG REDUCING VISIBILITY
HIGHEST: 68 ON 14 GRTST 24HR 0.02 ON 18-18 TO 1/4 MILE OR LESS
LOWEST: 26 ON 2 3 = THUNDER
SNOW, ICE PELLETS, HAIL 4 = ICE PELLETS
TOTAL MONTH: M 5 = HAIL
GRTST 24HR M ON M 6 = FREEZING RAIN OR DRIZZLE
GRTST DEPTH: M ON M 7 = DUSTSTORM OR SANDSTORM:
VSBY 1/2 MILE OR LESS
8 = SMOKE OR HAZE
[NO. OF DAYS WITH] [WEATHER - DAYS WITH] 9 = BLOWING SNOW
X = TORNADO
MAX 32 OR BELOW: 0 0.01 INCH OR MORE: 1
MAX 90 OR ABOVE: 0 0.10 INCH OR MORE: 0
MIN 32 OR BELOW: 3 0.50 INCH OR MORE: 0
MIN 0 OR BELOW: 0 1.00 INCH OR MORE: 0
[HDD (BASE 65) ]
TOTAL THIS MO. 446 CLEAR (SCALE 0-3) 29
DPTR FM NORMAL -59 PTCLDY (SCALE 4-7) 2
TOTAL FM JUL 1 1025 CLOUDY (SCALE 8-10) 0
DPTR FM NORMAL -353
[CDD (BASE 65) ]
TOTAL THIS MO. 0
DPTR FM NORMAL 0 [PRESSURE DATA]
TOTAL FM JAN 1 0 HIGHEST SLP M ON M
DPTR FM NORMAL 0 LOWEST SLP 29.77 ON 7
[REMARKS]
#FINAL-01-22#