000
CXUS53 KSGF 010810
CF6VIH
PRELIMINARY LOCAL CLIMATOLOGICAL DATA (WS FORM: F-6)
STATION: VICHY-ROLLA MO
MONTH: DECEMBER
YEAR: 2023
LATITUDE: 38 7 N
LONGITUDE: 91 46 W
TEMPERATURE IN F: :PCPN: SNOW: WIND :SUNSHINE: SKY :PK WND
================================================================================
1 2 3 4 5 6A 6B 7 8 9 10 11 12 13 14 15 16 17 18
12Z AVG MX 2MIN
DY MAX MIN AVG DEP HDD CDD WTR SNW DPTH SPD SPD DIR MIN PSBL S-S WX SPD DR
================================================================================
1 51 39 45 6 20 0 0.27 M M 11.3 18 270 M M 10 1 24 270
2 42 39 41 2 24 0 0.15 M M 4.7 10 100 M M 10 1 15 190
3 53 38 46 7 19 0 0.01 M M 10.2 22 260 M M 4 1 30 260
4 47 33 40 2 25 0 0.04 M M 9.8 18 260 M M 6 1 26 290
5 43 37 40 2 25 0 T M M 11.9 24 290 M M 8 36 280
6 50 20 35 -3 30 0 0.00 M M 8.4 18 190 M M 2 1 24 190
7 67 41 54 16 11 0 0.00 M M 17.4 24 180 M M 0 35 180
8 61 47 54 17 11 0 T M M 14.6 23 180 M M 6 32 170
9 60 38 49 12 16 0 T M M 13.2 26 310 M M 6 38 310
10 44 22 33 -4 32 0 0.00 M M 9.4 17 290 M M 1 23 310
11 52 23 38 2 27 0 0.00 M M 8.1 18 180 M M 0 23 180
12 55 25 40 4 25 0 0.00 M M 6.9 12 320 M M 0 14 310
13 57 33 45 9 20 0 0.00 M M 8.0 14 120 M M 0 19 100
14 60 30 45 9 20 0 0.00 M M 8.6 14 160 M M 0 20 170
15 62 42 52 16 13 0 0.01 M M 10.6 20 170 M M 2 8 26 200
16 50 39 45 10 20 0 0.16 M M 8.7 17 260 M M 10 1 22 250
17 51 38 45 10 20 0 0.00 M M 8.9 15 290 M M 5 1 22 290
18 38 19 29 -6 36 0 0.00 M M 11.8 23 320 M M 0 34 300
19 46 14 30 -5 35 0 0.00 M M 10.1 21 170 M M 0 27 170
20 60 36 48 14 17 0 0.00 M M 13.2 22 180 M M 0 32 180
21 53 41 47 13 18 0 0.19 M M 9.4 15 190 M M 9 1 19 180
22 52 47 50 16 15 0 0.31 M M 9.6 15 190 M M 10 1 19 180
23 60 48 54 20 11 0 0.00 M M 7.2 13 210 M M 7 1 15 210
24 65 51 58 24 7 0 0.04 M M 13.8 26 170 M M 8 1 38 180
25 57 34 46 13 19 0 0.34 M M 13.9 22 230 M M 10 1 30 260
26 46 30 38 5 27 0 0.00 M M 11.1 21 220 M M 5 33 220
27 42 31 37 4 28 0 0.12 M M 7.5 18 190 M M 10 1 31 180
28 44 32 38 5 27 0 0.05 M M 11.4 20 320 M M 9 1 29 310
29 34 30 32 -1 33 0 0.01 M M 9.9 17 290 M M 10 1 25 280
30 48 24 36 4 29 0 0.00 M M 9.8 16 240 M M 0 1 22 260
31 38 31 35 3 30 0 0.00 M M 10.0 18 310 M M 8 27 330
================================================================================
SM 1588 1052 690 0 1.70 M 319.4 M 156
================================================================================
AV 51.2 33.9 10.3 FASTST M M 5 MAX(MPH)
MISC ----> # 26 310 # 38 310
================================================================================
NOTES:
# LAST OF SEVERAL OCCURRENCES
COLUMN 17 PEAK WIND IN M.P.H.
PRELIMINARY LOCAL CLIMATOLOGICAL DATA (WS FORM: F-6) , PAGE 2
STATION: VICHY-ROLLA MO
MONTH: DECEMBER
YEAR: 2023
LATITUDE: 38 7 N
LONGITUDE: 91 46 W
[TEMPERATURE DATA] [PRECIPITATION DATA] SYMBOLS USED IN COLUMN 16
AVERAGE MONTHLY: 42.6 TOTAL FOR MONTH: 1.70 1 = FOG OR MIST
DPTR FM NORMAL: 7.2 DPTR FM NORMAL: -0.61 2 = FOG REDUCING VISIBILITY
HIGHEST: 67 ON 7 GRTST 24HR 0.50 ON 21-22 TO 1/4 MILE OR LESS
LOWEST: 14 ON 19 3 = THUNDER
SNOW, ICE PELLETS, HAIL 4 = ICE PELLETS
TOTAL MONTH: M 5 = HAIL
GRTST 24HR M ON M 6 = FREEZING RAIN OR DRIZZLE
GRTST DEPTH: M ON M 7 = DUSTSTORM OR SANDSTORM:
VSBY 1/2 MILE OR LESS
8 = SMOKE OR HAZE
[NO. OF DAYS WITH] [WEATHER - DAYS WITH] 9 = BLOWING SNOW
X = TORNADO
MAX 32 OR BELOW: 0 0.01 INCH OR MORE: 13
MAX 90 OR ABOVE: 0 0.10 INCH OR MORE: 7
MIN 32 OR BELOW: 13 0.50 INCH OR MORE: 0
MIN 0 OR BELOW: 0 1.00 INCH OR MORE: 0
[HDD (BASE 65) ]
TOTAL THIS MO. 690 CLEAR (SCALE 0-3) 12
DPTR FM NORMAL -226 PTCLDY (SCALE 4-7) 10
TOTAL FM JUL 1 1392 CLOUDY (SCALE 8-10) 9
DPTR FM NORMAL -460
[CDD (BASE 65) ]
TOTAL THIS MO. 0
DPTR FM NORMAL 0 [PRESSURE DATA]
TOTAL FM JAN 1 1363 HIGHEST SLP M ON M
DPTR FM NORMAL 56 LOWEST SLP 29.64 ON 8
[REMARKS]
#FINAL-12-23#