000
CXUS52 KTAE 010900
CF6VLD
PRELIMINARY LOCAL CLIMATOLOGICAL DATA (WS FORM: F-6)
STATION: VALDOSTA
MONTH: DECEMBER
YEAR: 2023
LATITUDE: 30 46 N
LONGITUDE: 83 17 W
TEMPERATURE IN F: :PCPN: SNOW: WIND :SUNSHINE: SKY :PK WND
================================================================================
1 2 3 4 5 6A 6B 7 8 9 10 11 12 13 14 15 16 17 18
12Z AVG MX 2MIN
DY MAX MIN AVG DEP HDD CDD WTR SNW DPTH SPD SPD DIR MIN PSBL S-S WX SPD DR
================================================================================
1 81 53 67 11 0 2 0.06 0.0 0 4.7 16 180 M M 3 1 22 180
2 71 64 68 13 0 3 2.72 M M 2.8 17 170 M M 8 1 24 170
3 76 66 71 16 0 6 0.24 M M 2.4 12 180 M M 8 1 15 190
4 73 50 62 7 3 0 0.00 M M 0.3 6 250 M M 3 1 12 270
5 70 44 57 2 8 0 0.00 0.0 M 0.6 6 310 M M 0 13 310
6 64 39 52 -3 13 0 0.00 0.0 M 2.6 18 10 M M 0 25 10
7 66 35 51 -3 14 0 0.00 M M 1.3 8 160 M M 0 1 11 170
8 71 43 57 3 8 0 0.00 0.0 M 1.1 10 180 M M 4 14 160
9 82 52 67 13 0 2 0.00 0.0 M 3.2 16 170 M M 2 1 22 170
10 67 49 58 4 7 0 1.39 0.0 0 4.9 14 180 M M 7 13 27 330
11 61 37 49 -5 16 0 0.00 0.0 0 1.3 10 10 M M 1 18 20
12 63 36 50 -4 15 0 0.00 0.0 0 5.7 13 40 M M 0 19 50
13 62 46 54 0 11 0 0.00 0.0 0 8.0 15 40 M M 1 23 40
14 68 49 59 6 6 0 0.00 0.0 0 11.5 20 50 M M 1 27 50
15 68 46 57 4 8 0 0.00 0.0 0 9.1 16 50 M M 3 23 50
16 66 51 59 6 6 0 0.94 0.0 0 7.9 15 60 M M 5 1 24 40
17 63 58 61 8 4 0 1.97 0.0 0 12.0 32 10 M M 10 1 48 10
18 64 46 55 2 10 0 0.00 0.0 0 1.5 7 300 M M 2 17 310
19 52 35 44 -9 21 0 0.00 0.0 M 5.2 17 10 M M 0 23 360
20 59 34 47 -5 18 0 0.00 0.0 M 4.6 12 60 M M 0 19 80
21 65 38 52 0 13 0 0.00 0.0 M 3.1 8 20 M M 0 13 80
22 68 40 54 2 11 0 0.00 0.0 M 2.4 8 40 M M 3 13 100
23 75 46 61 9 4 0 0.00 0.0 M 3.3 12 130 M M 0 1 18 130
24 72 55 64 12 1 0 0.00 0.0 0 6.4 13 100 M M 2 20 110
25 74 64 69 17 0 4 0.18 0.0 M 8.5 25 130 M M 9 1 38 140
26 76 58 67 15 0 2 0.01 0.0 M 1.2 10 160 M M 6 1 13 160
27 68 53 61 9 4 0 0.00 0.0 M 1.2 6 240 M M 1 13 330
28 68 48 58 7 7 0 0.00 0.0 M 0.9 9 210 M M 3 15 220
29 56 35 46 -5 19 0 0.00 0.0 M 1.8 12 280 M M 0 19 300
30 61 34 48 -3 17 0 0.00 0.0 M 0.8 9 270 M M 1 17 300
31 63 32 48 -3 17 0 0.00 0.0 0 1.2 8 200 M M 0 1 14 240
================================================================================
SM 2093 1436 261 19 7.51 0.0 121.5 M 83
================================================================================
AV 67.5 46.3 3.9 FASTST M M 3 MAX(MPH)
MISC ----> 32 10 48 10
================================================================================
NOTES:
# LAST OF SEVERAL OCCURRENCES
COLUMN 17 PEAK WIND IN M.P.H.
PRELIMINARY LOCAL CLIMATOLOGICAL DATA (WS FORM: F-6) , PAGE 2
STATION: VALDOSTA
MONTH: DECEMBER
YEAR: 2023
LATITUDE: 30 46 N
LONGITUDE: 83 17 W
[TEMPERATURE DATA] [PRECIPITATION DATA] SYMBOLS USED IN COLUMN 16
AVERAGE MONTHLY: 56.9 TOTAL FOR MONTH: 7.51 1 = FOG OR MIST
DPTR FM NORMAL: 3.7 DPTR FM NORMAL: 4.39 2 = FOG REDUCING VISIBILITY
HIGHEST: 82 ON 9 GRTST 24HR 2.91 ON 16-17 TO 1/4 MILE OR LESS
LOWEST: 32 ON 31 3 = THUNDER
SNOW, ICE PELLETS, HAIL 4 = ICE PELLETS
TOTAL MONTH: 0.0 INCH 5 = HAIL
GRTST 24HR 0.0 6 = FREEZING RAIN OR DRIZZLE
GRTST DEPTH: 0 7 = DUSTSTORM OR SANDSTORM:
VSBY 1/2 MILE OR LESS
8 = SMOKE OR HAZE
[NO. OF DAYS WITH] [WEATHER - DAYS WITH] 9 = BLOWING SNOW
X = TORNADO
MAX 32 OR BELOW: 0 0.01 INCH OR MORE: 8
MAX 90 OR ABOVE: 0 0.10 INCH OR MORE: 6
MIN 32 OR BELOW: 1 0.50 INCH OR MORE: 4
MIN 0 OR BELOW: 0 1.00 INCH OR MORE: 3
[HDD (BASE 65) ]
TOTAL THIS MO. 261 CLEAR (SCALE 0-3) 21
DPTR FM NORMAL -118 PTCLDY (SCALE 4-7) 8
TOTAL FM JUL 1 422 CLOUDY (SCALE 8-10) 2
DPTR FM NORMAL -216
[CDD (BASE 65) ]
TOTAL THIS MO. 19
DPTR FM NORMAL 7 [PRESSURE DATA]
TOTAL FM JAN 1 3022 HIGHEST SLP 30.58 ON 14
DPTR FM NORMAL 611 LOWEST SLP 29.65 ON 17
[REMARKS]
#FINAL-12-23#