000
CXUS52 KTAE 010800
CF6VLD
PRELIMINARY LOCAL CLIMATOLOGICAL DATA (WS FORM: F-6)
STATION: VALDOSTA
MONTH: AUGUST
YEAR: 2023
LATITUDE: 30 46 N
LONGITUDE: 83 17 W
TEMPERATURE IN F: :PCPN: SNOW: WIND :SUNSHINE: SKY :PK WND
================================================================================
1 2 3 4 5 6A 6B 7 8 9 10 11 12 13 14 15 16 17 18
12Z AVG MX 2MIN
DY MAX MIN AVG DEP HDD CDD WTR SNW DPTH SPD SPD DIR MIN PSBL S-S WX SPD DR
================================================================================
1 98 75 87 5 0 22 0.00 0.0 0 2.6 16 80 M M 1 1 25 70
2 93 73 83 1 0 18 T 0.0 0 4.2 14 160 M M 4 1 19 160
3 95 73 84 2 0 19 0.00 0.0 0 1.8 9 140 M M 1 14 140
4 91 74 83 1 0 18 0.24 0.0 0 2.4 14 350 M M 2 13 27 360
5 93 74 84 2 0 19 0.38 0.0 0 1.0 14 160 M M 4 13 22 100
6 96 74 85 3 0 20 0.19 0.0 M 1.3 14 360 M M 2 123 25 10
7 97 73 85 3 0 20 T 0.0 0 2.4 16 180 M M 1 13 22 170
8 97 75 86 4 0 21 0.84 0.0 0 1.8 20 360 M M 2 1238 31 10
9 96 74 85 3 0 20 0.00 0.0 0 1.0 7 10 M M 2 1 14 30
10 94 79 87 5 0 22 0.07 0.0 0 3.0 10 190 M M 2 13 17 320
11 97 78 88 6 0 23 0.00 0.0 0 1.9 12 170 M M 1 13 16 200
12 98 74 86 4 0 21 0.00 0.0 0 1.2 10 20 M M 0 15 360
13 100 78 89 7 0 24 0.16 0.0 0 1.6 23 40 M M 2 33 40
14 101 77 89 7 0 24 0.04 0.0 0 1.9 15 160 M M 2 13 19 230
15 96 76 86 4 0 21 0.06 0.0 0 2.2 10 190 M M 1 13 22 200
16 95 74 85 3 0 20 1.01 0.0 0 3.7 29 270 M M 4 123 29 270
17 93 74 84 3 0 19 T 0.0 0 1.4 7 160 M M 4 13 12 210
18 95 71 83 2 0 18 0.00 0.0 0 0.7 8 360 M M 2 1 14 330
19 96 73 85 4 0 20 0.00 0.0 0 2.1 9 10 M M 1 1 13 30
20 94 77 86 5 0 21 0.08 0.0 0 4.6 18 140 M M 2 13 27 130
21 96 74 85 4 0 20 0.00 0.0 0 2.9 12 70 M M 2 12 16 70
22 98 74 86 5 0 21 0.00 0.0 0 1.3 10 10 M M 1 1 16 20
23 96 76 86 5 0 21 0.00 0.0 0 4.2 15 80 M M 2 1 24 90
24 95 70 83 2 0 18 0.00 0.0 0 3.3 12 30 M M 1 1 17 30
25 97 73 85 4 0 20 0.38 0.0 0 1.9 22 60 M M 3 138 31 60
26 96 74 85 4 0 20 0.00 0.0 0 2.1 9 50 M M 1 13 13 70
27 96 74 85 4 0 20 0.00 0.0 0 3.6 12 160 M M 1 1 15 150
28 96 75 86 6 0 21 0.05 0.0 0 3.3 18 150 M M 4 3 28 160
29 90 75 83 3 0 18 0.43 0.0 0 3.1 10 80 M M 3 138 17 80
30 M 76 M M M M 7.04 0.0 0 13.9 39 50 M M 7 123 67 50
31 90 75 83 3 0 18 0.00 0.0 0 M M M M M 0 M M
================================================================================
SM 2865 2312 0 607 10.97 0.0 82.4 M 65
================================================================================
AV 95.5 74.6 2.7 FASTST M M 2 MAX(MPH)
MISC ----> 39 50 67 50
================================================================================
NOTES:
# LAST OF SEVERAL OCCURRENCES
COLUMN 17 PEAK WIND IN M.P.H.
PRELIMINARY LOCAL CLIMATOLOGICAL DATA (WS FORM: F-6) , PAGE 2
STATION: VALDOSTA
MONTH: AUGUST
YEAR: 2023
LATITUDE: 30 46 N
LONGITUDE: 83 17 W
[TEMPERATURE DATA] [PRECIPITATION DATA] SYMBOLS USED IN COLUMN 16
AVERAGE MONTHLY: 85.0 TOTAL FOR MONTH: 10.97 1 = FOG OR MIST
DPTR FM NORMAL: 3.8 DPTR FM NORMAL: 5.86 2 = FOG REDUCING VISIBILITY
HIGHEST: 101 ON 14 GRTST 24HR 7.04 ON 30-30 TO 1/4 MILE OR LESS
LOWEST: 70 ON 24 3 = THUNDER
SNOW, ICE PELLETS, HAIL 4 = ICE PELLETS
TOTAL MONTH: 0.0 INCH 5 = HAIL
GRTST 24HR 0.0 6 = FREEZING RAIN OR DRIZZLE
GRTST DEPTH: 0 7 = DUSTSTORM OR SANDSTORM:
VSBY 1/2 MILE OR LESS
8 = SMOKE OR HAZE
[NO. OF DAYS WITH] [WEATHER - DAYS WITH] 9 = BLOWING SNOW
X = TORNADO
MAX 32 OR BELOW: 0 0.01 INCH OR MORE: 14
MAX 90 OR ABOVE: 30 0.10 INCH OR MORE: 9
MIN 32 OR BELOW: 0 0.50 INCH OR MORE: 3
MIN 0 OR BELOW: 0 1.00 INCH OR MORE: 2
[HDD (BASE 65) ]
TOTAL THIS MO. 0 CLEAR (SCALE 0-3) 25
DPTR FM NORMAL 0 PTCLDY (SCALE 4-7) 6
TOTAL FM JUL 1 0 CLOUDY (SCALE 8-10) 0
DPTR FM NORMAL 0
[CDD (BASE 65) ]
TOTAL THIS MO. 607
DPTR FM NORMAL 103 [PRESSURE DATA]
TOTAL FM JAN 1 2351 HIGHEST SLP M ON M
DPTR FM NORMAL 509 LOWEST SLP 29.76 ON 27
[REMARKS]
#FINAL-08-23#