000
CXUS52 KFFC 011010
CF6VPC
PRELIMINARY LOCAL CLIMATOLOGICAL DATA (WS FORM: F-6)
STATION: CARTERSVILLE
MONTH: SEPTEMBER
YEAR: 2020
LATITUDE: 34 7 N
LONGITUDE: 84 51 W
TEMPERATURE IN F: :PCPN: SNOW: WIND :SUNSHINE: SKY :PK WND
================================================================================
1 2 3 4 5 6A 6B 7 8 9 10 11 12 13 14 15 16 17 18
12Z AVG MX 2MIN
DY MAX MIN AVG DEP HDD CDD WTR SNW DPTH SPD SPD DIR MIN PSBL S-S WX SPD DR
================================================================================
1 92 72 82 6 0 17 0.00 M M 1.0 7 170 M M 3 1 9 190
2 91 72 82 6 0 17 0.00 M M 1.1 7 190 M M 1 1 14 200
3 93 69 81 5 0 16 0.00 M M 1.6 7 230 M M 0 18 13 220
4 93 70 82 7 0 17 0.07 M M 0.9 9 350 M M 2 18 15 360
5 89 62 76 1 0 11 0.00 M M 3.7 14 360 M M 0 17 10
6 86 58 72 -3 0 7 0.00 M M 2.2 9 30 M M 0 1 14 20
7 87 58 73 -2 0 8 0.00 M M 1.8 9 60 M M 0 1 12 40
8 88 62 75 1 0 10 0.00 M M 2.7 10 110 M M 1 13 120
9 88 61 75 1 0 10 0.00 M M 2.1 12 40 M M 2 1 18 110
10 88 69 79 5 0 14 0.00 M M 2.1 14 10 M M 5 1 17 10
11 93 69 81 8 0 16 0.00 0.0 M 1.7 9 50 M M 1 1 13 50
12 91 72 82 9 0 17 0.33 0.0 M 4.2 14 50 M M 4 138 20 90
13 89 71 80 7 0 15 0.00 0.0 M 2.6 10 150 M M 4 1 14 110
14 91 69 80 8 0 15 0.02 0.0 M 3.9 18 20 M M 4 13 23 10
15 77 71 74 2 0 9 0.00 0.0 M 7.3 14 80 M M 6 23 70
16 71 67 69 -2 0 4 0.64 0.0 M 6.6 14 90 M M 7 1 22 110
17 84 68 76 5 0 11 2.03 M M 7.2 17 360 M M 7 1 24 350
18 83 66 75 4 0 10 0.00 M M 4.7 13 10 M M 1 17 330
19 74 64 69 -1 0 4 0.00 M M 3.9 13 110 M M 5 23 110
20 75 58 67 -3 0 2 0.00 M M 6.2 13 70 M M 0 20 100
21 74 49 62 -7 3 0 0.00 M M 6.2 16 120 M M 0 26 100
22 74 48 61 -8 4 0 0.00 M M 1.3 9 360 M M 0 14 100
23 80 56 68 -1 0 3 T 0.0 M 1.4 9 360 M M 2 11 350
24 69 63 66 -2 0 1 1.69 M M 5.0 17 120 M M 9 1 26 120
25 79 68 74 6 0 9 0.27 M M 0.6 7 210 M M 10 18 10 180
26 81 65 73 6 0 8 0.00 M M 0.8 6 200 M M 8 1 8 30
27 86 67 77 10 0 12 T M M 3.6 13 160 M M 6 18 160
28 85 62 74 7 0 9 0.89 M M 4.8 12 350 M M 6 138 19 340
29 65 53 59 -7 6 0 0.08 M M 1.5 10 350 M M 6 1 15 350
30 75 47 61 -5 4 0 0.00 M M 1.0 7 210 M M 0 13 270
================================================================================
SM 2491 1906 17 272 6.02 0.0 93.7 M 100
================================================================================
AV 83.0 63.5 3.1 FASTST M M 3 MAX(MPH)
MISC ----> 18 20 # 26 100
================================================================================
NOTES:
# LAST OF SEVERAL OCCURRENCES
COLUMN 17 PEAK WIND IN M.P.H.
PRELIMINARY LOCAL CLIMATOLOGICAL DATA (WS FORM: F-6) , PAGE 2
STATION: CARTERSVILLE
MONTH: SEPTEMBER
YEAR: 2020
LATITUDE: 34 7 N
LONGITUDE: 84 51 W
[TEMPERATURE DATA] [PRECIPITATION DATA] SYMBOLS USED IN COLUMN 16
AVERAGE MONTHLY: 73.3 TOTAL FOR MONTH: 6.02 1 = FOG OR MIST
DPTR FM NORMAL: 1.9 DPTR FM NORMAL: 2.40 2 = FOG REDUCING VISIBILITY
HIGHEST: 93 ON 11, 4 GRTST 24HR 2.67 ON 16-17 TO 1/4 MILE OR LESS
LOWEST: 47 ON 30 3 = THUNDER
SNOW, ICE PELLETS, HAIL 4 = ICE PELLETS
TOTAL MONTH: 0.0 INCH 5 = HAIL
GRTST 24HR 0.0 6 = FREEZING RAIN OR DRIZZLE
GRTST DEPTH: M ON M 7 = DUSTSTORM OR SANDSTORM:
VSBY 1/2 MILE OR LESS
8 = SMOKE OR HAZE
[NO. OF DAYS WITH] [WEATHER - DAYS WITH] 9 = BLOWING SNOW
X = TORNADO
MAX 32 OR BELOW: 0 0.01 INCH OR MORE: 9
MAX 90 OR ABOVE: 7 0.10 INCH OR MORE: 6
MIN 32 OR BELOW: 0 0.50 INCH OR MORE: 4
MIN 0 OR BELOW: 0 1.00 INCH OR MORE: 2
[HDD (BASE 65) ]
TOTAL THIS MO. 17 CLEAR (SCALE 0-3) 15
DPTR FM NORMAL -1 PTCLDY (SCALE 4-7) 12
TOTAL FM JUL 1 17 CLOUDY (SCALE 8-10) 3
DPTR FM NORMAL 1
[CDD (BASE 65) ]
TOTAL THIS MO. 272
DPTR FM NORMAL 65 [PRESSURE DATA]
TOTAL FM JAN 1 1847 HIGHEST SLP 30.39 ON 21
DPTR FM NORMAL 375 LOWEST SLP 29.73 ON 17
[REMARKS]
#FINAL-09-20#