000
CXUS52 KMLB 260710
CF6VRB
PRELIMINARY LOCAL CLIMATOLOGICAL DATA (WS FORM: F-6)
STATION: VERO BEACH
MONTH: APRIL
YEAR: 2024
LATITUDE: 27 39 N
LONGITUDE: 80 25 W
TEMPERATURE IN F: :PCPN: SNOW: WIND :SUNSHINE: SKY :PK WND
================================================================================
1 2 3 4 5 6A 6B 7 8 9 10 11 12 13 14 15 16 17 18
12Z AVG MX 2MIN
DY MAX MIN AVG DEP HDD CDD WTR SNW DPTH SPD SPD DIR MIN PSBL S-S WX SPD DR
================================================================================
1 83 55 69 -1 0 4 0.00 0.0 0 9.6 22 130 M M 0 1 29 120
2 89 60 75 5 0 10 0.00 0.0 0 8.0 21 120 M M 1 26 210
3 91 67 79 9 0 14 0.11 0.0 0 14.6 31 270 M M 5 1 45 230
4 81 56 69 -1 0 4 0.02 0.0 0 11.5 21 250 M M 3 1 27 260
5 81 47 64 -6 1 0 0.00 0.0 0 8.1 20 260 M M 0 27 280
6 79 54 67 -4 0 2 0.00 0.0 0 8.0 17 20 M M 1 25 30
7 78 52 65 -6 0 0 0.00 0.0 0 7.7 15 20 M M 0 23 40
8 80 58 69 -2 0 4 0.00 0.0 0 10.8 20 110 M M 3 25 120
9 80 69 75 4 0 10 0.00 0.0 0 14.4 23 140 M M 4 29 130
10 85 72 79 8 0 14 0.00 0.0 0 17.9 30 130 M M 4 39 130
11 92 70 81 10 0 16 0.14 0.0 0 16.2 32 200 M M 5 13 49 210
12 80 60 70 -2 0 5 0.00 0.0 0 8.6 17 10 M M 1 23 340
13 78 49 64 -8 1 0 0.00 0.0 0 7.9 22 360 M M 0 28 360
14 81 46 64 -8 1 0 0.00 0.0 0 5.6 15 110 M M 0 22 40
15 80 53 67 -5 0 2 0.00 0.0 0 4.8 14 110 M M 1 20 140
16 82 56 69 -3 0 4 0.00 0.0 0 8.1 18 100 M M 1 26 110
17 82 70 76 4 0 11 0.00 0.0 0 10.4 18 120 M M 3 25 120
18 84 58 71 -1 0 6 0.00 0.0 0 6.3 14 130 M M 0 1 20 100
19 88 61 75 2 0 10 0.00 0.0 0 7.7 17 130 M M 1 1 24 140
20 88 65 77 4 0 12 0.00 0.0 0 7.2 17 140 M M 1 23 150
21 89 69 79 6 0 14 0.00 0.0 0 9.1 18 130 M M 3 3 24 130
22 77 67 72 -1 0 7 0.00 0.0 0 10.5 22 10 M M 6 8 34 10
23 78 54 66 -7 0 1 0.00 0.0 0 9.4 18 50 M M 2 26 60
24 80 53 67 -7 0 2 0.00 0.0 0 6.3 14 120 M M 1 21 110
25 83 56 70 -4 0 5 0.00 0.0 0 5.8 15 60 M M 0 20 80
================================================================================
SM 2069 1477 3 157 0.27 0.0 234.5 M 46
================================================================================
AV 82.8 59.1 9.4 FASTST M M 2 MAX(MPH)
MISC ----> 32 200 49 210
================================================================================
NOTES:
# LAST OF SEVERAL OCCURRENCES
COLUMN 17 PEAK WIND IN M.P.H.
PRELIMINARY LOCAL CLIMATOLOGICAL DATA (WS FORM: F-6) , PAGE 2
STATION: VERO BEACH
MONTH: APRIL
YEAR: 2024
LATITUDE: 27 39 N
LONGITUDE: 80 25 W
[TEMPERATURE DATA] [PRECIPITATION DATA] SYMBOLS USED IN COLUMN 16
AVERAGE MONTHLY: 70.9 TOTAL FOR MONTH: 0.27 1 = FOG OR MIST
DPTR FM NORMAL: -0.8 DPTR FM NORMAL: -2.29 2 = FOG REDUCING VISIBILITY
HIGHEST: 92 ON 11 GRTST 24HR 0.14 ON 11-11 TO 1/4 MILE OR LESS
LOWEST: 46 ON 14 3 = THUNDER
SNOW, ICE PELLETS, HAIL 4 = ICE PELLETS
TOTAL MONTH: 0.0 INCH 5 = HAIL
GRTST 24HR 0.0 6 = FREEZING RAIN OR DRIZZLE
GRTST DEPTH: 0 7 = DUSTSTORM OR SANDSTORM:
VSBY 1/2 MILE OR LESS
8 = SMOKE OR HAZE
[NO. OF DAYS WITH] [WEATHER - DAYS WITH] 9 = BLOWING SNOW
X = TORNADO
MAX 32 OR BELOW: 0 0.01 INCH OR MORE: 3
MAX 90 OR ABOVE: 2 0.10 INCH OR MORE: 2
MIN 32 OR BELOW: 0 0.50 INCH OR MORE: 0
MIN 0 OR BELOW: 0 1.00 INCH OR MORE: 0
[HDD (BASE 65) ]
TOTAL THIS MO. 3 CLEAR (SCALE 0-3) 20
DPTR FM NORMAL -2 PTCLDY (SCALE 4-7) 5
TOTAL FM JUL 1 252 CLOUDY (SCALE 8-10) 0
DPTR FM NORMAL -142
[CDD (BASE 65) ]
TOTAL THIS MO. 157
DPTR FM NORMAL -22 [PRESSURE DATA]
TOTAL FM JAN 1 510 HIGHEST SLP M ON M
DPTR FM NORMAL 34 LOWEST SLP 29.66 ON 3
[REMARKS]