000
CXUS55 KLBF 011510
CF6VTN
PRELIMINARY LOCAL CLIMATOLOGICAL DATA (WS FORM: F-6)
STATION: VALENTINE
MONTH: NOVEMBER
YEAR: 2022
LATITUDE: 42 52 N
LONGITUDE: 100 33 W
TEMPERATURE IN F: :PCPN: SNOW: WIND :SUNSHINE: SKY :PK WND
================================================================================
1 2 3 4 5 6A 6B 7 8 9 10 11 12 13 14 15 16 17 18
12Z AVG MX 2MIN
DY MAX MIN AVG DEP HDD CDD WTR SNW DPTH SPD SPD DIR MIN PSBL S-S WX SPD DR
================================================================================
1 79 27 53 11 12 0 0.00 0.0 0 10.5 23 200 M M 0 31 200
2 78 37 58 16 7 0 0.00 0.0 0 9.2 21 190 M M 0 29 180
3 49 29 39 -2 26 0 T T 0 17.0 30 330 M M 6 1 43 320
4 45 15 30 -11 35 0 T T 0 4.8 18 340 M M 3 26 320
5 64 16 40 0 25 0 T 0.0 0 10.7 35 270 M M 1 8 53 320
6 50 20 35 -5 30 0 0.00 0.0 0 7.8 20 290 M M 2 27 280
7 48 24 36 -4 29 0 0.00 0.0 0 15.0 33 150 M M 6 45 140
8 71 29 50 11 15 0 0.00 0.0 0 14.8 23 190 M M 7 32 160
9 30 24 27 -12 38 0 0.04 0.0 0 10.1 18 320 M M 10 16 26 310
10 29 12 21 -17 44 0 0.00 0.0 0 15.5 23 320 M M 8 1 35 320
11 26 -2 12 -26 53 0 0.00 0.0 0 10.2 22 310 M M 0 29 310
12 35 -7 14 -24 51 0 T 0.0 0 4.2 12 110 M M 0 16 120
13 39 5 22 -15 43 0 0.00 0.0 0 10.7 22 320 M M 3 30 310
14 36 7 22 -15 43 0 T T 0 7.4 17 330 M M 8 1 25 320
15 27 8 18 -18 47 0 T T T 10.5 22 330 M M 8 18 30 340
16 32 0 16 -20 49 0 0.01 T T 9.5 20 300 M M 9 18 27 290
17 31 9 20 -16 45 0 0.01 0.3 T 17.8 32 310 M M 8 128 49 310
18 27 8 18 -17 47 0 0.01 T 0 14.1 22 270 M M 4 8 30 270
19 27 9 18 -17 47 0 T T 0 11.4 28 330 M M 6 40 320
20 53 12 33 -1 32 0 0.00 0.0 0 9.1 21 290 M M 0 29 270
21 53 11 32 -2 33 0 0.00 0.0 0 4.3 12 300 M M 0 16 290
22 56 14 35 1 30 0 0.00 0.0 0 5.9 14 280 M M 0 18 300
23 64 23 44 11 21 0 0.00 0.0 0 12.7 23 320 M M 0 38 330
24 48 18 33 0 32 0 0.00 0.0 0 14.2 29 330 M M 1 39 310
25 64 17 41 9 24 0 0.00 0.0 0 8.2 15 210 M M 0 18 210
26 57 29 43 11 22 0 0.00 0.0 0 12.0 28 350 M M 0 38 340
27 48 15 32 0 33 0 0.00 0.0 0 9.8 20 190 M M 0 25 190
28 43 25 34 3 31 0 0.17 1.5 0 11.7 20 340 M M 3 1 25 340
29 25 -1 12 -19 53 0 0.02 0.3 2 12.2 24 330 M M 4 1 33 320
30 24 -9 8 -22 57 0 0.00 0.0 2 9.4 22 180 M M 0 30 180
================================================================================
SM 1358 424 1054 0 0.26 2.1 320.7 M 97
================================================================================
AV 45.3 14.1 10.7 FASTST M M 3 MAX(MPH)
MISC ----> 35 270 53 320
================================================================================
NOTES:
# LAST OF SEVERAL OCCURRENCES
COLUMN 17 PEAK WIND IN M.P.H.
PRELIMINARY LOCAL CLIMATOLOGICAL DATA (WS FORM: F-6) , PAGE 2
STATION: VALENTINE
MONTH: NOVEMBER
YEAR: 2022
LATITUDE: 42 52 N
LONGITUDE: 100 33 W
[TEMPERATURE DATA] [PRECIPITATION DATA] SYMBOLS USED IN COLUMN 16
AVERAGE MONTHLY: 29.7 TOTAL FOR MONTH: 0.26 1 = FOG OR MIST
DPTR FM NORMAL: -6.5 DPTR FM NORMAL: -0.31 2 = FOG REDUCING VISIBILITY
HIGHEST: 79 ON 1 GRTST 24HR 0.19 ON 28-29 TO 1/4 MILE OR LESS
LOWEST: -9 ON 30 3 = THUNDER
SNOW, ICE PELLETS, HAIL 4 = ICE PELLETS
TOTAL MONTH: 2.1 INCHES 5 = HAIL
GRTST 24HR 1.5 ON 28-28 6 = FREEZING RAIN OR DRIZZLE
GRTST DEPTH: 2 ON 30,29 7 = DUSTSTORM OR SANDSTORM:
VSBY 1/2 MILE OR LESS
8 = SMOKE OR HAZE
[NO. OF DAYS WITH] [WEATHER - DAYS WITH] 9 = BLOWING SNOW
X = TORNADO
MAX 32 OR BELOW: 10 0.01 INCH OR MORE: 6
MAX 90 OR ABOVE: 0 0.10 INCH OR MORE: 1
MIN 32 OR BELOW: 29 0.50 INCH OR MORE: 0
MIN 0 OR BELOW: 5 1.00 INCH OR MORE: 0
[HDD (BASE 65) ]
TOTAL THIS MO. 1054 CLEAR (SCALE 0-3) 17
DPTR FM NORMAL 190 PTCLDY (SCALE 4-7) 11
TOTAL FM JUL 1 1598 CLOUDY (SCALE 8-10) 2
DPTR FM NORMAL 97
[CDD (BASE 65) ]
TOTAL THIS MO. 0
DPTR FM NORMAL 0 [PRESSURE DATA]
TOTAL FM JAN 1 1142 HIGHEST SLP 30.58 ON 17
DPTR FM NORMAL 216 LOWEST SLP 29.30 ON 5
[REMARKS]
#FINAL-11-22#