000
CXUS55 KLBF 011510
CF6VTN
PRELIMINARY LOCAL CLIMATOLOGICAL DATA (WS FORM: F-6)
STATION: VALENTINE
MONTH: DECEMBER
YEAR: 2020
LATITUDE: 42 52 N
LONGITUDE: 100 33 W
TEMPERATURE IN F: :PCPN: SNOW: WIND :SUNSHINE: SKY :PK WND
================================================================================
1 2 3 4 5 6A 6B 7 8 9 10 11 12 13 14 15 16 17 18
12Z AVG MX 2MIN
DY MAX MIN AVG DEP HDD CDD WTR SNW DPTH SPD SPD DIR MIN PSBL S-S WX SPD DR
================================================================================
1 49 16 33 6 32 0 0.00 0.0 0 18.0 35 330 M M 2 8 49 330
2 36 20 28 2 37 0 T T 0 12.4 24 330 M M 8 168 32 330
3 51 11 31 5 34 0 0.00 0.0 0 8.5 18 300 M M 0 25 290
4 64 22 43 17 22 0 0.00 0.0 0 10.6 20 290 M M 0 28 310
5 57 28 43 17 22 0 0.00 0.0 0 9.5 16 330 M M 0 24 290
6 59 18 39 14 26 0 0.00 0.0 0 6.2 12 300 M M 0 15 290
7 62 24 43 18 22 0 0.00 0.0 0 11.1 32 330 M M 0 41 330
8 68 25 47 22 18 0 0.00 0.0 0 8.7 17 270 M M 0 23 270
9 71 29 50 26 15 0 0.00 0.0 0 8.1 17 200 M M 0 25 210
10 46 31 39 15 26 0 0.00 0.0 0 13.8 26 330 M M 4 37 330
11 32 24 28 4 37 0 0.00 0.0 0 9.8 16 360 M M 10 18 21 10
12 30 19 25 1 40 0 0.00 0.0 0 3.1 12 80 M M 7 18 14 80
13 38 10 24 0 41 0 0.00 0.0 0 6.9 18 320 M M 3 128 27 310
14 29 7 18 -5 47 0 T 0.0 0 10.3 18 130 M M 2 23 110
15 28 10 19 -4 46 0 T T T 5.5 13 160 M M 8 8 16 160
16 51 10 31 8 34 0 0.00 0.0 0 8.5 24 310 M M 1 35 300
17 51 14 33 10 32 0 0.00 0.0 0 9.9 26 190 M M 0 34 190
18 47 14 31 8 34 0 0.00 0.0 0 12.0 29 330 M M 2 38 340
19 52 9 31 8 34 0 0.00 0.0 0 8.6 22 230 M M 1 28 270
20 54 21 38 15 27 0 T 0.0 0 11.7 30 260 M M 4 39 260
21 54 30 42 19 23 0 0.00 0.0 0 8.6 21 290 M M 5 28 280
22 68 31 50 27 15 0 T 0.0 0 14.7 32 320 M M 1 51 300
23 35 18 27 4 38 0 0.12 1.8 2 26.6 51 330 M M 8 19 68 320
24 33 12 23 0 42 0 0.00 0.0 1 6.9 16 320 M M 8 22 290
25 50 18 34 11 31 0 0.00 0.0 T 6.9 15 280 M M 0 20 290
26 46 14 30 7 35 0 0.00 0.0 0 4.3 14 290 M M 1 19 320
27 38 23 31 8 34 0 0.01 0.0 0 11.7 26 330 M M 10 35 320
28 35 23 29 6 36 0 T T 0 4.5 12 140 M M 6 16 140
29 34 20 27 4 38 0 0.30 1.9 1 13.4 31 320 M M 9 18 44 330
30 29 5 17 -6 48 0 0.00 0.0 2 7.0 13 270 M M 0 16 270
31 43 5 24 1 41 0 0.00 0.0 2 6.6 12 250 M M 0 18 14 250
================================================================================
SM 1440 561 1007 0 0.43 3.7 304.4 M 100
================================================================================
AV 46.5 18.1 9.8 FASTST M M 3 MAX(MPH)
MISC ----> 51 330 68 320
================================================================================
NOTES:
# LAST OF SEVERAL OCCURRENCES
COLUMN 17 PEAK WIND IN M.P.H.
PRELIMINARY LOCAL CLIMATOLOGICAL DATA (WS FORM: F-6) , PAGE 2
STATION: VALENTINE
MONTH: DECEMBER
YEAR: 2020
LATITUDE: 42 52 N
LONGITUDE: 100 33 W
[TEMPERATURE DATA] [PRECIPITATION DATA] SYMBOLS USED IN COLUMN 16
AVERAGE MONTHLY: 32.3 TOTAL FOR MONTH: 0.43 1 = FOG OR MIST
DPTR FM NORMAL: 8.5 DPTR FM NORMAL: 0.06 2 = FOG REDUCING VISIBILITY
HIGHEST: 71 ON 9 GRTST 24HR 0.30 ON 28-29 TO 1/4 MILE OR LESS
LOWEST: 5 ON 31,30 3 = THUNDER
SNOW, ICE PELLETS, HAIL 4 = ICE PELLETS
TOTAL MONTH: 3.7 INCHES 5 = HAIL
GRTST 24HR 1.9 ON 29-29 6 = FREEZING RAIN OR DRIZZLE
GRTST DEPTH: 2 ON 31,30 7 = DUSTSTORM OR SANDSTORM:
VSBY 1/2 MILE OR LESS
8 = SMOKE OR HAZE
[NO. OF DAYS WITH] [WEATHER - DAYS WITH] 9 = BLOWING SNOW
X = TORNADO
MAX 32 OR BELOW: 5 0.01 INCH OR MORE: 3
MAX 90 OR ABOVE: 0 0.10 INCH OR MORE: 2
MIN 32 OR BELOW: 31 0.50 INCH OR MORE: 0
MIN 0 OR BELOW: 0 1.00 INCH OR MORE: 0
[HDD (BASE 65) ]
TOTAL THIS MO. 1007 CLEAR (SCALE 0-3) 19
DPTR FM NORMAL -270 PTCLDY (SCALE 4-7) 7
TOTAL FM JUL 1 2412 CLOUDY (SCALE 8-10) 5
DPTR FM NORMAL -481
[CDD (BASE 65) ]
TOTAL THIS MO. 0
DPTR FM NORMAL 0 [PRESSURE DATA]
TOTAL FM JAN 1 1157 HIGHEST SLP 30.53 ON 2
DPTR FM NORMAL 336 LOWEST SLP 29.33 ON 22
[REMARKS]
#FINAL-12-20#