000
CXUS55 KLBF 011200
CF6VTN
PRELIMINARY LOCAL CLIMATOLOGICAL DATA (WS FORM: F-6)
STATION: VALENTINE
MONTH: MARCH
YEAR: 2020
LATITUDE: 42 52 N
LONGITUDE: 100 33 W
TEMPERATURE IN F: :PCPN: SNOW: WIND :SUNSHINE: SKY :PK WND
================================================================================
1 2 3 4 5 6A 6B 7 8 9 10 11 12 13 14 15 16 17 18
12Z AVG MX 2MIN
DY MAX MIN AVG DEP HDD CDD WTR SNW DPTH SPD SPD DIR MIN PSBL S-S WX SPD DR
================================================================================
1 52 24 38 7 27 0 0.00 0.0 0 11.5 25 330 M M 3 33 310
2 51 19 35 3 30 0 0.00 0.0 0 11.5 28 270 M M 1 36 200
3 59 27 43 11 22 0 0.00 0.0 0 14.7 31 290 M M 2 51 260
4 67 24 46 14 19 0 T 0.0 0 12.9 31 320 M M 1 47 330
5 51 22 37 4 28 0 0.00 0.0 0 14.3 35 320 M M 1 51 330
6 67 25 46 13 19 0 0.00 0.0 0 16.5 31 200 M M 0 41 210
7 80 31 56 23 9 0 0.00 0.0 0 10.5 28 170 M M 0 35 170
8 74 33 54 20 11 0 0.00 0.0 0 12.8 28 350 M M 3 36 350
9 47 29 38 4 27 0 0.05 0.2 T 7.2 18 360 M M 6 6 24 360
10 53 25 39 5 26 0 0.00 0.0 0 6.2 18 350 M M 3 24 360
11 71 27 49 14 16 0 0.00 0.0 0 10.8 25 270 M M 0 33 260
12 52 26 39 4 26 0 0.00 0.0 0 15.3 32 340 M M 4 45 340
13 43 16 30 -5 35 0 0.11 1.0 0 9.4 21 140 M M 6 18 25 170
14 32 29 31 -5 34 0 0.11 1.5 2 14.7 23 110 M M 10 18 28 110
15 36 30 33 -3 32 0 0.00 0.0 1 15.5 28 180 M M 10 18 37 180
16 36 30 33 -3 32 0 0.00 0.0 T 8.8 16 350 M M 10 18 23 330
17 45 30 38 1 27 0 0.00 0.0 0 12.2 25 180 M M 10 35 180
18 48 37 43 6 22 0 0.00 0.0 0 8.3 16 220 M M 10 128 20 220
19 41 19 30 -7 35 0 0.39 2.8 0 18.4 31 350 M M 10 128 44 350
20 23 2 13 -25 52 0 T T 3 7.5 21 350 M M 5 27 340
21 46 21 34 -4 31 0 0.00 0.0 T 11.8 23 210 M M 2 30 180
22 57 28 43 5 22 0 0.00 0.0 0 6.9 23 20 M M 5 30 10
23 59 21 40 2 25 0 0.00 0.0 T 9.6 22 140 M M 1 29 150
24 71 36 54 15 11 0 0.00 0.0 0 M 24 260 M M M 31 260
25 49 35 42 3 23 0 0.00 0.0 0 M 22 50 M M M 30 40
26 52 34 43 4 22 0 0.00 0.0 0 M 18 110 M M M 22 110
27 59 38 49 9 16 0 0.08 0.0 0 M 22 50 M M M 27 50
28 55 34 45 5 20 0 0.61 0.0 0 M 30 360 M M M 44 360
29 64 28 46 6 19 0 0.00 0.0 0 M 17 280 M M M 25 340
30 63 30 47 6 18 0 0.26 0.0 0 7.6 31 190 M M 10 1 41 180
31 74 37 56 15 9 0 0.00 0.0 0 8.8 23 250 M M 5 128 31 260
================================================================================
SM 1677 847 745 0 1.61 5.5 283.7 M 118
================================================================================
AV 54.1 27.3 11.3 FASTST M M 5 MAX(MPH)
MISC ----> # 35 320 # 51 260
================================================================================
NOTES:
# LAST OF SEVERAL OCCURRENCES
COLUMN 17 PEAK WIND IN M.P.H.
PRELIMINARY LOCAL CLIMATOLOGICAL DATA (WS FORM: F-6) , PAGE 2
STATION: VALENTINE
MONTH: MARCH
YEAR: 2020
LATITUDE: 42 52 N
LONGITUDE: 100 33 W
[TEMPERATURE DATA] [PRECIPITATION DATA] SYMBOLS USED IN COLUMN 16
AVERAGE MONTHLY: 40.7 TOTAL FOR MONTH: 1.61 1 = FOG OR MIST
DPTR FM NORMAL: 4.5 DPTR FM NORMAL: 0.54 2 = FOG REDUCING VISIBILITY
HIGHEST: 80 ON 7 GRTST 24HR 0.61 ON 28-28 TO 1/4 MILE OR LESS
LOWEST: 2 ON 20 3 = THUNDER
SNOW, ICE PELLETS, HAIL 4 = ICE PELLETS
TOTAL MONTH: 5.5 INCHES 5 = HAIL
GRTST 24HR 2.8 ON 19-19 6 = FREEZING RAIN OR DRIZZLE
GRTST DEPTH: 3 ON 20 7 = DUSTSTORM OR SANDSTORM:
VSBY 1/2 MILE OR LESS
8 = SMOKE OR HAZE
[NO. OF DAYS WITH] [WEATHER - DAYS WITH] 9 = BLOWING SNOW
X = TORNADO
MAX 32 OR BELOW: 2 0.01 INCH OR MORE: 7
MAX 90 OR ABOVE: 0 0.10 INCH OR MORE: 5
MIN 32 OR BELOW: 23 0.50 INCH OR MORE: 1
MIN 0 OR BELOW: 0 1.00 INCH OR MORE: 0
[HDD (BASE 65) ]
TOTAL THIS MO. 745 CLEAR (SCALE 0-3) 11
DPTR FM NORMAL -148 PTCLDY (SCALE 4-7) 7
TOTAL FM JUL 1 5663 CLOUDY (SCALE 8-10) 7
DPTR FM NORMAL -466
[CDD (BASE 65) ]
TOTAL THIS MO. 0
DPTR FM NORMAL 0 [PRESSURE DATA]
TOTAL FM JAN 1 0 HIGHEST SLP 30.72 ON 20
DPTR FM NORMAL 0 LOWEST SLP 29.53 ON 12
[REMARKS]
#FINAL-03-20#