000
CXUS56 KPQR 162302
CF6VUO
PRELIMINARY LOCAL CLIMATOLOGICAL DATA (WS FORM: F-6)
STATION: VANCOUVER WA
MONTH: JUNE
YEAR: 2023
LATITUDE: 45 37 N
LONGITUDE: 122 39 W
TEMPERATURE IN F: :PCPN: SNOW: WIND :SUNSHINE: SKY :PK WND
================================================================================
1 2 3 4 5 6A 6B 7 8 9 10 11 12 13 14 15 16 17 18
12Z AVG MX 2MIN
DY MAX MIN AVG DEP HDD CDD WTR SNW DPTH SPD SPD DIR MIN PSBL S-S WX SPD DR
================================================================================
1 72 42 57 -4 8 0 0.00 M M 4.5 14 300 M M 2 19 360
2 76 45 61 0 4 0 0.00 M M 4.7 13 310 M M 0 17 310
3 80 49 65 4 0 0 0.00 M M 6.5 16 300 M M 0 22 310
4 76 51 64 3 1 0 0.00 M M 10.6 22 310 M M 0 31 320
5 81 52 67 5 0 2 0.00 M M 9.2 22 310 M M 0 30 310
6 91 51 71 9 0 6 0.00 M M 5.0 14 320 M M 0 21 350
7 82 59 71 9 0 6 0.00 M M 4.8 10 280 M M 0 13 130
8 71 56 64 2 1 0 0.01 M M 3.2 8 330 M M 4 8 13 110
9 61 56 59 -3 6 0 0.15 M M 2.5 9 320 M M 10 13 320
10 72 55 64 2 1 0 0.00 M M 5.5 15 320 M M 4 22 310
11 76 56 66 4 0 1 0.00 M M 7.9 18 310 M M 2 26 300
12 88 56 72 10 0 7 0.00 M M 5.0 15 320 M M 0 22 290
13 74 57 66 3 0 1 0.00 M M 6.7 17 310 M M 3 24 320
14 68 53 61 -2 4 0 0.00 M M 6.7 16 300 M M 6 27 300
15 76 46 61 -2 4 0 0.00 M M 5.2 15 300 M M 2 20 310
16 79 53 66 3 0 1 0.00 M M 5.2 15 330 M M 2 8 23 350
17 66 55 61 -2 4 0 0.00 M M 7.1 14 320 M M 8 21 320
18 58 50 54 -10 11 0 0.46 M M 3.7 13 260 M M 9 13 16 270
19 62 46 54 -10 11 0 0.16 M M 3.1 20 280 M M 8 1 23 300
20 67 52 60 -4 5 0 T M M 3.8 12 300 M M 7 16 270
21 78 47 63 -1 2 0 0.00 M M 5.2 14 310 M M 2 1 19 300
22 86 51 69 5 0 4 0.00 M M 6.4 15 300 M M 0 19 320
23 83 56 70 6 0 5 0.00 M M 4.5 14 310 M M 1 3 20 330
24 82 53 68 3 0 3 0.00 M M 5.6 14 290 M M 0 20 310
25 82 54 68 3 0 3 0.00 M M 6.4 15 290 M M 0 22 330
26 79 56 68 3 0 3 0.00 M M 6.2 14 310 M M 3 19 310
27 79 57 68 3 0 3 0.00 M M 4.5 12 270 M M 4 17 260
28 86 58 72 6 0 7 0.00 M M 5.0 12 320 M M 2 18 300
29 88 60 74 8 0 9 0.00 M M 5.7 13 330 M M 0 19 310
30 84 60 72 6 0 7 0.00 M M 7.2 15 320 M M 1 24 310
================================================================================
SM 2303 1592 62 68 0.78 M 167.6 M 80
================================================================================
AV 76.8 53.1 5.6 FASTST M M 3 MAX(MPH)
MISC ----> # 22 310 31 320
================================================================================
NOTES:
# LAST OF SEVERAL OCCURRENCES
COLUMN 17 PEAK WIND IN M.P.H.
PRELIMINARY LOCAL CLIMATOLOGICAL DATA (WS FORM: F-6) , PAGE 2
STATION: VANCOUVER WA
MONTH: JUNE
YEAR: 2023
LATITUDE: 45 37 N
LONGITUDE: 122 39 W
[TEMPERATURE DATA] [PRECIPITATION DATA] SYMBOLS USED IN COLUMN 16
AVERAGE MONTHLY: 64.9 TOTAL FOR MONTH: 0.78 1 = FOG OR MIST
DPTR FM NORMAL: 1.6 DPTR FM NORMAL: -0.83 2 = FOG REDUCING VISIBILITY
HIGHEST: 91 ON 6 GRTST 24HR 0.55 ON 18-19 TO 1/4 MILE OR LESS
LOWEST: 42 ON 1 3 = THUNDER
SNOW, ICE PELLETS, HAIL 4 = ICE PELLETS
TOTAL MONTH: M 5 = HAIL
GRTST 24HR M ON M 6 = FREEZING RAIN OR DRIZZLE
GRTST DEPTH: M ON M 7 = DUSTSTORM OR SANDSTORM:
VSBY 1/2 MILE OR LESS
8 = SMOKE OR HAZE
[NO. OF DAYS WITH] [WEATHER - DAYS WITH] 9 = BLOWING SNOW
X = TORNADO
MAX 32 OR BELOW: 0 0.01 INCH OR MORE: 4
MAX 90 OR ABOVE: 1 0.10 INCH OR MORE: 3
MIN 32 OR BELOW: 0 0.50 INCH OR MORE: 0
MIN 0 OR BELOW: 0 1.00 INCH OR MORE: 0
[HDD (BASE 65) ]
TOTAL THIS MO. 62 CLEAR (SCALE 0-3) 21
DPTR FM NORMAL -34 PTCLDY (SCALE 4-7) 6
TOTAL FM JUL 1 4345 CLOUDY (SCALE 8-10) 3
DPTR FM NORMAL -57
[CDD (BASE 65) ]
TOTAL THIS MO. 68
DPTR FM NORMAL 25 [PRESSURE DATA]
TOTAL FM JAN 1 148 HIGHEST SLP 30.25 ON 21
DPTR FM NORMAL 90 LOWEST SLP 29.69 ON 6
[REMARKS]
#FINAL-06-23#