000
CXUS51 KAKQ 010810
CF6WAL
PRELIMINARY LOCAL CLIMATOLOGICAL DATA (WS FORM: F-6)
STATION: WALLOPS ISLAND VA
MONTH: NOVEMBER
YEAR: 2021
LATITUDE: 37 55 N
LONGITUDE: 75 28 W
TEMPERATURE IN F: :PCPN: SNOW: WIND :SUNSHINE: SKY :PK WND
================================================================================
1 2 3 4 5 6A 6B 7 8 9 10 11 12 13 14 15 16 17 18
12Z AVG MX 2MIN
DY MAX MIN AVG DEP HDD CDD WTR SNW DPTH SPD SPD DIR MIN PSBL S-S WX SPD DR
================================================================================
1 66 42 54 0 11 0 0.00 0.0 0 5.5 20 310 M M 1 26 310
2 57 40 49 -5 16 0 0.30 0.0 0 5.6 15 350 M M 8 21 350
3 54 38 46 -8 19 0 0.00 0.0 0 6.7 16 310 M M 0 1 22 310
4 52 42 47 -6 18 0 T 0.0 0 8.4 15 20 M M 9 20 10
5 55 40 48 -5 17 0 0.00 0.0 0 10.4 21 360 M M 4 30 40
6 57 40 49 -4 16 0 0.00 0.0 0 12.3 23 40 M M 6 29 40
7 58 43 51 -1 14 0 0.00 0.0 0 12.3 23 30 M M 0 31 40
8 67 42 55 3 10 0 0.00 0.0 0 9.6 17 340 M M 0 26 320
9 72 42 57 5 8 0 0.00 0.0 0 6.3 10 220 M M 0 16 270
10 74 47 61 10 4 0 0.00 0.0 0 5.1 15 310 M M 0 21 310
11 69 47 58 7 7 0 0.00 0.0 0 6.9 13 150 M M 1 1 18 150
12 69 45 57 6 8 0 0.28 0.0 0 9.2 24 180 M M 4 1 32 180
13 70 40 55 5 10 0 0.00 0.0 0 8.6 24 250 M M 2 12 34 300
14 51 30 41 -9 24 0 T 0.0 0 5.8 17 180 M M 2 21 180
15 52 33 43 -7 22 0 0.00 0.0 0 11.2 25 310 M M 0 37 280
16 53 32 43 -7 22 0 0.00 0.0 0 3.5 14 260 M M 3 17 260
17 64 37 51 2 14 0 0.00 0.0 0 9.4 18 200 M M 2 23 200
18 74 47 61 12 4 0 0.04 0.0 0 13.7 24 320 M M 1 1 33 220
19 50 32 41 -8 24 0 0.03 0.0 0 9.4 23 320 M M 3 32 360
20 50 30 40 -8 25 0 0.00 0.0 0 5.9 10 70 M M 0 15 340
21 59 35 47 -1 18 0 0.00 0.0 0 5.6 16 200 M M 4 30 170
22 60 36 48 0 17 0 0.20 0.0 0 7.6 15 190 M M 7 1 21 320
23 45 31 38 -9 27 0 0.00 0.0 0 10.3 20 310 M M 1 25 310
24 48 28 38 -9 27 0 0.00 0.0 0 6.1 13 300 M M 0 17 300
25 56 32 44 -3 21 0 0.00 0.0 0 6.4 16 250 M M 0 20 250
26 53 33 43 -4 22 0 0.42 0.0 0 13.2 29 310 M M 5 1 41 310
27 43 29 36 -10 29 0 0.00 0.0 0 8.8 20 300 M M 3 26 310
28 57 34 46 0 19 0 0.00 0.0 0 5.9 14 200 M M 2 18 200
29 46 27 37 -9 28 0 0.00 0.0 0 8.7 21 310 M M 4 28 310
30 51 25 38 -8 27 0 0.00 0.0 0 6.9 24 210 M M 4 32 190
================================================================================
SM 1732 1099 528 0 1.27 0.0 245.3 M 76
================================================================================
AV 57.7 36.6 8.2 FASTST M M 3 MAX(MPH)
MISC ----> 29 310 41 310
================================================================================
NOTES:
# LAST OF SEVERAL OCCURRENCES
COLUMN 17 PEAK WIND IN M.P.H.
PRELIMINARY LOCAL CLIMATOLOGICAL DATA (WS FORM: F-6) , PAGE 2
STATION: WALLOPS ISLAND VA
MONTH: NOVEMBER
YEAR: 2021
LATITUDE: 37 55 N
LONGITUDE: 75 28 W
[TEMPERATURE DATA] [PRECIPITATION DATA] SYMBOLS USED IN COLUMN 16
AVERAGE MONTHLY: 47.2 TOTAL FOR MONTH: 1.27 1 = FOG OR MIST
DPTR FM NORMAL: -2.5 DPTR FM NORMAL: -1.61 2 = FOG REDUCING VISIBILITY
HIGHEST: 74 ON 18,10 GRTST 24HR 0.42 ON 26-26 TO 1/4 MILE OR LESS
LOWEST: 25 ON 30 3 = THUNDER
SNOW, ICE PELLETS, HAIL 4 = ICE PELLETS
TOTAL MONTH: 0.0 INCH 5 = HAIL
GRTST 24HR 0.0 6 = FREEZING RAIN OR DRIZZLE
GRTST DEPTH: 0 7 = DUSTSTORM OR SANDSTORM:
VSBY 1/2 MILE OR LESS
8 = SMOKE OR HAZE
[NO. OF DAYS WITH] [WEATHER - DAYS WITH] 9 = BLOWING SNOW
X = TORNADO
MAX 32 OR BELOW: 0 0.01 INCH OR MORE: 6
MAX 90 OR ABOVE: 0 0.10 INCH OR MORE: 4
MIN 32 OR BELOW: 10 0.50 INCH OR MORE: 0
MIN 0 OR BELOW: 0 1.00 INCH OR MORE: 0
[HDD (BASE 65) ]
TOTAL THIS MO. 528 CLEAR (SCALE 0-3) 19
DPTR FM NORMAL 68 PTCLDY (SCALE 4-7) 10
TOTAL FM JUL 1 600 CLOUDY (SCALE 8-10) 1
DPTR FM NORMAL -67
[CDD (BASE 65) ]
TOTAL THIS MO. 0
DPTR FM NORMAL -2 [PRESSURE DATA]
TOTAL FM JAN 1 1526 HIGHEST SLP 30.57 ON 20
DPTR FM NORMAL 168 LOWEST SLP 29.73 ON 26
[REMARKS]
#FINAL-11-21#