000
CXUS56 KLOX 011155
CF6WJF
PRELIMINARY LOCAL CLIMATOLOGICAL DATA (WS FORM: F-6)
STATION: LANCASTER FOX FIELD CA
MONTH: MARCH
YEAR: 2024
LATITUDE: 34 43 N
LONGITUDE: 118 13 W
TEMPERATURE IN F: :PCPN: SNOW: WIND :SUNSHINE: SKY :PK WND
================================================================================
1 2 3 4 5 6A 6B 7 8 9 10 11 12 13 14 15 16 17 18
12Z AVG MX 2MIN
DY MAX MIN AVG DEP HDD CDD WTR SNW DPTH SPD SPD DIR MIN PSBL S-S WX SPD DR
================================================================================
1 57 45 51 0 14 0 0.01 M M 16.1 29 220 M M 4 1 39 230
2 56 45 51 0 14 0 0.02 M M 21.9 37 240 M M 6 1 50 230
3 53 42 48 -3 17 0 0.00 M M 22.7 35 290 M M 5 42 290
4 57 42 50 -1 15 0 0.00 M M 22.8 35 290 M M 0 43 290
5 67 40 54 2 11 0 0.00 M M 14.3 23 280 M M 0 29 270
6 58 42 50 -2 15 0 0.24 M M 12.0 23 250 M M 5 1 30 260
7 58 42 50 -2 15 0 0.00 M M 15.0 28 280 M M 3 35 280
8 64 35 50 -2 15 0 0.00 M M 4.5 17 70 M M 0 22 70
9 68 30 49 -3 16 0 0.00 M M 5.2 15 270 M M 0 19 280
10 67 34 51 -1 14 0 0.00 M M 7.2 21 220 M M 0 27 220
11 65 41 53 0 12 0 0.00 M M 14.4 23 240 M M 0 31 220
12 65 47 56 3 9 0 0.00 M M 19.7 36 270 M M 0 44 290
13 60 41 51 -2 14 0 0.00 M M 15.8 30 280 M M 0 36 280
14 61 36 49 -4 16 0 0.00 M M 15.8 38 50 M M 3 8 53 40
15 59 31 45 -9 20 0 0.00 M M 7.2 21 70 M M 5 26 80
16 64 36 50 -4 15 0 0.00 M M 4.9 17 60 M M 5 23 70
17 68 35 52 -2 13 0 0.00 M M 5.0 15 70 M M 1 21 40
18 74 35 55 1 10 0 0.00 M M 7.0 26 70 M M 2 35 70
19 75 35 55 1 10 0 0.00 M M 5.2 21 320 M M 0 27 320
20 77 45 61 7 4 0 0.00 M M 10.3 29 270 M M 0 36 270
21 75 50 63 9 2 0 0.00 M M 15.0 26 270 M M 0 35 270
22 72 44 58 3 7 0 0.00 M M 12.1 26 220 M M 0 35 230
23 61 41 51 -4 14 0 0.54 M M 16.1 28 290 M M 6 13 35 290
24 54 41 48 -7 17 0 T M M 21.0 31 290 M M 1 40 270
25 59 41 50 -5 15 0 0.00 M M 18.5 36 300 M M 0 54 280
26 66 45 56 1 9 0 0.00 M M 18.9 30 290 M M 0 40 300
27 71 36 54 -1 11 0 0.00 M M 9.7 23 250 M M 0 30 230
28 66 46 56 1 9 0 0.00 M M 15.6 25 280 M M 3 34 250
29 57 43 50 -6 15 0 T M M 15.2 30 220 M M 4 41 220
30 51 40 46 -10 19 0 1.08 M M 7.6 21 200 M M 8 1 30 210
31 57 37 47 -9 18 0 0.03 M M 8.7 28 250 M M 6 8 35 220
================================================================================
SM 1962 1243 405 0 1.92 M 405.4 M 67
================================================================================
AV 63.3 40.1 13.1 FASTST M M 2 MAX(MPH)
MISC ----> 38 50 54 280
================================================================================
NOTES:
# LAST OF SEVERAL OCCURRENCES
COLUMN 17 PEAK WIND IN M.P.H.
PRELIMINARY LOCAL CLIMATOLOGICAL DATA (WS FORM: F-6) , PAGE 2
STATION: LANCASTER FOX FIELD CA
MONTH: MARCH
YEAR: 2024
LATITUDE: 34 43 N
LONGITUDE: 118 13 W
[TEMPERATURE DATA] [PRECIPITATION DATA] SYMBOLS USED IN COLUMN 16
AVERAGE MONTHLY: 51.7 TOTAL FOR MONTH: 1.92 1 = FOG OR MIST
DPTR FM NORMAL: -1.8 DPTR FM NORMAL: 0.96 2 = FOG REDUCING VISIBILITY
HIGHEST: 77 ON 20 GRTST 24HR 1.08 ON 29-30 TO 1/4 MILE OR LESS
LOWEST: 30 ON 9 3 = THUNDER
SNOW, ICE PELLETS, HAIL 4 = ICE PELLETS
TOTAL MONTH: M 5 = HAIL
GRTST 24HR M ON M 6 = FREEZING RAIN OR DRIZZLE
GRTST DEPTH: M ON M 7 = DUSTSTORM OR SANDSTORM:
VSBY 1/2 MILE OR LESS
8 = SMOKE OR HAZE
[NO. OF DAYS WITH] [WEATHER - DAYS WITH] 9 = BLOWING SNOW
X = TORNADO
MAX 32 OR BELOW: 0 0.01 INCH OR MORE: 6
MAX 90 OR ABOVE: 0 0.10 INCH OR MORE: 3
MIN 32 OR BELOW: 2 0.50 INCH OR MORE: 2
MIN 0 OR BELOW: 0 1.00 INCH OR MORE: 1
[HDD (BASE 65) ]
TOTAL THIS MO. 405 CLEAR (SCALE 0-3) 21
DPTR FM NORMAL 46 PTCLDY (SCALE 4-7) 10
TOTAL FM JUL 1 2487 CLOUDY (SCALE 8-10) 0
DPTR FM NORMAL -178
[CDD (BASE 65) ]
TOTAL THIS MO. 0
DPTR FM NORMAL -2 [PRESSURE DATA]
TOTAL FM JAN 1 0 HIGHEST SLP 30.23 ON 8
DPTR FM NORMAL -2 LOWEST SLP 29.64 ON 30
[REMARKS]
#FINAL-03-24#