000
CXUS56 KLOX 011155
CF6WJF
PRELIMINARY LOCAL CLIMATOLOGICAL DATA (WS FORM: F-6)
STATION: LANCASTER FOX FIELD CA
MONTH: JULY
YEAR: 2022
LATITUDE: 34 43 N
LONGITUDE: 118 13 W
TEMPERATURE IN F: :PCPN: SNOW: WIND :SUNSHINE: SKY :PK WND
================================================================================
1 2 3 4 5 6A 6B 7 8 9 10 11 12 13 14 15 16 17 18
12Z AVG MX 2MIN
DY MAX MIN AVG DEP HDD CDD WTR SNW DPTH SPD SPD DIR MIN PSBL S-S WX SPD DR
================================================================================
1 95 71 83 3 0 18 0.00 M M 16.3 28 220 M M 0 34 220
2 93 71 82 1 0 17 0.00 M M 17.9 26 240 M M 0 35 250
3 87 65 76 -5 0 11 0.00 M M 19.2 28 270 M M 0 33 250
4 87 63 75 -6 0 10 0.00 M M 17.6 26 250 M M 0 33 250
5 89 66 78 -3 0 13 0.00 M M 15.8 25 220 M M 0 31 220
6 90 65 78 -4 0 13 0.00 M M 14.8 25 220 M M 0 33 220
7 98 60 79 -3 0 14 0.00 M M 11.2 26 250 M M 0 34 240
8 97 63 80 -2 0 15 0.00 M M 11.7 25 240 M M 0 35 250
9 98 69 84 2 0 19 0.00 M M 12.2 24 270 M M 0 30 280
10 100 71 86 4 0 21 0.00 M M 11.8 22 250 M M 0 28 250
11 106 60 83 1 0 18 0.00 M M 8.5 23 260 M M 0 28 210
12 101 71 86 4 0 21 0.00 M M 13.2 30 250 M M 0 34 250
13 104 67 86 4 0 21 0.00 M M 10.4 25 250 M M 0 29 250
14 107 72 90 7 0 25 0.00 M M 8.5 26 230 M M 0 33 240
15 106 72 89 6 0 24 0.00 M M 8.4 24 240 M M 0 30 230
16 108 74 91 8 0 26 0.00 M M 9.3 28 240 M M 0 33 240
17 107 74 91 8 0 26 0.00 M M 11.6 28 240 M M 0 34 290
18 103 81 92 9 0 27 0.00 M M 15.2 29 250 M M 0 36 250
19 103 72 88 5 0 23 0.00 M M 10.4 25 240 M M 0 8 30 250
20 101 73 87 4 0 22 0.00 M M 14.4 25 240 M M 0 35 240
21 106 80 93 10 0 28 0.00 M M 17.7 30 270 M M 0 36 270
22 105 80 93 10 0 28 0.00 M M 21.5 32 260 M M 0 40 280
23 106 80 93 10 0 28 0.00 M M 15.4 29 270 M M 1 35 270
24 103 66 85 2 0 20 0.00 M M 11.3 29 240 M M 0 34 240
25 101 69 85 2 0 20 0.00 M M 11.3 23 240 M M 0 30 240
26 100 68 84 1 0 19 0.00 M M 11.5 26 250 M M 0 34 240
27 103 75 89 6 0 24 0.00 M M 13.8 26 240 M M 0 33 240
28 104 79 92 9 0 27 0.00 M M 10.8 24 250 M M 0 29 260
29 103 72 88 5 0 23 0.00 M M 12.1 26 250 M M 0 32 250
30 101 73 87 4 0 22 0.00 M M 9.4 25 220 M M 0 31 220
31 99 77 88 5 0 23 T M M 12.2 24 220 M M 2 30 230
================================================================================
SM 3111 2199 0 646 T M 405.4 M 3
================================================================================
AV100.4 70.9 13.1 FASTST M M 0 MAX(MPH)
MISC ----> 32 260 40 280
================================================================================
NOTES:
# LAST OF SEVERAL OCCURRENCES
COLUMN 17 PEAK WIND IN M.P.H.
PRELIMINARY LOCAL CLIMATOLOGICAL DATA (WS FORM: F-6) , PAGE 2
STATION: LANCASTER FOX FIELD CA
MONTH: JULY
YEAR: 2022
LATITUDE: 34 43 N
LONGITUDE: 118 13 W
[TEMPERATURE DATA] [PRECIPITATION DATA] SYMBOLS USED IN COLUMN 16
AVERAGE MONTHLY: 85.6 TOTAL FOR MONTH: T 1 = FOG OR MIST
DPTR FM NORMAL: 3.2 DPTR FM NORMAL: -0.14 2 = FOG REDUCING VISIBILITY
HIGHEST: 108 ON 16 GRTST 24HR T ON 31-31 TO 1/4 MILE OR LESS
LOWEST: 60 ON 11, 7 3 = THUNDER
SNOW, ICE PELLETS, HAIL 4 = ICE PELLETS
TOTAL MONTH: M 5 = HAIL
GRTST 24HR M ON M 6 = FREEZING RAIN OR DRIZZLE
GRTST DEPTH: M ON M 7 = DUSTSTORM OR SANDSTORM:
VSBY 1/2 MILE OR LESS
8 = SMOKE OR HAZE
[NO. OF DAYS WITH] [WEATHER - DAYS WITH] 9 = BLOWING SNOW
X = TORNADO
MAX 32 OR BELOW: 0 0.01 INCH OR MORE: 0
MAX 90 OR ABOVE: 28 0.10 INCH OR MORE: 0
MIN 32 OR BELOW: 0 0.50 INCH OR MORE: 0
MIN 0 OR BELOW: 0 1.00 INCH OR MORE: 0
[HDD (BASE 65) ]
TOTAL THIS MO. 0 CLEAR (SCALE 0-3) 31
DPTR FM NORMAL 0 PTCLDY (SCALE 4-7) 0
TOTAL FM JUL 1 0 CLOUDY (SCALE 8-10) 0
DPTR FM NORMAL 0
[CDD (BASE 65) ]
TOTAL THIS MO. 646
DPTR FM NORMAL 106 [PRESSURE DATA]
TOTAL FM JAN 1 1279 HIGHEST SLP 30.08 ON 9
DPTR FM NORMAL 217 LOWEST SLP 29.75 ON 23
[REMARKS]
#FINAL-07-22#