000
CXUS46 KLOX 011730
CLMWJF
CLIMATE REPORT
NATIONAL WEATHER SERVICE LOS ANGELES/OXNARD
930 AM PST FRI MAR 01 2024
...................................
...THE LANCASTER FOX FIELD CA CLIMATE SUMMARY FOR THE MONTH OF FEBRUARY 2024...
CLIMATE NORMAL PERIOD: 1991 TO 2020
CLIMATE RECORD PERIOD: 1945 TO 2024
WEATHER OBSERVED NORMAL DEPART LAST YEAR`S
VALUE DATE(S) VALUE FROM VALUE
NORMAL
..............................................................
TEMPERATURE (F)
HIGHEST 69 02/28
LOWEST 26 02/11
02/12
AVG. MAXIMUM 58.4 61.5 -3.1
AVG. MINIMUM 37.9 34.5 3.4
MEAN 48.2 48.0 0.2
DAYS MAX >= 90 0
DAYS MAX <= 32 0
DAYS MIN <= 32 6
DAYS MIN <= 0 0
PRECIPITATION (INCHES)
TOTALS 3.87 1.76 2.11
DAILY AVG. 0.13
DAYS >= .01 11
DAYS >= .10 8
DAYS >= .50 3
DAYS >= 1.00 1
GREATEST
24 HR. TOTAL 1.67 02/04 TO 02/05
STORM TOTAL 1.49
DEGREE DAYS
HEATING TOTAL 481 476 5 593
SINCE 7/1 2082 2335 -253 MM
COOLING TOTAL 0 0 0 0
SINCE 1/1 0 0 0 MM
..............................................................
WIND (MPH)
AVERAGE WIND SPEED 9.4
HIGHEST WIND SPEED/DIRECTION 31/220 DATE 02/07
HIGHEST GUST SPEED/DIRECTION 46/260 DATE 02/07
SKY COVER
POSSIBLE SUNSHINE (PERCENT) MM
AVERAGE SKY COVER 0.29
NUMBER OF DAYS FAIR 20
NUMBER OF DAYS PC 3
NUMBER OF DAYS CLOUDY 6
AVERAGE RH (PERCENT) 67
WEATHER CONDITIONS. NUMBER OF DAYS WITH
THUNDERSTORM 0 MIXED PRECIP 0
HEAVY RAIN 0 RAIN 5
LIGHT RAIN 10 FREEZING RAIN 0
LT FREEZING RAIN 0 HAIL 0
HEAVY SNOW 0 SNOW 0
LIGHT SNOW 0 SLEET 0
FOG 9 FOG W/VIS <= 1/4 MILE 0
HAZE 0
- INDICATES NEGATIVE NUMBERS.
R INDICATES RECORD WAS SET OR TIED.
MM INDICATES DATA IS MISSING.
T INDICATES TRACE AMOUNT.
$$