000
CXUS55 KRIW 011010
CF6WRL
PRELIMINARY LOCAL CLIMATOLOGICAL DATA (WS FORM: F-6)
STATION: WORLAND WY
MONTH: AUGUST
YEAR: 2021
LATITUDE: 43 58 N
LONGITUDE: 107 57 W
TEMPERATURE IN F: :PCPN: SNOW: WIND :SUNSHINE: SKY :PK WND
================================================================================
1 2 3 4 5 6A 6B 7 8 9 10 11 12 13 14 15 16 17 18
12Z AVG MX 2MIN
DY MAX MIN AVG DEP HDD CDD WTR SNW DPTH SPD SPD DIR MIN PSBL S-S WX SPD DR
================================================================================
1 92 56 74 1 0 9 0.00 M M 5.8 13 140 M M 0 8 16 130
2 96 60 78 5 0 13 0.00 M M 5.8 15 340 M M 0 8 22 350
3 81 61 71 -2 0 6 0.04 M M 7.3 26 310 M M 2 8 33 310
4 91 53 72 -1 0 7 0.00 M M 4.2 12 150 M M 0 18 17 60
5 94 55 75 3 0 10 0.00 M M 6.9 24 210 M M 0 8 33 210
6 80 59 70 -2 0 5 0.06 M M 7.0 23 110 M M 2 30 120
7 88 52 70 -2 0 5 0.00 M M 4.4 12 110 M M 1 8 15 120
8 98 54 76 4 0 11 T M M 7.2 30 320 M M 0 8 41 320
9 82 47 65 -7 0 0 0.00 M M 5.8 14 360 M M 0 20 350
10 92 48 70 -2 0 5 0.00 M M 4.9 15 30 M M 0 20 30
11 93 55 74 3 0 9 0.00 M M 4.6 10 20 M M 0 15 20
12 89 56 73 2 0 8 0.00 M M 5.4 17 80 M M 1 20 80
13 89 57 73 2 0 8 0.00 M M 3.6 10 90 M M 2 14 90
14 97 55 76 5 0 11 0.00 M M 5.9 29 330 M M 0 3 36 330
15 92 59 76 6 0 11 0.00 M M 3.9 13 150 M M 0 8 16 150
16 99 53 76 6 0 11 T M M 5.4 33 270 M M 1 38 51 280
17 96 58 77 7 0 12 0.00 M M 7.9 20 200 M M 0 8 29 210
18 72 51 62 -8 3 0 0.21 M M 8.4 22 360 M M 5 18 33 340
19 59 51 55 -14 10 0 0.12 M M 3.7 9 340 M M 10 1 12 350
20 66 48 57 -12 8 0 0.10 M M 7.9 21 340 M M 8 1 26 340
21 82 43 63 -6 2 0 0.30 M M 5.3 36 260 M M 2 13 48 250
22 79 51 65 -3 0 0 0.01 M M 7.0 15 70 M M 1 1 20 70
23 91 48 70 2 0 5 T M M 6.6 31 310 M M 0 8 46 290
24 77 52 65 -3 0 0 T M M 6.0 20 60 M M 1 3 27 340
25 92 47 70 3 0 5 0.00 M M 5.8 20 200 M M 0 26 200
26 82 52 67 0 0 2 0.00 M M 5.6 12 20 M M 0 15 10
27 84 46 65 -2 0 0 0.00 M M 6.5 16 10 M M 0 8 22 10
28 74 49 62 -4 3 0 0.00 M M 7.4 20 350 M M 2 26 340
29 84 43 64 -2 1 0 0.00 M M 4.6 10 170 M M 0 14 190
30 91 43 67 1 0 2 0.00 M M 5.9 17 130 M M 0 20 140
31 93 45 69 4 0 4 0.00 M M 6.3 20 190 M M 5 8 24 200
================================================================================
SM 2675 1607 27 159 0.84 M 183.0 M 43
================================================================================
AV 86.3 51.8 5.9 FASTST M M 1 MAX(MPH)
MISC ----> 36 260 51 280
================================================================================
NOTES:
# LAST OF SEVERAL OCCURRENCES
COLUMN 17 PEAK WIND IN M.P.H.
PRELIMINARY LOCAL CLIMATOLOGICAL DATA (WS FORM: F-6) , PAGE 2
STATION: WORLAND WY
MONTH: AUGUST
YEAR: 2021
LATITUDE: 43 58 N
LONGITUDE: 107 57 W
[TEMPERATURE DATA] [PRECIPITATION DATA] SYMBOLS USED IN COLUMN 16
AVERAGE MONTHLY: 69.1 TOTAL FOR MONTH: 0.84 1 = FOG OR MIST
DPTR FM NORMAL: -0.7 DPTR FM NORMAL: 0.44 2 = FOG REDUCING VISIBILITY
HIGHEST: 99 ON 16 GRTST 24HR 0.35 ON 18-19 TO 1/4 MILE OR LESS
LOWEST: 43 ON 30,29 3 = THUNDER
SNOW, ICE PELLETS, HAIL 4 = ICE PELLETS
TOTAL MONTH: M 5 = HAIL
GRTST 24HR M ON M 6 = FREEZING RAIN OR DRIZZLE
GRTST DEPTH: M ON M 7 = DUSTSTORM OR SANDSTORM:
VSBY 1/2 MILE OR LESS
8 = SMOKE OR HAZE
[NO. OF DAYS WITH] [WEATHER - DAYS WITH] 9 = BLOWING SNOW
X = TORNADO
MAX 32 OR BELOW: 0 0.01 INCH OR MORE: 7
MAX 90 OR ABOVE: 15 0.10 INCH OR MORE: 4
MIN 32 OR BELOW: 0 0.50 INCH OR MORE: 0
MIN 0 OR BELOW: 0 1.00 INCH OR MORE: 0
[HDD (BASE 65) ]
TOTAL THIS MO. 27 CLEAR (SCALE 0-3) 27
DPTR FM NORMAL 0 PTCLDY (SCALE 4-7) 3
TOTAL FM JUL 1 27 CLOUDY (SCALE 8-10) 1
DPTR FM NORMAL -7
[CDD (BASE 65) ]
TOTAL THIS MO. 159
DPTR FM NORMAL -16 [PRESSURE DATA]
TOTAL FM JAN 1 750 HIGHEST SLP 30.21 ON 13
DPTR FM NORMAL 253 LOWEST SLP 29.45 ON 17
[REMARKS]
#FINAL-08-21#