000
CXUS54 KFWD 010830
CF6XBP
PRELIMINARY LOCAL CLIMATOLOGICAL DATA (WS FORM: F-6)
STATION: BRIDGEPORT
MONTH: JANUARY
YEAR: 2022
LATITUDE: 33 10 N
LONGITUDE: 96 30 W
TEMPERATURE IN F: :PCPN: SNOW: WIND :SUNSHINE: SKY :PK WND
================================================================================
1 2 3 4 5 6A 6B 7 8 9 10 11 12 13 14 15 16 17 18
12Z AVG MX 2MIN
DY MAX MIN AVG DEP HDD CDD WTR SNW DPTH SPD SPD DIR MIN PSBL S-S WX SPD DR
================================================================================
1 70 22 46 4 19 0 0.02 M M 8.5 21 330 M M 8 1 35 260
2 38 18 28 -14 37 0 0.00 M M 12.0 23 320 M M 2 32 330
3 57 18 38 -4 27 0 0.00 M M 3.9 12 160 M M 0 M M
4 66 24 45 3 20 0 0.00 M M 6.6 18 210 M M 0 24 230
5 59 28 44 2 21 0 0.00 M M 3.6 12 40 M M 0 20 60
6 35 23 29 -13 36 0 0.00 M M 8.8 16 360 M M 0 26 360
7 45 16 31 -11 34 0 0.00 M M 5.7 13 170 M M 4 21 160
8 61 42 52 10 13 0 0.00 M M 7.9 15 190 M M 9 1 20 190
9 59 37 48 6 17 0 0.00 M M 10.4 17 340 M M 5 12 24 350
10 54 27 41 -1 24 0 0.00 M M 3.2 6 320 M M 0 M M
11 56 21 39 -3 26 0 0.00 M M 3.2 10 210 M M 1 M M
12 65 27 46 4 19 0 0.00 M M 2.9 6 200 M M 0 M M
13 74 37 56 14 9 0 0.00 M M 3.7 9 340 M M 0 M M
14 75 32 54 12 11 0 0.00 M M 6.1 31 340 M M 0 41 340
15 45 31 38 -4 27 0 0.00 M M 20.0 26 330 M M 6 44 340
16 55 26 41 -1 24 0 0.00 M M 4.7 12 330 M M 0 20 340
17 65 23 44 2 21 0 0.00 M M 4.2 9 170 M M 0 16 150
18 77 33 55 13 10 0 0.00 M M 7.5 15 230 M M 0 22 180
19 62 31 47 5 18 0 0.00 M M 11.7 20 10 M M 5 30 360
20 35 21 28 -14 37 0 0.00 M M 11.9 18 360 M M 7 28 10
21 44 14 29 -13 36 0 0.00 M M 3.0 6 130 M M 2 M M
22 52 16 34 -9 31 0 0.00 M M 1.1 5 160 M M 0 M M
23 64 22 43 0 22 0 0.00 M M 5.0 14 300 M M 0 21 290
24 58 33 46 3 19 0 0.00 M M 3.6 9 220 M M 1 12 M M
25 57 31 44 1 21 0 0.00 M M 6.1 10 70 M M 2 2 18 50
26 48 25 37 -6 28 0 0.00 M M 3.6 8 60 M M 3 M M
27 49 33 41 -2 24 0 0.00 M M 3.6 15 340 M M 6 18 340
28 55 27 41 -2 24 0 0.00 M M 5.1 14 340 M M 0 21 340
29 67 22 45 2 20 0 0.00 M M 5.1 10 240 M M 0 18 260
30 70 38 54 11 11 0 0.00 M M 5.3 9 190 M M 0 16 280
31 71 36 54 11 11 0 0.00 M M 6.3 14 170 M M 1 20 160
================================================================================
SM 1788 834 697 0 0.02 M 194.6 M 62
================================================================================
AV 57.7 26.9 6.3 FASTST M M 2 MAX(MPH)
MISC ----> 31 340 44 340
================================================================================
NOTES:
# LAST OF SEVERAL OCCURRENCES
COLUMN 17 PEAK WIND IN M.P.H.
PRELIMINARY LOCAL CLIMATOLOGICAL DATA (WS FORM: F-6) , PAGE 2
STATION: BRIDGEPORT
MONTH: JANUARY
YEAR: 2022
LATITUDE: 33 10 N
LONGITUDE: 96 30 W
[TEMPERATURE DATA] [PRECIPITATION DATA] SYMBOLS USED IN COLUMN 16
AVERAGE MONTHLY: 42.3 TOTAL FOR MONTH: 0.02 1 = FOG OR MIST
DPTR FM NORMAL: 0.0 DPTR FM NORMAL: -1.53 2 = FOG REDUCING VISIBILITY
HIGHEST: 77 ON 18 GRTST 24HR 0.02 ON 1- 1 TO 1/4 MILE OR LESS
LOWEST: 14 ON 21 3 = THUNDER
SNOW, ICE PELLETS, HAIL 4 = ICE PELLETS
TOTAL MONTH: M 5 = HAIL
GRTST 24HR M ON M 6 = FREEZING RAIN OR DRIZZLE
GRTST DEPTH: M ON M 7 = DUSTSTORM OR SANDSTORM:
VSBY 1/2 MILE OR LESS
8 = SMOKE OR HAZE
[NO. OF DAYS WITH] [WEATHER - DAYS WITH] 9 = BLOWING SNOW
X = TORNADO
MAX 32 OR BELOW: 0 0.01 INCH OR MORE: 1
MAX 90 OR ABOVE: 0 0.10 INCH OR MORE: 0
MIN 32 OR BELOW: 23 0.50 INCH OR MORE: 0
MIN 0 OR BELOW: 0 1.00 INCH OR MORE: 0
[HDD (BASE 65) ]
TOTAL THIS MO. 697 CLEAR (SCALE 0-3) 23
DPTR FM NORMAL -7 PTCLDY (SCALE 4-7) 7
TOTAL FM JUL 1 1351 CLOUDY (SCALE 8-10) 1
DPTR FM NORMAL -526
[CDD (BASE 65) ]
TOTAL THIS MO. 0
DPTR FM NORMAL 0 [PRESSURE DATA]
TOTAL FM JAN 1 0 HIGHEST SLP M ON M
DPTR FM NORMAL 0 LOWEST SLP M ON M
[REMARKS]
#FINAL-01-22#