000
CXUS54 KTSA 031156
CF6XNA
PRELIMINARY LOCAL CLIMATOLOGICAL DATA (WS FORM: F-6)
STATION: HIGHFILL ARKANSAS
MONTH: DECEMBER
YEAR: 2021
LATITUDE: 36 16 N
LONGITUDE: 94 19 W
TEMPERATURE IN F: :PCPN: SNOW: WIND :SUNSHINE: SKY :PK WND
================================================================================
1 2 3 4 5 6A 6B 7 8 9 10 11 12 13 14 15 16 17 18
12Z AVG MX 2MIN
DY MAX MIN AVG DEP HDD CDD WTR SNW DPTH SPD SPD DIR MIN PSBL S-S WX SPD DR
================================================================================
1 68 44 56 13 9 0 0.00 0.0 M 6.5 13 220 M M 0 8 19 230
2 74 40 57 14 8 0 0.00 0.0 M 6.2 15 230 M M 0 8 20 220
3 76 45 61 19 4 0 0.00 0.0 M 5.7 13 200 M M 1 17 190
4 62 51 57 15 8 0 0.02 0.0 M 7.8 15 110 M M 8 23 60
5 70 49 60 18 5 0 0.37 0.0 M 15.2 29 360 M M 6 13 42 200
6 49 28 39 -3 26 0 0.09 0.0 M 11.5 23 360 M M 2 31 350
7 47 27 37 -4 28 0 0.00 0.0 M 6.2 15 130 M M 1 21 140
8 56 28 42 1 23 0 0.00 0.0 M 4.9 16 170 M M 0 21 180
9 68 47 58 17 7 0 0.00 0.0 M 11.5 24 170 M M 1 35 210
10 72 43 58 17 7 0 0.01 0.0 M 14.7 28 210 M M 5 13 43 220
11 46 28 37 -3 28 0 0.00 0.0 M 10.3 25 300 M M 2 37 300
12 54 22 38 -2 27 0 0.00 0.0 M 8.3 20 180 M M 0 25 190
13 66 36 51 11 14 0 0.00 0.0 M 10.0 20 200 M M 0 25 200
14 66 51 59 19 6 0 0.04 0.0 M 13.0 21 180 M M 9 1 31 180
15 74 66 70 30 0 5 0.00 0.0 M 21.6 37 180 M M 7 52 180
16 70 42 56 17 9 0 0.65 0.0 M 7.9 22 190 M M 5 1 32 200
17 59 46 53 14 12 0 3.02 0.0 M 5.3 15 170 M M 10 13 19 170
18 53 32 43 4 22 0 0.27 0.0 M 13.2 23 360 M M 7 1 30 360
19 41 28 35 -4 30 0 0.00 0.0 M 3.8 14 360 M M 5 20 360
20 44 22 33 -6 32 0 0.00 0.0 M 3.9 9 200 M M 0 13 220
21 54 26 40 2 25 0 0.00 0.0 M 4.9 15 250 M M 0 20 230
22 58 27 43 5 22 0 0.00 0.0 M 5.7 16 190 M M 0 23 170
23 60 37 49 11 16 0 0.00 0.0 M 11.3 21 200 M M 3 32 200
24 73 58 66 28 0 1 0.00 0.0 M 18.4 29 190 M M 0 44 190
25 71 45 58 20 7 0 0.00 0.0 M 7.3 21 210 M M 0 33 210
26 75 42 59 21 6 0 0.00 0.0 M 10.8 25 190 M M 0 36 170
27 67 51 59 21 6 0 0.00 0.0 M 8.4 20 210 M M 1 30 200
28 68 43 56 18 9 0 0.33 0.0 M 8.9 25 270 M M 4 13 33 270
29 55 38 47 9 18 0 0.19 0.0 M 4.5 15 140 M M 5 12 19 130
30 61 37 49 12 16 0 0.00 0.0 M 7.6 16 220 M M 5 12 23 230
31 66 46 56 19 9 0 0.20 0.0 M 9.9 20 210 M M 4 1 30 200
================================================================================
SM 1923 1225 439 6 5.19 0.0 285.2 M 91
================================================================================
AV 62.0 39.5 9.2 FASTST M M 3 MAX(MPH)
MISC ----> 37 180 52 180
================================================================================
NOTES:
# LAST OF SEVERAL OCCURRENCES
COLUMN 17 PEAK WIND IN M.P.H.
PRELIMINARY LOCAL CLIMATOLOGICAL DATA (WS FORM: F-6) , PAGE 2
STATION: HIGHFILL ARKANSAS
MONTH: DECEMBER
YEAR: 2021
LATITUDE: 36 16 N
LONGITUDE: 94 19 W
[TEMPERATURE DATA] [PRECIPITATION DATA] SYMBOLS USED IN COLUMN 16
AVERAGE MONTHLY: 50.8 TOTAL FOR MONTH: 5.19 1 = FOG OR MIST
DPTR FM NORMAL: 11.2 DPTR FM NORMAL: 2.34 2 = FOG REDUCING VISIBILITY
HIGHEST: 76 ON 3 GRTST 24HR 3.22 ON 17-18 TO 1/4 MILE OR LESS
LOWEST: 22 ON 20,12 3 = THUNDER
SNOW, ICE PELLETS, HAIL 4 = ICE PELLETS
TOTAL MONTH: 0.0 INCH 5 = HAIL
GRTST 24HR 0.0 6 = FREEZING RAIN OR DRIZZLE
GRTST DEPTH: M ON M 7 = DUSTSTORM OR SANDSTORM:
VSBY 1/2 MILE OR LESS
8 = SMOKE OR HAZE
[NO. OF DAYS WITH] [WEATHER - DAYS WITH] 9 = BLOWING SNOW
X = TORNADO
MAX 32 OR BELOW: 0 0.01 INCH OR MORE: 11
MAX 90 OR ABOVE: 0 0.10 INCH OR MORE: 7
MIN 32 OR BELOW: 10 0.50 INCH OR MORE: 2
MIN 0 OR BELOW: 0 1.00 INCH OR MORE: 1
[HDD (BASE 65) ]
TOTAL THIS MO. 439 CLEAR (SCALE 0-3) 18
DPTR FM NORMAL -349 PTCLDY (SCALE 4-7) 11
TOTAL FM JUL 1 1076 CLOUDY (SCALE 8-10) 2
DPTR FM NORMAL -453
[CDD (BASE 65) ]
TOTAL THIS MO. 6
DPTR FM NORMAL 6 [PRESSURE DATA]
TOTAL FM JAN 1 1679 HIGHEST SLP M ON M
DPTR FM NORMAL 120 LOWEST SLP 29.43 ON 10
[REMARKS]
#FINAL-12-21#