000
CXAK56 PAJK 011310
CF6YAK
PRELIMINARY LOCAL CLIMATOLOGICAL DATA (WS FORM: F-6)
STATION: YAKUTAT
MONTH: APRIL
YEAR: 2023
LATITUDE: 59 31 N
LONGITUDE: 139 40 W
TEMPERATURE IN F: :PCPN: SNOW: WIND :SUNSHINE: SKY :PK WND
================================================================================
1 2 3 4 5 6A 6B 7 8 9 10 11 12 13 14 15 16 17 18
12Z AVG MX 2MIN
DY MAX MIN AVG DEP HDD CDD WTR SNW DPTH SPD SPD DIR MIN PSBL S-S WX SPD DR
================================================================================
1 41 27 34 -1 31 0 0.07 M M 6.1 15 110 M M 6 1 21 110
2 41 26 34 -1 31 0 0.09 M M 3.7 15 220 M M 6 16 19 210
3 42 20 31 -4 34 0 0.00 M M 3.2 12 120 M M 1 12 14 120
4 40 30 35 0 30 0 T M M 6.3 14 70 M M 10 8 18 70
5 40 35 38 2 27 0 0.34 M M 6.0 12 70 M M 10 1 14 70
6 38 35 37 1 28 0 0.31 M M 5.6 12 70 M M 10 1 14 80
7 42 32 37 1 28 0 0.08 M M 3.0 10 230 M M 10 1 12 90
8 48 27 38 2 27 0 0.27 M M 3.7 24 120 M M 6 1 39 120
9 45 34 40 3 25 0 0.13 M M 8.5 24 90 M M 8 1 35 120
10 37 29 33 -4 32 0 0.10 M M 9.0 25 200 M M 8 1 37 180
11 M M M M M M 0.00 M M M M M M M M M M
12 36 31 34 -4 31 0 0.35 M M 7.1 13 60 M M 10 1 17 70
13 41 32 37 -1 28 0 0.38 M M 5.0 13 120 M M 9 12 19 120
14 47 32 40 2 25 0 0.19 M M 5.9 13 220 M M 6 1 15 220
15 49 30 40 1 25 0 0.10 M M 6.9 23 120 M M 8 1 34 150
16 47 30 39 0 26 0 0.00 M M 4.9 14 290 M M 2 17 290
17 44 25 35 -4 30 0 0.00 M M 4.2 14 160 M M 2 21 120
18 38 29 34 -5 31 0 0.04 M M 2.9 3 170 M M 6 1 3 170
19 53 26 40 0 25 0 0.00 M M 1.6 16 160 M M 2 1 22 160
20 56 29 43 3 22 0 0.00 M M 3.5 12 290 M M 0 16 260
21 58 28 43 3 22 0 0.00 M M 4.0 14 40 M M 0 18 50
22 54 27 41 1 24 0 0.00 M M 3.5 12 220 M M 0 15 280
23 46 34 40 -1 25 0 0.32 M M 3.3 13 110 M M 10 1 19 130
24 43 34 39 -2 26 0 0.46 M M 7.4 20 90 M M 9 1 29 90
25 44 31 38 -3 27 0 0.00 M M 5.8 15 120 M M 6 22 130
26 43 35 39 -2 26 0 0.33 M M 7.4 18 100 M M 10 1 27 100
27 45 34 40 -2 25 0 0.48 M M 9.6 22 160 M M 10 1 30 160
28 45 39 42 0 23 0 0.31 M M 6.7 14 80 M M 10 1 19 70
29 54 40 47 5 18 0 0.31 M M 5.0 13 70 M M 10 1 17 80
30 46 40 43 1 22 0 0.24 M M 5.1 14 250 M M 10 1 18 270
================================================================================
SM 1303 901 774 0 4.90 M 154.9 M 195
================================================================================
AV 44.9 31.1 5.3 FASTST M M 7 MAX(MPH)
MISC ----> 25 200 39 120
================================================================================
NOTES:
# LAST OF SEVERAL OCCURRENCES
COLUMN 17 PEAK WIND IN M.P.H.
PRELIMINARY LOCAL CLIMATOLOGICAL DATA (WS FORM: F-6) , PAGE 2
STATION: YAKUTAT
MONTH: APRIL
YEAR: 2023
LATITUDE: 59 31 N
LONGITUDE: 139 40 W
[TEMPERATURE DATA] [PRECIPITATION DATA] SYMBOLS USED IN COLUMN 16
AVERAGE MONTHLY: 38.0 TOTAL FOR MONTH: 4.90 1 = FOG OR MIST
DPTR FM NORMAL: -0.6 DPTR FM NORMAL: -3.04 2 = FOG REDUCING VISIBILITY
HIGHEST: 58 ON 21 GRTST 24HR 0.68 ON 26-27 TO 1/4 MILE OR LESS
LOWEST: 20 ON 3 3 = THUNDER
SNOW, ICE PELLETS, HAIL 4 = ICE PELLETS
TOTAL MONTH: M 5 = HAIL
GRTST 24HR M ON M 6 = FREEZING RAIN OR DRIZZLE
GRTST DEPTH: M ON M 7 = DUSTSTORM OR SANDSTORM:
VSBY 1/2 MILE OR LESS
8 = SMOKE OR HAZE
[NO. OF DAYS WITH] [WEATHER - DAYS WITH] 9 = BLOWING SNOW
X = TORNADO
MAX 32 OR BELOW: 0 0.01 INCH OR MORE: 20
MAX 90 OR ABOVE: 0 0.10 INCH OR MORE: 15
MIN 32 OR BELOW: 19 0.50 INCH OR MORE: 0
MIN 0 OR BELOW: 0 1.00 INCH OR MORE: 0
[HDD (BASE 65) ]
TOTAL THIS MO. 774 CLEAR (SCALE 0-3) 7
DPTR FM NORMAL -18 PTCLDY (SCALE 4-7) 7
TOTAL FM JUL 1 7276 CLOUDY (SCALE 8-10) 16
DPTR FM NORMAL -438
[CDD (BASE 65) ]
TOTAL THIS MO. 0
DPTR FM NORMAL 0 [PRESSURE DATA]
TOTAL FM JAN 1 0 HIGHEST SLP 30.23 ON 21
DPTR FM NORMAL 0 LOWEST SLP 29.49 ON 24
[REMARKS]
#FINAL-04-23#