000
CXUS56 KPDT 011810
CF6YKM
PRELIMINARY LOCAL CLIMATOLOGICAL DATA (WS FORM: F-6)
STATION: YAKIMA WA
MONTH: JUNE
YEAR: 2022
LATITUDE: 46 34 N
LONGITUDE: 120 32 W
TEMPERATURE IN F: :PCPN: SNOW: WIND :SUNSHINE: SKY :PK WND
================================================================================
1 2 3 4 5 6A 6B 7 8 9 10 11 12 13 14 15 16 17 18
12Z AVG MX 2MIN
DY MAX MIN AVG DEP HDD CDD WTR SNW DPTH SPD SPD DIR MIN PSBL S-S WX SPD DR
================================================================================
1 79 47 63 1 2 0 0.00 M M 6.1 12 260 M M 4 17 280
2 83 56 70 8 0 5 0.00 M M 6.9 17 310 M M 3 3 24 300
3 74 52 63 0 2 0 0.07 M M 6.4 24 190 M M 6 35 220
4 73 52 63 0 2 0 0.18 M M 3.8 13 150 M M 8 1 17 120
5 76 55 66 3 0 1 0.33 M M 7.9 24 290 M M 6 13 32 290
6 75 45 60 -3 5 0 0.00 M M 6.5 23 330 M M 0 30 310
7 77 41 59 -4 6 0 0.00 M M 6.0 16 150 M M 2 21 160
8 80 51 66 2 0 1 0.00 M M 5.2 13 10 M M 0 18 330
9 74 58 66 2 0 1 T M M 8.0 29 190 M M 7 42 220
10 76 58 67 3 0 2 0.03 M M 4.2 18 200 M M 6 27 200
11 79 52 66 2 0 1 0.01 M M 4.9 21 300 M M 5 1 28 300
12 68 47 58 -6 7 0 0.09 M M 6.3 18 290 M M 6 27 300
13 66 51 59 -5 6 0 0.00 M M 17.5 30 280 M M 3 42 280
14 70 45 58 -6 7 0 0.00 M M 8.9 24 310 M M 0 35 310
15 73 40 57 -8 8 0 0.00 M M 5.0 12 270 M M 2 8 15 240
16 77 51 64 -1 1 0 T M M 5.8 18 160 M M 3 24 210
17 71 56 64 -1 1 0 T M M 8.4 21 320 M M 5 27 310
18 72 44 58 -7 7 0 T M M 6.1 17 320 M M 5 27 320
19 76 47 62 -4 3 0 0.00 M M 9.3 25 320 M M 3 37 320
20 81 51 66 0 0 1 0.00 M M 7.2 17 330 M M 0 24 320
21 85 56 71 5 0 6 0.00 M M 5.5 14 340 M M 0 20 320
22 88 53 71 5 0 6 0.00 M M 7.6 18 320 M M 1 25 30
23 82 51 67 0 0 2 0.00 M M 8.3 23 20 M M 0 8 29 330
24 81 52 67 0 0 2 0.00 M M 5.9 12 140 M M 0 16 210
25 87 46 67 0 0 2 0.00 M M 6.8 14 60 M M 0 23 80
26 93 49 71 3 0 6 0.00 M M 6.2 13 110 M M 0 17 120
27 98 53 76 8 0 11 0.00 M M 4.9 10 260 M M 0 15 140
28 85 55 70 2 0 5 0.00 M M 12.7 29 320 M M 0 39 220
29 85 50 68 0 0 3 0.00 M M 4.7 16 360 M M 0 20 360
30 87 50 69 0 0 4 0.00 M M 4.5 12 320 M M 1 15 310
================================================================================
SM 2371 1514 57 59 0.71 M 207.5 M 76
================================================================================
AV 79.0 50.5 6.9 FASTST M M 3 MAX(MPH)
MISC ----> 30 280 # 42 220
================================================================================
NOTES:
# LAST OF SEVERAL OCCURRENCES
COLUMN 17 PEAK WIND IN M.P.H.
PRELIMINARY LOCAL CLIMATOLOGICAL DATA (WS FORM: F-6) , PAGE 2
STATION: YAKIMA WA
MONTH: JUNE
YEAR: 2022
LATITUDE: 46 34 N
LONGITUDE: 120 32 W
[TEMPERATURE DATA] [PRECIPITATION DATA] SYMBOLS USED IN COLUMN 16
AVERAGE MONTHLY: 64.8 TOTAL FOR MONTH: 0.71 1 = FOG OR MIST
DPTR FM NORMAL: -0.3 DPTR FM NORMAL: 0.21 2 = FOG REDUCING VISIBILITY
HIGHEST: 98 ON 27 GRTST 24HR 0.51 ON 4- 5 TO 1/4 MILE OR LESS
LOWEST: 40 ON 15 3 = THUNDER
SNOW, ICE PELLETS, HAIL 4 = ICE PELLETS
TOTAL MONTH: M 5 = HAIL
GRTST 24HR M ON M 6 = FREEZING RAIN OR DRIZZLE
GRTST DEPTH: M ON M 7 = DUSTSTORM OR SANDSTORM:
VSBY 1/2 MILE OR LESS
8 = SMOKE OR HAZE
[NO. OF DAYS WITH] [WEATHER - DAYS WITH] 9 = BLOWING SNOW
X = TORNADO
MAX 32 OR BELOW: 0 0.01 INCH OR MORE: 6
MAX 90 OR ABOVE: 2 0.10 INCH OR MORE: 2
MIN 32 OR BELOW: 0 0.50 INCH OR MORE: 0
MIN 0 OR BELOW: 0 1.00 INCH OR MORE: 0
[HDD (BASE 65) ]
TOTAL THIS MO. 57 CLEAR (SCALE 0-3) 18
DPTR FM NORMAL -25 PTCLDY (SCALE 4-7) 12
TOTAL FM JUL 1 5848 CLOUDY (SCALE 8-10) 0
DPTR FM NORMAL 92
[CDD (BASE 65) ]
TOTAL THIS MO. 59
DPTR FM NORMAL -26 [PRESSURE DATA]
TOTAL FM JAN 1 59 HIGHEST SLP 30.28 ON 21
DPTR FM NORMAL -54 LOWEST SLP 29.62 ON 17
[REMARKS]
#FINAL-06-22#