000
CXUS56 KPDT 011950
CLMYKM
CLIMATE REPORT
NATIONAL WEATHER SERVICE PENDLETON, OR
1250 PM PDT THU JUN 01 2023
...................................
...THE YAKIMA WA CLIMATE SUMMARY FOR THE MONTH OF MAY 2023...
CLIMATE NORMAL PERIOD 1991 TO 2020
CLIMATE RECORD PERIOD 1946 TO 2023
WEATHER OBSERVED NORMAL DEPART LAST YEAR`S
VALUE DATE(S) VALUE FROM VALUE DATE(S)
NORMAL
................................................................
TEMPERATURE (F)
RECORD
HIGH 102 05/30/1986
LOW 25 05/10/1999
05/08/1999
05/01/1954
HIGHEST 95 05/19 78 05/25
05/26
05/31
LOWEST 37 05/07 28 05/11
AVG. MAXIMUM 79.8 74.1 5.7 67.8
AVG. MINIMUM 50.0 43.5 6.5 40.3
MEAN 64.9 58.8 6.1 54.1
DAYS MAX >= 90 3 1.7 1.3 0
DAYS MAX <= 32 0 0.0 0.0 0
DAYS MIN <= 32 0 2.6 -2.6 4
DAYS MIN <= 0 0 0.0 0.0 0
PRECIPITATION (INCHES)
RECORD
MAXIMUM 2.76 1948
MINIMUM 0.01 2001
TOTALS 0.11 0.74 -0.63 0.85
DAILY AVG. 0.00 0.02 -0.02 0.03
DAYS >= .01 2 6.3 -4.3 7
DAYS >= .10 0 2.1 -2.1 4
DAYS >= .50 0 0.3 -0.3 0
DAYS >= 1.00 0 0.1 -0.1 0
GREATEST
24 HR. TOTAL 0.06 05/16 TO 05/16 0.29 05/02 TO 05/02
DEGREE DAYS
HEATING TOTAL 87 219 -132 320
SINCE 7/1 5780 5674 106
COOLING TOTAL 92 27 65 0
SINCE 1/1 95 28 67
................................................................
WIND (MPH)
AVERAGE WIND SPEED 7.1
RESULTANT WIND SPEED/DIRECTION 3/300
HIGHEST WIND SPEED/DIRECTION 26/310 DATE 05/27
HIGHEST GUST SPEED/DIRECTION 38/040 DATE 05/13
AVERAGE RH (PERCENT) 49
WEATHER CONDITIONS. NUMBER OF DAYS WITH
THUNDERSTORM 5 MIXED PRECIP 0
HEAVY RAIN 0 RAIN 1
LIGHT RAIN 6 FREEZING RAIN 0
LT FREEZING RAIN 0 HAIL 0
HEAVY SNOW 0 SNOW 0
LIGHT SNOW 0 SLEET 0
FOG 0 FOG W/VIS <= 1/4 MILE 0
HAZE 4
- INDICATES NEGATIVE NUMBERS.
R INDICATES RECORD WAS SET OR TIED.
MM INDICATES DATA IS MISSING.
T INDICATES TRACE AMOUNT.
$$