000
CXUS51 KCLE 051859
CLSYNG
CLIMATE REPORT
NATIONAL WEATHER SERVICE CLEVELAND, OH
159 PM EST SAT DEC 05 2020
...................................
...THE YOUNGSTOWN OH CLIMATE SUMMARY FOR THE SEASON, FROM
9/1/2020 TO 11/30/2020...
CLIMATE NORMAL PERIOD 1981 TO 2010
CLIMATE RECORD PERIOD 1897 TO 2020
WEATHER OBSERVED NORMAL DEPART
VALUE DATE(S) VALUE FROM
NORMAL
................................................
TEMPERATURE (F)
RECORD
HIGH 99 09/05/1954
LOW 1 11/30/1976
11/30/1958
HIGHEST 87 09/09
LOWEST 26 11/24
AVG. MAXIMUM 63.6 60.6 3.0
AVG. MINIMUM 44.7 42.2 2.5
MEAN 54.1 51.4 2.7
DAYS MAX >= 90 0 0.2
DAYS MAX <= 32 0 1.7
DAYS MIN <= 32 12 16.9
DAYS MIN <= 0 0 0.0
PRECIPITATION (INCHES)
RECORD
MAXIMUM 15.85 2018
MINIMUM 3.08 1960
TOTALS 14.23 9.70 4.53
DAYS >= .01 33 36.2
DAYS >= .10 24 20.9
DAYS >= .50 11 5.9
DAYS >= 1.00 4 1.7
SNOWFALL (INCHES)
RECORDS
TOTAL 30.6 1950
TOTALS 2.4 4.4
DAYS >= TRACE 9
DAYS >= 1.0 1 1.4
DEGREE DAYS
HEATING TOTAL 1040 1291 -251
COOLING TOTAL 73 58 15
................................................
WIND (MPH)
HIGHEST GUST SPEED/DIRECTION 65/270 DATE 11/15
SKY COVER
POSSIBLE SUNSHINE (PERCENT) MM
NUMBER OF DAYS FAIR 19
NUMBER OF DAYS PC 35
NUMBER OF DAYS CLOUDY 37
WEATHER CONDITIONS. NUMBER OF DAYS WITH
THUNDERSTORM 7 MIXED PRECIP 0
HEAVY RAIN 8 RAIN 11
LIGHT RAIN 40 FREEZING RAIN 0
LT FREEZING RAIN 0 HAIL 0
HEAVY SNOW 1 SNOW 2
LIGHT SNOW 9 SLEET 3
FOG 45 FOG W/VIS <= 1/4 MILE 3
HAZE 6
- INDICATES NEGATIVE NUMBERS.
R INDICATES RECORD WAS SET OR TIED.
MM INDICATES DATA IS MISSING.
T INDICATES TRACE AMOUNT.
$$