000
CXUS55 KBOU 240757
CF633V
PRELIMINARY LOCAL CLIMATOLOGICAL DATA (WS FORM: F-6)

                                          STATION:   Walden
                                          MONTH:     JULY
                                          YEAR:      2015
                                          LATITUDE:   40 45 N
                                          LONGITUDE: 106 16 W

  TEMPERATURE IN F:       :PCPN:    SNOW:  WIND      :SUNSHINE: SKY     :PK WND
================================================================================
1   2   3   4   5  6A  6B    7    8   9   10  11  12  13   14  15   16   17  18
                                     12Z  AVG MX 2MIN
DY MAX MIN AVG DEP HDD CDD  WTR  SNW DPTH SPD SPD DIR MIN PSBL S-S WX    SPD DR
================================================================================

 1  73  50  62   M   3   0    M    M    M  4.1 18 260   M    M   3        28 260
 2  79  46  63   M   2   0    M    M    M  6.3 20 340   M    M   3        25 340
 3  79  41  60   M   5   0    M    M    M  4.9 13 320   M    M   0        17 300
 4  81  46  64   M   1   0    M    M    M  7.8 25 320   M    M   3        29 330
 5  72  43  58   M   7   0    M    M    M  7.7 15 330   M    M   4        17 200
 6  68  50  59   M   6   0    M    M    M  4.6 14 310   M    M   8         M  M
 7  63  50  57   M   8   0    M    M    M  3.5 12 160   M    M   9         M  M
 8  59  48  54   M  11   0    M    M    M  3.1 13  30   M    M   9         M  M
 9  70  41  56   M   9   0    M    M    M  5.8 16 260   M    M   4        20 260
10  70  43  57   M   8   0    M    M    M  9.4 27 170   M    M   5        35 170
11  70  41  56   M   9   0    M    M    M  9.3 22 200   M    M   3        37 200
12  73  41  57   M   8   0    M    M    M 10.2 21 230   M    M   2        32 240
13  73  45  59   M   6   0    M    M    M  6.5 15 240   M    M   2        22 170
14  73  41  57   M   8   0    M    M    M  6.0 20  70   M    M   3        28  10
15  72  45  59   M   6   0    M    M    M  8.3 21 280   M    M   5        30 280
16  73  39  56   M   9   0    M    M    M 10.6 17 210   M    M   2        27 230
17  77  41  59   M   6   0    M    M    M 11.6 22 230   M    M   2        35 220
18  73  37  55   M  10   0    M    M    M  8.4 40 250   M    M   4        51 250
19  66  41  54   M  11   0    M    M    M  5.8 10 270   M    M   6         M  M
20  73  37  55   M  10   0    M    M    M  5.5 16 190   M    M   3        22 190
21  68  43  56   M   9   0    M    M    M  6.3 21 210   M    M   7        28 210
22  73  37  55   M  10   0    M    M    M 10.2 18 200   M    M   2        28 220
23  77  39  58   M   7   0    M    M    M 11.2 24 230   M    M   1        31 230
================================================================================
SM 1655  985       169   0    M     M    167.1          M       90
================================================================================
AV 72.0 42.8                               7.3 FASTST   M    M   4    MAX(MPH)
                                 MISC ---->    40   M                 51    M
================================================================================
NOTES:
# LAST OF SEVERAL OCCURRENCES

COLUMN 17 PEAK WIND IN M.P.H.

PRELIMINARY LOCAL CLIMATOLOGICAL DATA (WS FORM: F-6) , PAGE 2

                                          STATION:  Walden
                                          MONTH:    JULY
                                          YEAR:     2015
                                          LATITUDE:   40 45 N
                                          LONGITUDE: 106 16 W

[TEMPERATURE DATA]      [PRECIPITATION DATA]       SYMBOLS USED IN COLUMN 16

AVERAGE MONTHLY: 57.4   TOTAL FOR MONTH:      M    1 = FOG OR MIST
DPTR FM NORMAL:     M   DPTR FM NORMAL:       M    2 = FOG REDUCING VISIBILITY
HIGHEST:    81 ON  4    GRTST 24HR    M  ON   M        TO 1/4 MILE OR LESS
LOWEST:     37 ON 22,20                            3 = THUNDER
                        SNOW, ICE PELLETS, HAIL    4 = ICE PELLETS
                        TOTAL MONTH:    M          5 = HAIL
                        GRTST 24HR    M  ON   M    6 = FREEZING RAIN OR DRIZZLE
                        GRTST DEPTH:  M  ON   M    7 = DUSTSTORM OR SANDSTORM:
                                                       VSBY 1/2 MILE OR LESS
                                                   8 = SMOKE OR HAZE
[NO. OF DAYS WITH]      [WEATHER - DAYS WITH]      9 = BLOWING SNOW
                                                   X = TORNADO
MAX 32 OR BELOW:   0    0.01 INCH OR MORE:   0
MAX 90 OR ABOVE:   0    0.10 INCH OR MORE:   0
MIN 32 OR BELOW:   0    0.50 INCH OR MORE:   0
MIN  0 OR BELOW:   0    1.00 INCH OR MORE:   0

[HDD (BASE 65) ]
TOTAL THIS MO.   169    CLEAR  (SCALE 0-3)  12
DPTR FM NORMAL     M    PTCLDY (SCALE 4-7)   9
TOTAL FM JUL 1   169    CLOUDY (SCALE 8-10)  2
DPTR FM NORMAL     M

[CDD (BASE 65) ]
TOTAL THIS MO.     0
DPTR FM NORMAL     M    [PRESSURE DATA]
TOTAL FM JAN 1     0    HIGHEST SLP M ON M
DPTR FM NORMAL     M    LOWEST  SLP M ON M

[REMARKS]
