000
CXUS52 KTAE 270800
CF6ABY
PRELIMINARY LOCAL CLIMATOLOGICAL DATA (WS FORM: F-6)

                                          STATION:   ALBANY
                                          MONTH:     APRIL
                                          YEAR:      2017
                                          LATITUDE:   31 31 N
                                          LONGITUDE:  84 11 W

  TEMPERATURE IN F:       :PCPN:    SNOW:  WIND      :SUNSHINE: SKY     :PK WND
================================================================================
1   2   3   4   5  6A  6B    7    8   9   10  11  12  13   14  15   16   17  18
                                     12Z  AVG MX 2MIN
DY MAX MIN AVG DEP HDD CDD  WTR  SNW DPTH SPD SPD DIR MIN PSBL S-S WX    SPD DR
================================================================================

 1  86  50  68   5   0   3 0.00  0.0    0  2.7 12 280   M    M   0        20 340
 2  90  51  71   8   0   6 0.00  0.0    0  4.2 14 160   M    M   0 18     19 150
 3  85  62  74  11   0   9 1.14  0.0    0 10.9 33 340   M    M   7 13     48 330
 4  85  64  75  11   0  10 0.00  0.0    0  5.1 21 200   M    M   5 1      26 180
 5  82  67  75  11   0  10 0.62  0.0    0 11.5 30 210   M    M   9 13     40 190
 6  74  50  62  -2   3   0 0.00  0.0    0 12.5 29 310   M    M   1 18     40 300
 7  71  46  59  -5   6   0 0.00  0.0    0  9.3 22 280   M    M   0        29 300
 8  74  38  56  -8   9   0 0.00  0.0    0  3.5 15 330   M    M   0        20 310
 9  79  41  60  -5   5   0 0.00  0.0    0  2.2 10 110   M    M   0 18     15 150
10  82  50  66   1   0   1 0.00  0.0    0  3.4 13 130   M    M   0        18 160
11  83  53  68   3   0   3 0.00  0.0    0  3.2 10 100   M    M   0        15  40
12  83  54  69   4   0   4 0.00  0.0    0  3.3 12  80   M    M   1 18     15  10
13  84  56  70   4   0   5 0.00  0.0    0  3.9 17  50   M    M   2 1      23  60
14  85  55  70   4   0   5 0.00  0.0    0  4.7 16  80   M    M   2 18     20 120
15  85  60  73   7   0   8 0.00  0.0    0  8.1 16 130   M    M   3        24 150
16  85  59  72   6   0   7 0.00  0.0    0  3.9 15 170   M    M   3 18     19 160
17  86  57  72   6   0   7 0.00  0.0    0  2.2 10 220   M    M   1 8      14 220
18  89  60  75   8   0  10 0.00  0.0    0  2.0 13 140   M    M   3 18     18 130
19  88  65  77  10   0  12 0.00  0.0    0  6.9 17 160   M    M   3        22 150
20  89  61  75   8   0  10 0.00  0.0    0  3.2 13 130   M    M   1 8      18 140
21  89  61  75   7   0  10 0.00  0.0    0  4.1 13 190   M    M   1 18     17 190
22  89  57  73   5   0   8 0.00  0.0    0  6.3 14 200   M    M   1 1      23 210
23  84  60  72   4   0   7 0.37  0.0    0  7.1 17 210   M    M   5 13     23 200
24  70  53  62  -6   3   0 0.00  0.0    0  6.3 15 310   M    M   6        19 290
25  82  57  70   1   0   5 0.00  0.0    0  6.1 15 270   M    M   3 8      19 270
26  84  57  71   2   0   6 0.00  0.0    0  7.6 16 200   M    M   2 18     20 200
================================================================================
SM 2163 1444        26 146  2.13     0.0 144.2          M       59
================================================================================
AV 83.2 55.5                               5.5 FASTST   M    M   2    MAX(MPH)
                                 MISC ---->  # 33 340               # 48  330
================================================================================
NOTES:
# LAST OF SEVERAL OCCURRENCES

COLUMN 17 PEAK WIND IN M.P.H.

PRELIMINARY LOCAL CLIMATOLOGICAL DATA (WS FORM: F-6) , PAGE 2

                                          STATION:  ALBANY
                                          MONTH:    APRIL
                                          YEAR:     2017
                                          LATITUDE:   31 31 N
                                          LONGITUDE:  84 11 W

[TEMPERATURE DATA]      [PRECIPITATION DATA]       SYMBOLS USED IN COLUMN 16

AVERAGE MONTHLY: 69.4   TOTAL FOR MONTH:   2.13    1 = FOG OR MIST
DPTR FM NORMAL:   3.6   DPTR FM NORMAL:   -1.20    2 = FOG REDUCING VISIBILITY
HIGHEST:    90 ON  2    GRTST 24HR  1.14 ON  3- 3      TO 1/4 MILE OR LESS
LOWEST:     38 ON  8                               3 = THUNDER
                        SNOW, ICE PELLETS, HAIL    4 = ICE PELLETS
                        TOTAL MONTH:   0.0 INCH    5 = HAIL
                        GRTST 24HR     0.0         6 = FREEZING RAIN OR DRIZZLE
                        GRTST DEPTH:   0           7 = DUSTSTORM OR SANDSTORM:
                                                       VSBY 1/2 MILE OR LESS
                                                   8 = SMOKE OR HAZE
[NO. OF DAYS WITH]      [WEATHER - DAYS WITH]      9 = BLOWING SNOW
                                                   X = TORNADO
MAX 32 OR BELOW:   0    0.01 INCH OR MORE:   3
MAX 90 OR ABOVE:   1    0.10 INCH OR MORE:   3
MIN 32 OR BELOW:   0    0.50 INCH OR MORE:   2
MIN  0 OR BELOW:   0    1.00 INCH OR MORE:   1

[HDD (BASE 65) ]
TOTAL THIS MO.    26    CLEAR  (SCALE 0-3)  20
DPTR FM NORMAL   -37    PTCLDY (SCALE 4-7)   5
TOTAL FM JUL 1   992    CLOUDY (SCALE 8-10)  1
DPTR FM NORMAL  -840

[CDD (BASE 65) ]
TOTAL THIS MO.   146
DPTR FM NORMAL    65    [PRESSURE DATA]
TOTAL FM JAN 1   261    HIGHEST SLP M ON M
DPTR FM NORMAL   142    LOWEST  SLP 29.75 ON M

[REMARKS]
