000
CXUS52 KTAE 010800
CF6ABY
PRELIMINARY LOCAL CLIMATOLOGICAL DATA (WS FORM: F-6)

                                          STATION:   ALBANY
                                          MONTH:     JANUARY
                                          YEAR:      2015
                                          LATITUDE:   31 31 N
                                          LONGITUDE:  84 11 W

  TEMPERATURE IN F:       :PCPN:    SNOW:  WIND      :SUNSHINE: SKY     :PK WND
================================================================================
1   2   3   4   5  6A  6B    7    8   9   10  11  12  13   14  15   16   17  18
                                     12Z  AVG MX 2MIN
DY MAX MIN AVG DEP HDD CDD  WTR  SNW DPTH SPD SPD DIR MIN PSBL S-S WX    SPD DR
================================================================================

 1  62  34  48  -1  17   0 0.00  0.0    0  2.4  8  40   M    M   0 1       M  M
 2  62  47  55   6  10   0 0.00  0.0    0  4.3 10  70   M    M   7        25  30
 3  76  58  67  18   0   2 0.01  0.0    0  7.0 17 180   M    M   8 1      23 190
 4  72  52  62  13   3   0 0.74  0.0    0  8.3 23 290   M    M   7 13     32 290
 5  59  37  48  -1  17   0 0.00  0.0    0  4.6 18 340   M    M   M        24 320
 6  62  31  47  -2  18   0 0.00  0.0    0  3.2 15 290   M    M   0        18 250
 7  59  29  44  -5  21   0 0.00  0.0    0  9.8 28 330   M    M   0        35 330
 8  38  18  28 -21  37   0 0.00  0.0    0  6.8 17  60   M    M   0        28  30
 9  46  25  36 -13  29   0    T  0.0    0  3.8 15 340   M    M   6        20 350
10  53  30  42  -7  23   0 0.00  0.0    0  4.7 13  50   M    M   0        22  70
11  60  42  51   2  14   0 0.06  0.0    0  9.2 15  60   M    M   9 1      17  70
12  52  46  49   0  16   0 0.00  0.0    0  4.0 10  60   M    M  10 12     14  60
13  58  50  54   5  11   0 0.00  0.0    0  4.0  9  30   M    M  10 128    14  30
14  52  45  49   0  16   0 0.00  0.0    0  5.2 12  30   M    M  10 1      15  40
15  45  42  44  -5  21   0 0.18    M    0  2.4  9  60   M    M  10 18     10 100
16  59  36  48  -1  17   0 0.00  0.0    0  3.7 13 340   M    M   2 1      16 330
17  63  31  47  -2  18   0 0.00  0.0    0  2.0 10 150   M    M   0 1      14 150
18  66  35  51   2  14   0 0.00  0.0    0  4.4 17 290   M    M   2 1      24 330
19  68  30  49   0  16   0 0.00  0.0    0  3.0 14 210   M    M   0        16 210
20  68  32  50   1  15   0 0.00  0.0    0  2.1 13 210   M    M   1        15 200
21  73  41  57   8   8   0 0.00  0.0    0  1.7 10 300   M    M   2 12     18 360
22  66  42  54   5  11   0 0.00  0.0    0  5.7 16  60   M    M   2        21  90
23  64  52  58   8   7   0 2.29  0.0    0  6.5 20  70   M    M  10 12     24  70
24  61  35  48  -2  17   0 0.02    M    0 10.6 20 290   M    M   4 1      29 300
25  63  30  47  -3  18   0 0.00  0.0    0  6.7 21 210   M    M   0        25 210
26  52  33  43  -7  22   0 0.00  0.0    0  8.7 24 290   M    M   4        32 290
27  61  31  46  -4  19   0 0.00  0.0    0  5.6 18 340   M    M   1        25 330
28   M   M   M   M   M   M    M    M    M   M   M   M   M    M   M         M  M
29  63  31  47  -3  18   0 0.00  0.0    0  4.6 14 210   M    M   0 18     17 190
30  61  43  52   2  13   0 0.00  0.0    0  8.1 20 340   M    M   1        26  10
31  62  29  46  -4  19   0 0.00  0.0    0  4.0 12  70   M    M   0        15  80
================================================================================
SM 1806 1117       485   2  3.30     0.0 157.1          M      106
================================================================================
AV 60.2 37.2                               5.2 FASTST   M    M   4    MAX(MPH)
                                 MISC ---->  # 28 330               # 35  330
================================================================================
NOTES:
# LAST OF SEVERAL OCCURRENCES

COLUMN 17 PEAK WIND IN M.P.H.

PRELIMINARY LOCAL CLIMATOLOGICAL DATA (WS FORM: F-6) , PAGE 2

                                          STATION:  ALBANY
                                          MONTH:    JANUARY
                                          YEAR:     2015
                                          LATITUDE:   31 31 N
                                          LONGITUDE:  84 11 W

[TEMPERATURE DATA]      [PRECIPITATION DATA]       SYMBOLS USED IN COLUMN 16

AVERAGE MONTHLY: 48.7   TOTAL FOR MONTH:   3.30    1 = FOG OR MIST
DPTR FM NORMAL:  -0.6   DPTR FM NORMAL:   -1.52    2 = FOG REDUCING VISIBILITY
HIGHEST:    76 ON  3    GRTST 24HR  2.30 ON 23-24      TO 1/4 MILE OR LESS
LOWEST:     18 ON  8                               3 = THUNDER
                        SNOW, ICE PELLETS, HAIL    4 = ICE PELLETS
                        TOTAL MONTH:   0.0 INCH    5 = HAIL
                        GRTST 24HR     0.0         6 = FREEZING RAIN OR DRIZZLE
                        GRTST DEPTH:   0           7 = DUSTSTORM OR SANDSTORM:
                                                       VSBY 1/2 MILE OR LESS
                                                   8 = SMOKE OR HAZE
[NO. OF DAYS WITH]      [WEATHER - DAYS WITH]      9 = BLOWING SNOW
                                                   X = TORNADO
MAX 32 OR BELOW:   0    0.01 INCH OR MORE:   6
MAX 90 OR ABOVE:   0    0.10 INCH OR MORE:   3
MIN 32 OR BELOW:  12    0.50 INCH OR MORE:   2
MIN  0 OR BELOW:   0    1.00 INCH OR MORE:   1

[HDD (BASE 65) ]
TOTAL THIS MO.   485    CLEAR  (SCALE 0-3)  17
DPTR FM NORMAL    -6    PTCLDY (SCALE 4-7)   5
TOTAL FM JUL 1  1226    CLOUDY (SCALE 8-10)  7
DPTR FM NORMAL    22

[CDD (BASE 65) ]
TOTAL THIS MO.     2
DPTR FM NORMAL    -2    [PRESSURE DATA]
TOTAL FM JAN 1     2    HIGHEST SLP 30.64 ON  8
DPTR FM NORMAL     2    LOWEST  SLP 29.74 ON 24

[REMARKS]
#FINAL-01-15#
