000
CXUS54 KLZK 191330
CF6ADF
PRELIMINARY LOCAL CLIMATOLOGICAL DATA (WS FORM: F-6)

                                          STATION:   Arkadelphia Airport
                                          MONTH:     SEPTEMBER
                                          YEAR:      2014
                                          LATITUDE:   34  9 N
                                          LONGITUDE:  93  4 W

  TEMPERATURE IN F:       :PCPN:    SNOW:  WIND      :SUNSHINE: SKY     :PK WND
================================================================================
1   2   3   4   5  6A  6B    7    8   9   10  11  12  13   14  15   16   17  18
                                     12Z  AVG MX 2MIN
DY MAX MIN AVG DEP HDD CDD  WTR  SNW DPTH SPD SPD DIR MIN PSBL S-S WX    SPD DR
================================================================================

 1  94  73  84   6   0  19    T  0.0    0  3.8  9 170   M    M   3 1       M  M
 2  91  72  82   4   0  17 0.01  0.0    0  2.3 17 330   M    M   3 1      33 350
 3  94  70  82   4   0  17 0.00  0.0    0  0.8  5 310   M    M   4 12      M  M
 4  96  71  84   7   0  19 0.00  0.0    0  2.1  9 190   M    M   1 12      M  M
 5  96  71  84   7   0  19    T  0.0    0  0.8  5 230   M    M   0 123     M  M
 6  93  71  82   5   0  17    T  0.0    0  3.6  9  50   M    M   1 13      M  M
 7  86  70  78   2   0  13 0.00  0.0    0  4.8 10  30   M    M   1 1       M  M
 8  92  66  79   3   0  14 0.00  0.0    0  1.3  5  99   M    M   0 1       M  M
 9  95  69  82   6   0  17    T  0.0    0  3.0  9 170   M    M   0 1       M  M
10  95  74  85   9   0  20 0.00  0.0    0  6.4 14 190   M    M   1 1       M  M
11  82  72  77   2   0  12 1.32  0.0    0  4.7 10  40   M    M   4 1       M  M
12  72  63  68  -7   0   3 0.92  0.0    0  8.0 14  30   M    M  10 13      M  M
13  66  57  62 -12   3   0 0.00  0.0    0  8.2 14  20   M    M   7         M  M
14  80  56  68  -6   0   3 0.00  0.0    0  3.6  8  20   M    M   1         M  M
15  78  64  71  -3   0   6 0.02  0.0    0  1.0  5  50   M    M   0 1       M  M
16  89  69  79   6   0  14    T  0.0    0  1.5  5  40   M    M   1 1       M  M
17  88  65  77   4   0  12    T  0.0    0  2.9  6  99   M    M   1 1       M  M
18  90  72  81   8   0  16 0.59  0.0    0  3.1  7 190   M    M   1 13      M  M
================================================================================
SM 1577 1225         3 238  2.86     0.0  61.9          M       39
================================================================================
AV 87.6 68.1                               3.4 FASTST   M    M   2    MAX(MPH)
                                 MISC ---->    17   M                 33    M
================================================================================
NOTES:
# LAST OF SEVERAL OCCURRENCES

COLUMN 17 PEAK WIND IN M.P.H.

PRELIMINARY LOCAL CLIMATOLOGICAL DATA (WS FORM: F-6) , PAGE 2

                                          STATION:  Arkadelphia Airport
                                          MONTH:    SEPTEMBER
                                          YEAR:     2014
                                          LATITUDE:   34  9 N
                                          LONGITUDE:  93  4 W

[TEMPERATURE DATA]      [PRECIPITATION DATA]       SYMBOLS USED IN COLUMN 16

AVERAGE MONTHLY: 77.8   TOTAL FOR MONTH:   2.86    1 = FOG OR MIST
DPTR FM NORMAL:   2.3   DPTR FM NORMAL:    0.70    2 = FOG REDUCING VISIBILITY
HIGHEST:    96 ON  5, 4 GRTST 24HR  1.32 ON 11-11      TO 1/4 MILE OR LESS
LOWEST:     56 ON 14                               3 = THUNDER
                        SNOW, ICE PELLETS, HAIL    4 = ICE PELLETS
                        TOTAL MONTH:   0.0 INCH    5 = HAIL
                        GRTST 24HR     0.0         6 = FREEZING RAIN OR DRIZZLE
                        GRTST DEPTH:   0           7 = DUSTSTORM OR SANDSTORM:
                                                       VSBY 1/2 MILE OR LESS
                                                   8 = SMOKE OR HAZE
[NO. OF DAYS WITH]      [WEATHER - DAYS WITH]      9 = BLOWING SNOW
                                                   X = TORNADO
MAX 32 OR BELOW:   0    0.01 INCH OR MORE:   5
MAX 90 OR ABOVE:  10    0.10 INCH OR MORE:   3
MIN 32 OR BELOW:   0    0.50 INCH OR MORE:   3
MIN  0 OR BELOW:   0    1.00 INCH OR MORE:   1

[HDD (BASE 65) ]
TOTAL THIS MO.     3    CLEAR  (SCALE 0-3)  14
DPTR FM NORMAL     2    PTCLDY (SCALE 4-7)   3
TOTAL FM JUL 1     3    CLOUDY (SCALE 8-10)  1
DPTR FM NORMAL     2

[CDD (BASE 65) ]
TOTAL THIS MO.   238
DPTR FM NORMAL    44    [PRESSURE DATA]
TOTAL FM JAN 1  1838    HIGHEST SLP M ON M
DPTR FM NORMAL    65    LOWEST  SLP M ON M

[REMARKS]
