000
CXUS54 KLCH 201014
CF6AEX
PRELIMINARY LOCAL CLIMATOLOGICAL DATA (WS FORM: F-6)

                                          STATION:   ALEXANDRIA
                                          MONTH:     NOVEMBER
                                          YEAR:      2017
                                          LATITUDE:   31 19 N
                                          LONGITUDE:  92 33 W

  TEMPERATURE IN F:       :PCPN:    SNOW:  WIND      :SUNSHINE: SKY     :PK WND
================================================================================
1   2   3   4   5  6A  6B    7    8   9   10  11  12  13   14  15   16   17  18
                                     12Z  AVG MX 2MIN
DY MAX MIN AVG DEP HDD CDD  WTR  SNW DPTH SPD SPD DIR MIN PSBL S-S WX    SPD DR
================================================================================

 1  72  61  67   5   0   2 1.50  0.0    0  9.6 17 160   M    M   8 1      20 140
 2  85  72  79  17   0  14 0.00  0.0    0 10.9 21 190   M    M   8        27 180
 3  86  69  78  16   0  13    T  0.0    0  6.8 15 150   M    M   5 1      18 160
 4  85  67  76  15   0  11 0.00  0.0    0  5.7 13 190   M    M   5 1      19 190
 5  85  71  78  17   0  13 0.00  0.0    0  9.7 16 190   M    M   6        20 170
 6  87  71  79  18   0  14 0.00  0.0    0  8.9 16 220   M    M   5 1      24 190
 7  86  67  77  17   0  12 0.00  0.0    0  6.3 18 280   M    M   5 18     23 280
 8  67  50  59  -1   6   0 0.10  0.0    0  7.5 13 350   M    M  10 1      17  20
 9  65  46  56  -4   9   0 0.08  0.0    0  7.3 14 360   M    M   6 1      19 360
10  68  40  54  -5  11   0 0.00  0.0    0  3.9 13  70   M    M   0        17  70
11  71  40  56  -3   9   0 0.00  0.0    0  3.0 12 100   M    M   0        15 100
12  80  52  66   7   0   1 0.00  0.0    0  3.8  9  50   M    M   6 8      13  40
13  74  50  62   4   3   0 0.01  0.0    0  5.7 12  30   M    M   4 1      15  30
14  73  46  60   2   5   0 0.00  0.0    0  3.0  9 130   M    M   0 1      12 150
15  74  47  61   3   4   0 0.00  0.0    0  2.7 14 150   M    M   2 18     17 160
16  76  50  63   6   2   0 0.00  0.0    0  1.5  8 150   M    M   5 18     10  80
17  80  57  69  12   0   4 0.00  0.0    0  9.2 20 180   M    M   5 1      25 190
18  84  52  68  12   0   3    T  0.0    0 15.9 33 320   M    M   7        45 300
19  63  37  50  -6  15   0 0.00  0.0    0  8.0 18 350   M    M   0        23 350
================================================================================
SM 1461 1045        64  87  1.69     0.0 129.4          M       87
================================================================================
AV 76.9 55.0                               6.8 FASTST   M    M   5    MAX(MPH)
                                 MISC ---->  # 33 320               # 45  300
================================================================================
NOTES:
# LAST OF SEVERAL OCCURRENCES

COLUMN 17 PEAK WIND IN M.P.H.

PRELIMINARY LOCAL CLIMATOLOGICAL DATA (WS FORM: F-6) , PAGE 2

                                          STATION:  ALEXANDRIA
                                          MONTH:    NOVEMBER
                                          YEAR:     2017
                                          LATITUDE:   31 19 N
                                          LONGITUDE:  92 33 W

[TEMPERATURE DATA]      [PRECIPITATION DATA]       SYMBOLS USED IN COLUMN 16

AVERAGE MONTHLY: 66.0   TOTAL FOR MONTH:   1.69    1 = FOG OR MIST
DPTR FM NORMAL:   6.7   DPTR FM NORMAL:   -1.19    2 = FOG REDUCING VISIBILITY
HIGHEST:    87 ON  6    GRTST 24HR  1.50 ON  1- 1      TO 1/4 MILE OR LESS
LOWEST:     37 ON 19                               3 = THUNDER
                        SNOW, ICE PELLETS, HAIL    4 = ICE PELLETS
                        TOTAL MONTH:   0.0 INCH    5 = HAIL
                        GRTST 24HR     0.0         6 = FREEZING RAIN OR DRIZZLE
                        GRTST DEPTH:   0           7 = DUSTSTORM OR SANDSTORM:
                                                       VSBY 1/2 MILE OR LESS
                                                   8 = SMOKE OR HAZE
[NO. OF DAYS WITH]      [WEATHER - DAYS WITH]      9 = BLOWING SNOW
                                                   X = TORNADO
MAX 32 OR BELOW:   0    0.01 INCH OR MORE:   4
MAX 90 OR ABOVE:   0    0.10 INCH OR MORE:   2
MIN 32 OR BELOW:   0    0.50 INCH OR MORE:   1
MIN  0 OR BELOW:   0    1.00 INCH OR MORE:   1

[HDD (BASE 65) ]
TOTAL THIS MO.    64    CLEAR  (SCALE 0-3)   5
DPTR FM NORMAL   -65    PTCLDY (SCALE 4-7)  12
TOTAL FM JUL 1   137    CLOUDY (SCALE 8-10)  2
DPTR FM NORMAL   -65

[CDD (BASE 65) ]
TOTAL THIS MO.    87
DPTR FM NORMAL    65    [PRESSURE DATA]
TOTAL FM JAN 1  2708    HIGHEST SLP M ON M
DPTR FM NORMAL   200    LOWEST  SLP 29.83 ON 18

[REMARKS]
