000
CXUS54 KLCH 300846
CF6AEX
PRELIMINARY LOCAL CLIMATOLOGICAL DATA (WS FORM: F-6)

                                          STATION:   ALEXANDRIA
                                          MONTH:     MARCH
                                          YEAR:      2017
                                          LATITUDE:   31 19 N
                                          LONGITUDE:  92 33 W

  TEMPERATURE IN F:       :PCPN:    SNOW:  WIND      :SUNSHINE: SKY     :PK WND
================================================================================
1   2   3   4   5  6A  6B    7    8   9   10  11  12  13   14  15   16   17  18
                                     12Z  AVG MX 2MIN
DY MAX MIN AVG DEP HDD CDD  WTR  SNW DPTH SPD SPD DIR MIN PSBL S-S WX    SPD DR
================================================================================

 1  82  55  69  13   0   4 0.09  0.0    0 11.7 23 320   M    M   7 138    31 320
 2  67  46  57   1   8   0    T    M    0  8.5 17  50   M    M   0        25  30
 3  69  35  52  -4  13   0    T    M    0  4.5 20 100   M    M   0        25 100
 4  64  42  53  -3  12   0    T    M    0  3.8 12 140   M    M   4        16 140
 5  62  54  58   1   7   0 0.10  0.0    0  8.0 18 110   M    M  10 1      22 120
 6  74  60  67  10   0   2    T  0.0    0 13.7 26 160   M    M  10 1      31 150
 7  74  49  62   5   3   0 0.57    M    0  8.0 24 340   M    M   9 13     31 340
 8  72  49  61   3   4   0 0.00  0.0    0  6.8 21 110   M    M   5        27 100
 9  78  62  70  12   0   5 0.00  0.0    0  6.4 15 210   M    M   6        19 210
10  79  59  69  11   0   4    T  0.0    0  6.4 17  40   M    M   M 18     24  40
11  68  45  57  -1   8   0 0.16    M    0  5.8 15  20   M    M   7 1      22  20
12  60  42  51  -7  14   0 0.07    M    0  8.5 18  30   M    M   5 1      25  20
13  56  43  50  -9  15   0 0.02    M    0  5.3 15 320   M    M   8 1      20 320
14  61  34  48 -11  17   0 0.00  0.0    0  7.0 15 340   M    M   0        21 340
15  59  40  50  -9  15   0 0.00  0.0    0  7.0 14  40   M    M   3        20  40
16  64  40  52  -7  13   0 0.00    M    0  9.1 15 170   M    M   6 8      18 180
17  77  53  65   5   0   0 0.00  0.0    0 10.0 18 200   M    M   8        23 200
18  81  54  68   8   0   3 0.00  0.0    0  5.1 15 280   M    M   3 12     20 310
19  82  60  71  11   0   6 0.00  0.0    0  5.4 12 230   M    M   4 12     16 210
20  84  63  74  14   0   9 0.00  0.0    0  8.6 15 210   M    M   4        21 210
21  85  64  75  15   0  10 0.00  0.0    0  8.1 14 210   M    M   4 8      18 220
22  81  59  70   9   0   5 0.00  0.0    0  4.0 13 220   M    M   3 18     18 250
23  84  61  73  12   0   8 0.00  0.0    0  6.5 16 150   M    M   3 1      22 160
24  78  67  73  12   0   8    T  0.0    0 16.3 31 150   M    M   6        38 150
25  77  58  68   7   0   3 0.99  0.0    0  8.3 24 290   M    M   4 13     29 290
26  81  61  71   9   0   6 0.00  0.0    0  8.0 17 170   M    M   5 18     22 160
27  82  66  74  12   0   9 0.03  0.0    0  9.6 21 180   M    M   6 1      28 180
28  85  68  77  15   0  12 0.00  0.0    0  8.9 20 160   M    M   5 1      23 160
29  81  67  74  12   0   9 0.12  0.0    0 13.5 49 130   M    M   6 138    60 120
================================================================================
SM 2147 1556       129 103  2.15     0.0 232.8          M      141
================================================================================
AV 74.0 53.7                               8.0 FASTST   M    M   5    MAX(MPH)
                                 MISC ---->  # 49 130               # 60  120
================================================================================
NOTES:
# LAST OF SEVERAL OCCURRENCES

COLUMN 17 PEAK WIND IN M.P.H.

PRELIMINARY LOCAL CLIMATOLOGICAL DATA (WS FORM: F-6) , PAGE 2

                                          STATION:  ALEXANDRIA
                                          MONTH:    MARCH
                                          YEAR:     2017
                                          LATITUDE:   31 19 N
                                          LONGITUDE:  92 33 W

[TEMPERATURE DATA]      [PRECIPITATION DATA]       SYMBOLS USED IN COLUMN 16

AVERAGE MONTHLY: 63.8   TOTAL FOR MONTH:   2.15    1 = FOG OR MIST
DPTR FM NORMAL:   4.8   DPTR FM NORMAL:   -2.60    2 = FOG REDUCING VISIBILITY
HIGHEST:    85 ON 28,21 GRTST 24HR  0.99 ON 25-25      TO 1/4 MILE OR LESS
LOWEST:     34 ON 14                               3 = THUNDER
                        SNOW, ICE PELLETS, HAIL    4 = ICE PELLETS
                        TOTAL MONTH:   0.0 INCH    5 = HAIL
                        GRTST 24HR     0.0         6 = FREEZING RAIN OR DRIZZLE
                        GRTST DEPTH:   0           7 = DUSTSTORM OR SANDSTORM:
                                                       VSBY 1/2 MILE OR LESS
                                                   8 = SMOKE OR HAZE
[NO. OF DAYS WITH]      [WEATHER - DAYS WITH]      9 = BLOWING SNOW
                                                   X = TORNADO
MAX 32 OR BELOW:   0    0.01 INCH OR MORE:   9
MAX 90 OR ABOVE:   0    0.10 INCH OR MORE:   5
MIN 32 OR BELOW:   0    0.50 INCH OR MORE:   2
MIN  0 OR BELOW:   0    1.00 INCH OR MORE:   0

[HDD (BASE 65) ]
TOTAL THIS MO.   129    CLEAR  (SCALE 0-3)   5
DPTR FM NORMAL   -76    PTCLDY (SCALE 4-7)  20
TOTAL FM JUL 1  1105    CLOUDY (SCALE 8-10)  3
DPTR FM NORMAL  -765

[CDD (BASE 65) ]
TOTAL THIS MO.   103
DPTR FM NORMAL    69    [PRESSURE DATA]
TOTAL FM JAN 1   185    HIGHEST SLP M ON M
DPTR FM NORMAL   134    LOWEST  SLP 29.76 ON 29

[REMARKS]
