000
CXUS54 KFWD 180730
CF6AFW
PRELIMINARY LOCAL CLIMATOLOGICAL DATA (WS FORM: F-6)

                                          STATION:   FORT WORTH ALLIANCE
                                          MONTH:     DECEMBER
                                          YEAR:      2014
                                          LATITUDE:   32 58 N
                                          LONGITUDE:  97 19 W

  TEMPERATURE IN F:       :PCPN:    SNOW:  WIND      :SUNSHINE: SKY     :PK WND
================================================================================
1   2   3   4   5  6A  6B    7    8   9   10  11  12  13   14  15   16   17  18
                                     12Z  AVG MX 2MIN
DY MAX MIN AVG DEP HDD CDD  WTR  SNW DPTH SPD SPD DIR MIN PSBL S-S WX    SPD DR
================================================================================

 1  51  29  40  -9  25   0 0.00  0.0    0 14.6 24 340   M    M   6        30 360
 2  49  29  39 -10  26   0 0.00  0.0    0  5.8 13 320   M    M  10        15 320
 3  58  48  53   4  12   0    T  0.0    0  8.0 15 150   M    M  10 18     19 150
 4  65  56  61  13   4   0    T  0.0    0  8.7 15 160   M    M  10 18     19 160
 5  79  54  67  19   0   2 0.02  0.0    0 10.4 20 220   M    M   7 1      26 210
 6  66  45  56   8   9   0 0.00  0.0    0 11.0 18  10   M    M   7        21 360
 7  50  41  46  -1  19   0    T  0.0    0  4.3 14 130   M    M   9 18     18 120
 8  55  32  44  -3  21   0 0.00  0.0    0  2.7  9 340   M    M   6 18     12 360
 9  52  35  44  -3  21   0 0.00  0.0    0  1.5  8  50   M    M  10 12     10  50
10  58  32  45  -2  20   0    T    M    0  3.7 10 130   M    M  10 128    12 130
11  65  52  59  13   6   0    T  0.0    0  4.6 10 170   M    M  10 18     13 210
12  73  58  66  20   0   1    T  0.0    0  5.4 14 150   M    M   8 1      18 160
13  71  57  64  18   1   0 0.00  0.0    0 11.2 20 170   M    M   6        25 180
14  67  61  64  18   1   0 0.04  0.0    0 13.9 22 160   M    M   8 1      30 150
15  63  42  53   7  12   0    T    M    0 10.0 21 290   M    M   0 1      27 290
16  54  32  43  -3  22   0 0.00  0.0    0  7.9 18 340   M    M   5        25 340
17  46  34  40  -5  25   0 0.34    M    0  6.5 18 120   M    M  10 13     22 130
================================================================================
SM 1022  737       224   3  0.40     0.0 130.2          M      132
================================================================================
AV 60.1 43.4                               7.7 FASTST   M    M   8    MAX(MPH)
                                 MISC ---->  # 24 340               # 30  360
================================================================================
NOTES:
# LAST OF SEVERAL OCCURRENCES

COLUMN 17 PEAK WIND IN M.P.H.

PRELIMINARY LOCAL CLIMATOLOGICAL DATA (WS FORM: F-6) , PAGE 2

                                          STATION:  FORT WORTH ALLIANCE
                                          MONTH:    DECEMBER
                                          YEAR:     2014
                                          LATITUDE:   32 58 N
                                          LONGITUDE:  97 19 W

[TEMPERATURE DATA]      [PRECIPITATION DATA]       SYMBOLS USED IN COLUMN 16

AVERAGE MONTHLY: 51.7   TOTAL FOR MONTH:   0.40    1 = FOG OR MIST
DPTR FM NORMAL:   4.7   DPTR FM NORMAL:   -1.02    2 = FOG REDUCING VISIBILITY
HIGHEST:    79 ON  5    GRTST 24HR  0.34 ON 17-17      TO 1/4 MILE OR LESS
LOWEST:     29 ON  2, 1                            3 = THUNDER
                        SNOW, ICE PELLETS, HAIL    4 = ICE PELLETS
                        TOTAL MONTH:   0.0 INCH    5 = HAIL
                        GRTST 24HR     0.0         6 = FREEZING RAIN OR DRIZZLE
                        GRTST DEPTH:   0           7 = DUSTSTORM OR SANDSTORM:
                                                       VSBY 1/2 MILE OR LESS
                                                   8 = SMOKE OR HAZE
[NO. OF DAYS WITH]      [WEATHER - DAYS WITH]      9 = BLOWING SNOW
                                                   X = TORNADO
MAX 32 OR BELOW:   0    0.01 INCH OR MORE:   3
MAX 90 OR ABOVE:   0    0.10 INCH OR MORE:   1
MIN 32 OR BELOW:   5    0.50 INCH OR MORE:   0
MIN  0 OR BELOW:   0    1.00 INCH OR MORE:   0

[HDD (BASE 65) ]
TOTAL THIS MO.   224    CLEAR  (SCALE 0-3)   1
DPTR FM NORMAL   -83    PTCLDY (SCALE 4-7)   7
TOTAL FM JUL 1   694    CLOUDY (SCALE 8-10)  9
DPTR FM NORMAL   -18

[CDD (BASE 65) ]
TOTAL THIS MO.     3
DPTR FM NORMAL     3    [PRESSURE DATA]
TOTAL FM JAN 1  2547    HIGHEST SLP M ON M
DPTR FM NORMAL   -32    LOWEST  SLP 29.76 ON 14

[REMARKS]
