000
CXUS54 KFWD 280730
CF6AFW
PRELIMINARY LOCAL CLIMATOLOGICAL DATA (WS FORM: F-6)

                                          STATION:   FORT WORTH ALLIANCE
                                          MONTH:     MARCH
                                          YEAR:      2015
                                          LATITUDE:   32 58 N
                                          LONGITUDE:  97 19 W

  TEMPERATURE IN F:       :PCPN:    SNOW:  WIND      :SUNSHINE: SKY     :PK WND
================================================================================
1   2   3   4   5  6A  6B    7    8   9   10  11  12  13   14  15   16   17  18
                                     12Z  AVG MX 2MIN
DY MAX MIN AVG DEP HDD CDD  WTR  SNW DPTH SPD SPD DIR MIN PSBL S-S WX    SPD DR
================================================================================

 1  36  31  34 -18  31   0    T  0.0    M  8.3 16 360   M    M  10 16     19 360
 2  39  32  36 -16  29   0 0.02  0.0    M  6.0 16  10   M    M  10 12     21  10
 3  53  38  46  -7  19   0    T  0.0    0  4.2 10 130   M    M  10 128    12 140
 4  51  26  39 -14  26   0 0.30    M    0 16.0 31  10   M    M  10 146    39  10
 5  41  20  31 -22  34   0 0.01    M    M  8.6 23  10   M    M   3 1      27 350
 6  53  23  38 -16  27   0 0.00  0.0    M  4.4 12 220   M    M   0        14 190
 7  64  26  45  -9  20   0 0.00  0.0    0  6.4 13 170   M    M   5        16 140
 8  54  46  50  -4  15   0 0.11  0.0    0  9.5 16 140   M    M  10 1      21 140
 9  50  47  49  -5  16   0 0.38  0.0    0  6.6 13  40   M    M   9 1      16  40
10  60  48  54  -1  11   0 0.00  0.0    0  5.6 13 340   M    M  10 1      16 350
11  69  38  54  -1  11   0 0.00  0.0    0  3.8 14  20   M    M   6 128    18  30
12  71  43  57   2   8   0 0.00  0.0    0  5.7 15  10   M    M   5 1      22  20
13  63  53  58   2   7   0 0.05  0.0    0 10.5 21 340   M    M  10 1      27 350
14  69  55  62   6   3   0 0.00  0.0    0 14.8 28 360   M    M   9        35 350
15  68  47  58   2   7   0    T  0.0    0  4.1 14  30   M    M   9 1      18  20
16  80  44  62   5   3   0 0.00  0.0    0  5.0 14 170   M    M   6 1      18 210
17  82  59  71  14   0   6    T  0.0    0  4.4 13  30   M    M   7        17 160
18  65  52  59   2   6   0 0.13  0.0    0  4.9 12 350   M    M   9 1      17 340
19  76  53  65   7   0   0    T  0.0    0  5.3 15  20   M    M   9 128    19  20
20  59  50  55  -3  10   0 0.22  0.0    0  9.0 20  80   M    M  10 1      24 340
21  61  50  56  -2   9   0 0.06  0.0    0  5.5 12  20   M    M  10 18     13  20
22  67  49  58   0   7   0 0.29  0.0    0  3.2  9  30   M    M   7 1      12  30
23  76  47  62   3   3   0 0.00  0.0    0  7.5 17 160   M    M   2 1      22 160
24  87  57  72  13   0   7 0.00  0.0    0 11.0 20 160   M    M   3        32 170
25  82  61  72  13   0   7    T  0.0    0 12.4 24 140   M    M   3 1      32 160
26  65  41  53  -7  12   0    T    M    0 17.2 31 360   M    M   5        40 360
27  70  39  55  -5  10   0 0.00  0.0    0  6.8 20  30   M    M   4        24 290
================================================================================
SM 1711 1175       324  20  1.57     0.0 206.7          M      191
================================================================================
AV 63.4 43.5                               7.7 FASTST   M    M   7    MAX(MPH)
                                 MISC ---->  # 31  10               # 40  360
================================================================================
NOTES:
# LAST OF SEVERAL OCCURRENCES

COLUMN 17 PEAK WIND IN M.P.H.

PRELIMINARY LOCAL CLIMATOLOGICAL DATA (WS FORM: F-6) , PAGE 2

                                          STATION:  FORT WORTH ALLIANCE
                                          MONTH:    MARCH
                                          YEAR:     2015
                                          LATITUDE:   32 58 N
                                          LONGITUDE:  97 19 W

[TEMPERATURE DATA]      [PRECIPITATION DATA]       SYMBOLS USED IN COLUMN 16

AVERAGE MONTHLY: 53.4   TOTAL FOR MONTH:   1.57    1 = FOG OR MIST
DPTR FM NORMAL:  -2.6   DPTR FM NORMAL:   -1.26    2 = FOG REDUCING VISIBILITY
HIGHEST:    87 ON 24    GRTST 24HR  0.38 ON  9- 9      TO 1/4 MILE OR LESS
LOWEST:     20 ON  5                               3 = THUNDER
                        SNOW, ICE PELLETS, HAIL    4 = ICE PELLETS
                        TOTAL MONTH:   0.0 INCH    5 = HAIL
                        GRTST 24HR     0.0         6 = FREEZING RAIN OR DRIZZLE
                        GRTST DEPTH:   0           7 = DUSTSTORM OR SANDSTORM:
                                                       VSBY 1/2 MILE OR LESS
                                                   8 = SMOKE OR HAZE
[NO. OF DAYS WITH]      [WEATHER - DAYS WITH]      9 = BLOWING SNOW
                                                   X = TORNADO
MAX 32 OR BELOW:   0    0.01 INCH OR MORE:  10
MAX 90 OR ABOVE:   0    0.10 INCH OR MORE:   6
MIN 32 OR BELOW:   6    0.50 INCH OR MORE:   0
MIN  0 OR BELOW:   0    1.00 INCH OR MORE:   0

[HDD (BASE 65) ]
TOTAL THIS MO.   324    CLEAR  (SCALE 0-3)   4
DPTR FM NORMAL    59    PTCLDY (SCALE 4-7)   9
TOTAL FM JUL 1  2554    CLOUDY (SCALE 8-10) 14
DPTR FM NORMAL   229

[CDD (BASE 65) ]
TOTAL THIS MO.    20
DPTR FM NORMAL    -4    [PRESSURE DATA]
TOTAL FM JAN 1    20    HIGHEST SLP M ON M
DPTR FM NORMAL   -11    LOWEST  SLP 29.71 ON 25

[REMARKS]
