000
CXUS52 KFFC 191110
CF6AHN
PRELIMINARY LOCAL CLIMATOLOGICAL DATA (WS FORM: F-6)

                                          STATION:   ATHENS
                                          MONTH:     NOVEMBER
                                          YEAR:      2017
                                          LATITUDE:   33 57 N
                                          LONGITUDE:  83 19 W

  TEMPERATURE IN F:       :PCPN:    SNOW:  WIND      :SUNSHINE: SKY     :PK WND
================================================================================
1   2   3   4   5  6A  6B    7    8   9   10  11  12  13   14  15   16   17  18
                                     12Z  AVG MX 2MIN
DY MAX MIN AVG DEP HDD CDD  WTR  SNW DPTH SPD SPD DIR MIN PSBL S-S WX    SPD DR
================================================================================

 1  75  41  58   0   7   0    T    M    0  1.6  7 170   M    M   2 1      11 170
 2  77  54  66   8   0   1 0.00  0.0    0  1.3  7 220   M    M   4        10 180
 3  82  52  67   9   0   2 0.00  0.0    0  1.8  9 260   M    M   2 1      15 260
 4  79  57  68  11   0   3 0.00  0.0    0  1.5  7 270   M    M   4        11 280
 5  79  61  70  13   0   5 0.00  0.0    0  3.4  9  90   M    M   7        13 100
 6  82  56  69  12   0   4    T  0.0    0  2.4 10 230   M    M   6        17 220
 7  84  61  73  17   0   8 0.01  0.0    0  2.6 10 240   M    M   6 3      18 240
 8  65  49  57   1   8   0 0.04  0.0    0  6.0 15  60   M    M   8        18  70
 9  52  45  49  -7  16   0 0.52  0.0    0  3.2  9  60   M    M   8        14  50
10  66  40  53  -3  12   0 0.00  0.0    0  1.8 10  80   M    M   4        13  80
11  52  38  45 -10  20   0    T    M    0  8.6 20  60   M    M   5        26  60
12  47  41  44 -11  21   0 0.43  0.0    0  4.4 13  70   M    M  10        16  60
13  65  45  55   0  10   0 0.00  0.0    0  3.1  8 310   M    M   5        12 130
14  59  41  50  -4  15   0 0.00  0.0    0  4.6 12  80   M    M   5        16  80
15  59  40  50  -4  15   0 0.00  0.0    0  2.4 10  80   M    M   4        15  90
16  71  41  56   2   9   0 0.00  0.0    0  3.8 12 310   M    M   1        18 300
17  67  34  51  -2  14   0 0.00  0.0    0  2.1 10 100   M    M   0        15 100
18  70  37  54   1  11   0 0.18  0.0    0  4.4 16 280   M    M   5 18     26 280
================================================================================
SM 1231  833       158  23  1.18     0.0  59.0          M       86
================================================================================
AV 68.4 46.3                               3.3 FASTST   M    M   5    MAX(MPH)
                                 MISC ---->  # 20  60               # 26   60
================================================================================
NOTES:
# LAST OF SEVERAL OCCURRENCES

COLUMN 17 PEAK WIND IN M.P.H.

PRELIMINARY LOCAL CLIMATOLOGICAL DATA (WS FORM: F-6) , PAGE 2

                                          STATION:  ATHENS
                                          MONTH:    NOVEMBER
                                          YEAR:     2017
                                          LATITUDE:   33 57 N
                                          LONGITUDE:  83 19 W

[TEMPERATURE DATA]      [PRECIPITATION DATA]       SYMBOLS USED IN COLUMN 16

AVERAGE MONTHLY: 57.3   TOTAL FOR MONTH:   1.18    1 = FOG OR MIST
DPTR FM NORMAL:   1.7   DPTR FM NORMAL:   -1.01    2 = FOG REDUCING VISIBILITY
HIGHEST:    84 ON  7    GRTST 24HR  0.52 ON  9- 9      TO 1/4 MILE OR LESS
LOWEST:     34 ON 17                               3 = THUNDER
                        SNOW, ICE PELLETS, HAIL    4 = ICE PELLETS
                        TOTAL MONTH:   0.0 INCH    5 = HAIL
                        GRTST 24HR     0.0         6 = FREEZING RAIN OR DRIZZLE
                        GRTST DEPTH:   0           7 = DUSTSTORM OR SANDSTORM:
                                                       VSBY 1/2 MILE OR LESS
                                                   8 = SMOKE OR HAZE
[NO. OF DAYS WITH]      [WEATHER - DAYS WITH]      9 = BLOWING SNOW
                                                   X = TORNADO
MAX 32 OR BELOW:   0    0.01 INCH OR MORE:   5
MAX 90 OR ABOVE:   0    0.10 INCH OR MORE:   3
MIN 32 OR BELOW:   0    0.50 INCH OR MORE:   1
MIN  0 OR BELOW:   0    1.00 INCH OR MORE:   0

[HDD (BASE 65) ]
TOTAL THIS MO.   158    CLEAR  (SCALE 0-3)   4
DPTR FM NORMAL   -17    PTCLDY (SCALE 4-7)  12
TOTAL FM JUL 1   292    CLOUDY (SCALE 8-10)  2
DPTR FM NORMAL   -18

[CDD (BASE 65) ]
TOTAL THIS MO.    23
DPTR FM NORMAL    18    [PRESSURE DATA]
TOTAL FM JAN 1  2019    HIGHEST SLP M ON M
DPTR FM NORMAL   137    LOWEST  SLP 29.62 ON 18

[REMARKS]
